{"id":66043,"date":"2026-03-19T08:43:50","date_gmt":"2026-03-19T08:43:50","guid":{"rendered":"https:\/\/soydeaqui.ddns.net\/pachuca\/index.php\/producto\/rack-abierto-con-montaje-para-charola-porta-cables-para-uso-como-punto-de-consolidacion-4ur-color-negro\/"},"modified":"2026-03-19T08:43:51","modified_gmt":"2026-03-19T08:43:51","slug":"rack-abierto-con-montaje-para-charola-porta-cables-para-uso-como-punto-de-consolidacion-4ur-color-negro","status":"publish","type":"product","link":"https:\/\/soydeaqui.ddns.net\/pachuca\/index.php\/producto\/rack-abierto-con-montaje-para-charola-porta-cables-para-uso-como-punto-de-consolidacion-4ur-color-negro\/","title":{"rendered":"Rack Abierto, Con Montaje para Charola Porta Cables, Para Uso Como Punto de Consolidaci\u00f3n, 4UR, Color Negro"},"content":{"rendered":"<div style='width: 100%; max-width: 1200px; margin: 0 auto; font-family: sans-serif; line-height: 1.6; color: inherit; background-color: transparent;'>\n<div style='display: flex; flex-wrap: wrap; gap: 30px; margin-bottom: 30px;'>\n<div style='flex: 1 1 300px; min-width: 280px;'>\n<h3 style='font-size: 22px; border-bottom: 2px solid currentColor; padding-bottom: 5px; margin-top: 0; color: inherit; opacity: 0.8;'>Descripci\u00f3n<\/h3>\n<p style='margin-top: 0; margin-bottom: 15px;'>Dise\u00f1ado para montarse directamente en charola tipo escalerilla o bandeja porta cables. Ofrece 4UR de f\u00e1cil instalaci\u00f3n y accesible de 19in para montaje en espacios por encima de Racks o Gabinetes sin consumir espacio adicional&comma; por lo que es ideal para su uso como distribuidores de zona en centros de datos.<\/p>\n<p style='margin-top: 0; margin-bottom: 15px;'>Se puede utilizar con Patch Panel de cobre o fibra&comma; para aumentar la densidad del cableado&comma; mejorar la instalaci\u00f3n de cables&comma; simplificar los movimientos&comma; adiciones y cambios&comma; y proporcionar cableados adicionales a Gabinetes&comma; Racks y Equipos.<\/p>\n<\/p><\/div>\n<\/p><\/div>\n<div style='display: flex; flex-wrap: wrap; gap: 30px; margin-bottom: 30px;'>\n<div style='flex: 1 1 300px; min-width: 280px;'>\n<h3 style='font-size: 22px; border-bottom: 2px solid currentColor; padding-bottom: 5px; margin-top: 0; color: inherit; opacity: 0.8;'>Caracter\u00edsticas<\/h3>\n<ul style='padding-left: 20px; font-size: 15px; color: inherit;'>\n<li style='margin-bottom: 5px;'><strong>Eficiencia t\u00e9rmica mejorada:<\/strong> Ayuda a mejorar el flujo de aire mediante la organizaci\u00f3n de cable&comma; reduciendo al m\u00ednimo la obstrucci\u00f3n de la refrigeraci\u00f3n del equipo<\/li>\n<li style='margin-bottom: 5px;'><strong>Despliegue r\u00e1pido de centros de datos:<\/strong> Se puede utilizar en combinaci\u00f3n con soluciones de cobre y fibra&comma; para reducir el tiempo de instalaci\u00f3n<\/li>\n<li style='margin-bottom: 5px;'><strong>Compatibilidad abierta:<\/strong> Montaje universal para todos los sistemas de Charola o bandejas porta cable<\/li>\n<\/ul><\/div>\n<div style='flex: 1 1 300px; min-width: 280px;'>\n<h3 style='font-size: 22px; border-bottom: 2px solid currentColor; padding-bottom: 5px; margin-top: 0; color: inherit; opacity: 0.8;'>Incluye<\/h3>\n<ul style='padding-left: 20px; font-size: 15px; color: inherit;'>\n<li style='margin-bottom: 5px;'>Accesorios de montaje<\/li>\n<li style='margin-bottom: 5px;'>4 Organizadores de cable de 1\/4 de vuelta<\/li>\n<li style='margin-bottom: 5px;'>Terminal a tierra<\/li>\n<\/ul><\/div>\n<\/p><\/div>\n<div style='display: flex; flex-wrap: wrap; gap: 20px; margin-bottom: 30px; justify-content: center;'>\n<div style='flex: 1 1 300px; max-width: 400px;'> <img style='width: 100%; height: auto; border: 1px solid rgba(150&comma;150&comma;150&comma;0.3); border-radius: 8px;' src='http:\/\/ftp3.syscom.mx\/usuarios\/fotos\/CTR0401\/90582-foto.jpg' alt=''> <\/div>\n<div style='flex: 1 1 300px; max-width: 400px;'> <img style='width: 100%; height: auto; border: 1px solid rgba(150&comma;150&comma;150&comma;0.3); border-radius: 8px;' src='http:\/\/ftp3.syscom.mx\/usuarios\/fotos\/CTR0401\/90582-foto_2.jpg' alt=''> <\/div>\n<div style='flex: 1 1 300px; max-width: 400px;'> <img style='width: 100%; height: auto; border: 1px solid rgba(150&comma;150&comma;150&comma;0.3); border-radius: 8px;' src='http:\/\/ftp3.syscom.mx\/usuarios\/fotos\/CTR0401\/90582-foto_3.jpg' alt=''> <\/div>\n<\/p><\/div>\n<\/p><\/div>\n","protected":false},"excerpt":{"rendered":"<p>Rack Abierto, Con Montaje para Charola Porta Cables, Para Uso Como Punto de Consolidaci\u00f3n, 4UR, Color Negro<\/p>\n","protected":false},"featured_media":66042,"comment_status":"open","ping_status":"closed","template":"","meta":[],"product_brand":[],"product_cat":[680],"product_tag":[660,605,600],"class_list":{"0":"post-66043","1":"product","2":"type-product","3":"status-publish","4":"has-post-thumbnail","6":"product_cat-racks-abiertos-racks-y-gabinetes","7":"product_tag-racks-abiertos","8":"product_tag-racks-y-gabinetes","9":"product_tag-siemon","11":"first","12":"outofstock","13":"sale","14":"shipping-taxable","15":"purchasable","16":"product-type-simple"},"_links":{"self":[{"href":"https:\/\/soydeaqui.ddns.net\/pachuca\/index.php\/wp-json\/wp\/v2\/product\/66043","targetHints":{"allow":["GET"]}}],"collection":[{"href":"https:\/\/soydeaqui.ddns.net\/pachuca\/index.php\/wp-json\/wp\/v2\/product"}],"about":[{"href":"https:\/\/soydeaqui.ddns.net\/pachuca\/index.php\/wp-json\/wp\/v2\/types\/product"}],"replies":[{"embeddable":true,"href":"https:\/\/soydeaqui.ddns.net\/pachuca\/index.php\/wp-json\/wp\/v2\/comments?post=66043"}],"wp:featuredmedia":[{"embeddable":true,"href":"https:\/\/soydeaqui.ddns.net\/pachuca\/index.php\/wp-json\/wp\/v2\/media\/66042"}],"wp:attachment":[{"href":"https:\/\/soydeaqui.ddns.net\/pachuca\/index.php\/wp-json\/wp\/v2\/media?parent=66043"}],"wp:term":[{"taxonomy":"product_brand","embeddable":true,"href":"https:\/\/soydeaqui.ddns.net\/pachuca\/index.php\/wp-json\/wp\/v2\/product_brand?post=66043"},{"taxonomy":"product_cat","embeddable":true,"href":"https:\/\/soydeaqui.ddns.net\/pachuca\/index.php\/wp-json\/wp\/v2\/product_cat?post=66043"},{"taxonomy":"product_tag","embeddable":true,"href":"https:\/\/soydeaqui.ddns.net\/pachuca\/index.php\/wp-json\/wp\/v2\/product_tag?post=66043"}],"curies":[{"name":"wp","href":"https:\/\/api.w.org\/{rel}","templated":true}]}}