{"id":66027,"date":"2026-03-19T08:43:10","date_gmt":"2026-03-19T08:43:10","guid":{"rendered":"https:\/\/soydeaqui.ddns.net\/pachuca\/index.php\/producto\/jumper-flexible-de-baja-perdida-para-equipos-inalambricos-hasta-7-ghz-sma-macho-inverso-a-n-macho-60-cm\/"},"modified":"2026-03-19T08:43:14","modified_gmt":"2026-03-19T08:43:14","slug":"jumper-flexible-de-baja-perdida-para-equipos-inalambricos-hasta-7-ghz-sma-macho-inverso-a-n-macho-60-cm","status":"publish","type":"product","link":"https:\/\/soydeaqui.ddns.net\/pachuca\/index.php\/producto\/jumper-flexible-de-baja-perdida-para-equipos-inalambricos-hasta-7-ghz-sma-macho-inverso-a-n-macho-60-cm\/","title":{"rendered":"Jumper flexible de baja p\u00e9rdida para equipos inal\u00e1mbricos hasta 7 GHz SMA-Macho Inverso a N-Macho, 60 cm"},"content":{"rendered":"<div style='width: 100%; max-width: 1200px; margin: 0 auto; font-family: sans-serif; line-height: 1.6; color: inherit; background-color: transparent;'> <!-- Secci\u00f3n de descripci\u00f3n general --> <\/p>\n<div style='margin-bottom: 30px;'>\n<h2 style='font-size: 24px; border-bottom: 2px solid currentColor; padding-bottom: 5px; margin-top: 0; color: inherit; opacity: 0.9;'>Descripci\u00f3n General<\/h2>\n<p style='font-size: 15px; color: inherit; margin-top: 10px;'> Jumper de alto desempe\u00f1o dise\u00f1ado para aplicaciones de telecomunicaciones de hasta 7 GHz&comma; fabricado con cable LMR400 de Times Microwave para asegurar el m\u00e1ximo desempe\u00f1o. Ideal para redes inal\u00e1mbricas y radiocomunicaci\u00f3n en ambientes interiores y exteriores. <\/p>\n<\/p><\/div>\n<p> <!-- Secci\u00f3n de caracter\u00edsticas principales --> <\/p>\n<div style='display: flex; flex-wrap: wrap; gap: 30px; margin-bottom: 30px;'>\n<div style='flex: 1 1 300px; min-width: 280px;'>\n<h3 style='font-size: 22px; border-bottom: 2px solid currentColor; padding-bottom: 5px; margin-top: 0; color: inherit; opacity: 0.8;'>Caracter\u00edsticas Principales<\/h3>\n<ul style='padding-left: 20px; font-size: 15px; color: inherit; margin-top: 10px;'>\n<li style='margin-bottom: 5px;'>Cable de baja p\u00e9rdida<\/li>\n<li style='margin-bottom: 5px;'>Construcci\u00f3n con materiales de alta calidad<\/li>\n<li style='margin-bottom: 5px;'>Dise\u00f1ado para uso en interior y exterior<\/li>\n<li style='margin-bottom: 5px;'>Ideal para aplicaciones de redes inal\u00e1mbricas y radiocomunicaci\u00f3n<\/li>\n<li style='margin-bottom: 5px;'>Conectores SMA-Macho Inverso a N-Macho<\/li>\n<li style='margin-bottom: 5px;'>Longitud: 60 cm<\/li>\n<li style='margin-bottom: 5px;'>Garant\u00eda de por vida contra defectos de f\u00e1brica<\/li>\n<\/ul><\/div>\n<p> <!-- Secci\u00f3n de especificaciones el\u00e9ctricas --> <\/p>\n<div style='flex: 1 1 300px; min-width: 280px;'>\n<h3 style='font-size: 22px; border-bottom: 2px solid currentColor; padding-bottom: 5px; margin-top: 0; color: inherit; opacity: 0.8;'>Especificaciones El\u00e9ctricas<\/h3>\n<ul style='padding-left: 20px; font-size: 15px; color: inherit; margin-top: 10px;'>\n<li style='margin-bottom: 5px;'><strong>Impedancia:<\/strong> 50\u03a9<\/li>\n<li style='margin-bottom: 5px;'><strong>Rango de frecuencia:<\/strong> 0-7GHz<\/li>\n<li style='margin-bottom: 5px;'><strong>Blindaje:<\/strong> Aluminio y cobre trenzado<\/li>\n<li style='margin-bottom: 5px;'><strong>Frecuencia de corte:<\/strong> 16.2 GHz<\/li>\n<li style='margin-bottom: 5px;'><strong>Velocidad de propagaci\u00f3n:<\/strong> 85%<\/li>\n<li style='margin-bottom: 5px;'><strong>Manejo m\u00e1ximo de voltaje:<\/strong> 2&comma;500 Vcd<\/li>\n<li style='margin-bottom: 5px;'><strong>Potencia pico:<\/strong> 16 kW<\/li>\n<li style='margin-bottom: 5px;'><strong>Resistencia al DC:<\/strong> Conductor interno: 1.39\/1&comma;000&#8217;\/4.56\/km&comma; Conductor externo: 1.65\/1&comma;000&#8217;\/5.41\/km<\/li>\n<li style='margin-bottom: 5px;'><strong>Spark recubrimiento:<\/strong> 8&comma;000 Vrms<\/li>\n<li style='margin-bottom: 5px;'><strong>Capacitancia:<\/strong> 23.9 pF\/ft\/78.40 pF\/m<\/li>\n<\/ul><\/div>\n<\/p><\/div>\n<p> <!-- Secci\u00f3n de especificaciones mec\u00e1nicas --> <\/p>\n<div style='display: flex; flex-wrap: wrap; gap: 30px; margin-bottom: 30px;'>\n<div style='flex: 1 1 300px; min-width: 280px;'>\n<h3 style='font-size: 22px; border-bottom: 2px solid currentColor; padding-bottom: 5px; margin-top: 0; color: inherit; opacity: 0.8;'>Especificaciones Mec\u00e1nicas<\/h3>\n<ul style='padding-left: 20px; font-size: 15px; color: inherit; margin-top: 10px;'>\n<li style='margin-bottom: 5px;'><strong>Inductancia:<\/strong> 0.060 uH\/ft\/0.20 uH\/m<\/li>\n<li style='margin-bottom: 5px;'><strong>Efectividad de blindaje:<\/strong> >90 dB<\/li>\n<li style='margin-bottom: 5px;'><strong>Radio m\u00ednimo de doblado:<\/strong> 1.0&#8217;\/25.4 mm<\/li>\n<li style='margin-bottom: 5px;'><strong>Momento de doblado:<\/strong> 0.5 lb-ft\/0.68 N-m<\/li>\n<li style='margin-bottom: 5px;'><strong>Peso:<\/strong> 0.068 lb\/ft\/0.10 kg\/mt<\/li>\n<li style='margin-bottom: 5px;'><strong>Resistencia a la tensi\u00f3n:<\/strong> 160 lb\/72.6 kg<\/li>\n<li style='margin-bottom: 5px;'><strong>Prueba de aplastamiento:<\/strong> 40 lb\/0.71 kg\/mm<\/li>\n<li style='margin-bottom: 5px;'><strong>Estabilidad de fase:<\/strong> <10 ppm\/\u00baC<\/li>\n<\/ul><\/div>\n<p> <!-- Secci\u00f3n de especificaciones ambientales --> <\/p>\n<div style='flex: 1 1 300px; min-width: 280px;'>\n<h3 style='font-size: 22px; border-bottom: 2px solid currentColor; padding-bottom: 5px; margin-top: 0; color: inherit; opacity: 0.8;'>Especificaciones Ambientales<\/h3>\n<ul style='padding-left: 20px; font-size: 15px; color: inherit; margin-top: 10px;'>\n<li style='margin-bottom: 5px;'><strong>Rango temperatura instalaci\u00f3n:<\/strong> -40\/185\u00baF\/-40\/85\u00baC<\/li>\n<li style='margin-bottom: 5px;'><strong>Rango temperatura almacenamiento:<\/strong> -94\/185\u00baF\/-70\/85\u00baC<\/li>\n<li style='margin-bottom: 5px;'><strong>Rango temperatura operaci\u00f3n:<\/strong> -40\/185\u00baF\/-40\/85\u00baC<\/li>\n<\/ul><\/div>\n<\/p><\/div>\n<p> <!-- Tabla de rendimiento --> <\/p>\n<div style='margin-bottom: 30px;'>\n<h3 style='font-size: 22px; border-bottom: 2px solid currentColor; padding-bottom: 5px; margin-top: 0; color: inherit; opacity: 0.8;'>Rendimiento Comparativo<\/h3>\n<div style='overflow-x: auto; margin-top: 15px;'>\n<table style='width: 100%; border-collapse: collapse; margin-top: 10px; font-size: 14px; color: inherit;'>\n<thead>\n<tr style='background-color: rgba(150&comma; 150&comma; 150&comma; 0.1);'>\n<th style='padding: 10px; border: 1px solid rgba(150&comma;150&comma;150&comma;0.3); text-align: left;'>Frecuencia (MHz)<\/th>\n<th style='padding: 10px; border: 1px solid rgba(150&comma;150&comma;150&comma;0.3); text-align: left;'>P\u00e9rdida de Cable (dB)<\/th>\n<th style='padding: 10px; border: 1px solid rgba(150&comma;150&comma;150&comma;0.3); text-align: left;'>Atenuaci\u00f3n (dB)<\/th>\n<th style='padding: 10px; border: 1px solid rgba(150&comma;150&comma;150&comma;0.3); text-align: left;'>Eficiencia (%)<\/th>\n<th style='padding: 10px; border: 1px solid rgba(150&comma;150&comma;150&comma;0.3); text-align: left;'>Linkedpro<\/th>\n<th style='padding: 10px; border: 1px solid rgba(150&comma;150&comma;150&comma;0.3); text-align: left;'>Otros<\/th>\n<\/tr>\n<\/thead>\n<tbody>\n<tr>\n<td style='padding: 10px; border: 1px solid rgba(150&comma;150&comma;150&comma;0.3);'>900<\/td>\n<td style='padding: 10px; border: 1px solid rgba(150&comma;150&comma;150&comma;0.3);'>0.1<\/td>\n<td style='padding: 10px; border: 1px solid rgba(150&comma;150&comma;150&comma;0.3);'>0.1<\/td>\n<td style='padding: 10px; border: 1px solid rgba(150&comma;150&comma;150&comma;0.3);'>98.2<\/td>\n<td style='padding: 10px; border: 1px solid rgba(150&comma;150&comma;150&comma;0.3);'>0.2<\/td>\n<td style='padding: 10px; border: 1px solid rgba(150&comma;150&comma;150&comma;0.3);'>94.6<\/td>\n<\/tr>\n<tr>\n<td style='padding: 10px; border: 1px solid rgba(150&comma;150&comma;150&comma;0.3);'>2400<\/td>\n<td style='padding: 10px; border: 1px solid rgba(150&comma;150&comma;150&comma;0.3);'>0.1<\/td>\n<td style='padding: 10px; border: 1px solid rgba(150&comma;150&comma;150&comma;0.3);'>0.4<\/td>\n<td style='padding: 10px; border: 1px solid rgba(150&comma;150&comma;150&comma;0.3);'>97<\/td>\n<td style='padding: 10px; border: 1px solid rgba(150&comma;150&comma;150&comma;0.3);'>0.5<\/td>\n<td style='padding: 10px; border: 1px solid rgba(150&comma;150&comma;150&comma;0.3);'>90<\/td>\n<\/tr>\n<tr>\n<td style='padding: 10px; border: 1px solid rgba(150&comma;150&comma;150&comma;0.3);'>3000<\/td>\n<td style='padding: 10px; border: 1px solid rgba(150&comma;150&comma;150&comma;0.3);'>0.1<\/td>\n<td style='padding: 10px; border: 1px solid rgba(150&comma;150&comma;150&comma;0.3);'>0.5<\/td>\n<td style='padding: 10px; border: 1px solid rgba(150&comma;150&comma;150&comma;0.3);'>96.6<\/td>\n<td style='padding: 10px; border: 1px solid rgba(150&comma;150&comma;150&comma;0.3);'>0.6<\/td>\n<td style='padding: 10px; border: 1px solid rgba(150&comma;150&comma;150&comma;0.3);'>89.6<\/td>\n<\/tr>\n<tr>\n<td style='padding: 10px; border: 1px solid rgba(150&comma;150&comma;150&comma;0.3);'>4900<\/td>\n<td style='padding: 10px; border: 1px solid rgba(150&comma;150&comma;150&comma;0.3);'>0.2<\/td>\n<td style='padding: 10px; border: 1px solid rgba(150&comma;150&comma;150&comma;0.3);'>0.6<\/td>\n<td style='padding: 10px; border: 1px solid rgba(150&comma;150&comma;150&comma;0.3);'>95.6<\/td>\n<td style='padding: 10px; border: 1px solid rgba(150&comma;150&comma;150&comma;0.3);'>0.8<\/td>\n<td style='padding: 10px; border: 1px solid rgba(150&comma;150&comma;150&comma;0.3);'>86.4<\/td>\n<\/tr>\n<tr>\n<td style='padding: 10px; border: 1px solid rgba(150&comma;150&comma;150&comma;0.3);'>5800<\/td>\n<td style='padding: 10px; border: 1px solid rgba(150&comma;150&comma;150&comma;0.3);'>0.2<\/td>\n<td style='padding: 10px; border: 1px solid rgba(150&comma;150&comma;150&comma;0.3);'>0.7<\/td>\n<td style='padding: 10px; border: 1px solid rgba(150&comma;150&comma;150&comma;0.3);'>95.1<\/td>\n<td style='padding: 10px; border: 1px solid rgba(150&comma;150&comma;150&comma;0.3);'>0.9<\/td>\n<td style='padding: 10px; border: 1px solid rgba(150&comma;150&comma;150&comma;0.3);'>85.1<\/td>\n<\/tr>\n<tr>\n<td style='padding: 10px; border: 1px solid rgba(150&comma;150&comma;150&comma;0.3);'>6100<\/td>\n<td style='padding: 10px; border: 1px solid rgba(150&comma;150&comma;150&comma;0.3);'>0.2<\/td>\n<td style='padding: 10px; border: 1px solid rgba(150&comma;150&comma;150&comma;0.3);'>0.7<\/td>\n<td style='padding: 10px; border: 1px solid rgba(150&comma;150&comma;150&comma;0.3);'>95<\/td>\n<td style='padding: 10px; border: 1px solid rgba(150&comma;150&comma;150&comma;0.3);'>0.9<\/td>\n<td style='padding: 10px; border: 1px solid rgba(150&comma;150&comma;150&comma;0.3);'>84.7<\/td>\n<\/tr>\n<tr>\n<td style='padding: 10px; border: 1px solid rgba(150&comma;150&comma;150&comma;0.3);'>7000<\/td>\n<td style='padding: 10px; border: 1px solid rgba(150&comma;150&comma;150&comma;0.3);'>0.2<\/td>\n<td style='padding: 10px; border: 1px solid rgba(150&comma;150&comma;150&comma;0.3);'>0.8<\/td>\n<td style='padding: 10px; border: 1px solid rgba(150&comma;150&comma;150&comma;0.3);'>94.6<\/td>\n<td style='padding: 10px; border: 1px solid rgba(150&comma;150&comma;150&comma;0.3);'>0.9<\/td>\n<td style='padding: 10px; border: 1px solid rgba(150&comma;150&comma;150&comma;0.3);'>83.5<\/td>\n<\/tr>\n<\/tbody>\n<\/table><\/div>\n<\/p><\/div>\n<p> <!-- Secci\u00f3n de construcci\u00f3n --> <\/p>\n<div style='margin-bottom: 30px;'>\n<h3 style='font-size: 22px; border-bottom: 2px solid currentColor; padding-bottom: 5px; margin-top: 0; color: inherit; opacity: 0.8;'>Construcci\u00f3n<\/h3>\n<ul style='padding-left: 20px; font-size: 15px; color: inherit; margin-top: 10px;'>\n<li style='margin-bottom: 5px;'><strong>Conductor interno:<\/strong> BCCAI s\u00f3lido&comma; medidas: 0.108&#8217;\/2.74 mm<\/li>\n<li style='margin-bottom: 5px;'><strong>Diel\u00e9ctrico:<\/strong> espuma polietileno&comma; medidas: 0.285&#8217;\/7.24 mm<\/li>\n<li style='margin-bottom: 5px;'><strong>Conductor externo:<\/strong> cinta de aluminio&comma; medidas: 0.291&#8217;\/7.39 mm<\/li>\n<li style='margin-bottom: 5px;'><strong>Recubrimiento de malla:<\/strong> cobre esta\u00f1o&comma; medidas: 0.320&#8217;\/8.13 mm<\/li>\n<li style='margin-bottom: 5px;'><strong>Recubrimiento externo:<\/strong> polietileno&comma; medidas: 0.405&#8217;\/10.29 mm<\/li>\n<\/ul><\/div>\n<p> <!-- Separador --> <\/p>\n<hr style='border: 0; border-top: 1px solid rgba(150&comma; 150&comma; 150&comma; 0.3); margin: 30px 0;'> <\/div>\n","protected":false},"excerpt":{"rendered":"<p>Jumper flexible de baja p\u00e9rdida para equipos inal\u00e1mbricos hasta 7 GHz SMA-Macho Inverso a N-Macho, 60 cm<\/p>\n","protected":false},"featured_media":66026,"comment_status":"open","ping_status":"closed","template":"","meta":[],"product_brand":[],"product_cat":[1520],"product_tag":[138,1521,435],"class_list":{"0":"post-66027","1":"product","2":"type-product","3":"status-publish","4":"has-post-thumbnail","6":"product_cat-jumpers","7":"product_tag-cables","8":"product_tag-jumpers","9":"product_tag-linkedpro-by-epcom","11":"first","12":"outofstock","13":"sale","14":"shipping-taxable","15":"purchasable","16":"product-type-simple"},"_links":{"self":[{"href":"https:\/\/soydeaqui.ddns.net\/pachuca\/index.php\/wp-json\/wp\/v2\/product\/66027","targetHints":{"allow":["GET"]}}],"collection":[{"href":"https:\/\/soydeaqui.ddns.net\/pachuca\/index.php\/wp-json\/wp\/v2\/product"}],"about":[{"href":"https:\/\/soydeaqui.ddns.net\/pachuca\/index.php\/wp-json\/wp\/v2\/types\/product"}],"replies":[{"embeddable":true,"href":"https:\/\/soydeaqui.ddns.net\/pachuca\/index.php\/wp-json\/wp\/v2\/comments?post=66027"}],"wp:featuredmedia":[{"embeddable":true,"href":"https:\/\/soydeaqui.ddns.net\/pachuca\/index.php\/wp-json\/wp\/v2\/media\/66026"}],"wp:attachment":[{"href":"https:\/\/soydeaqui.ddns.net\/pachuca\/index.php\/wp-json\/wp\/v2\/media?parent=66027"}],"wp:term":[{"taxonomy":"product_brand","embeddable":true,"href":"https:\/\/soydeaqui.ddns.net\/pachuca\/index.php\/wp-json\/wp\/v2\/product_brand?post=66027"},{"taxonomy":"product_cat","embeddable":true,"href":"https:\/\/soydeaqui.ddns.net\/pachuca\/index.php\/wp-json\/wp\/v2\/product_cat?post=66027"},{"taxonomy":"product_tag","embeddable":true,"href":"https:\/\/soydeaqui.ddns.net\/pachuca\/index.php\/wp-json\/wp\/v2\/product_tag?post=66027"}],"curies":[{"name":"wp","href":"https:\/\/api.w.org\/{rel}","templated":true}]}}