{"id":66,"date":"2026-03-18T05:35:37","date_gmt":"2026-03-18T05:35:37","guid":{"rendered":"https:\/\/soydeaqui.ddns.net\/pachuca\/index.php\/producto\/certificacion-avanzada-en-programacion-de-panel-de-intrusion-e-incendio-vista128fbpt\/"},"modified":"2026-03-18T05:35:37","modified_gmt":"2026-03-18T05:35:37","slug":"certificacion-avanzada-en-programacion-de-panel-de-intrusion-e-incendio-vista128fbpt","status":"publish","type":"product","link":"https:\/\/soydeaqui.ddns.net\/pachuca\/index.php\/producto\/certificacion-avanzada-en-programacion-de-panel-de-intrusion-e-incendio-vista128fbpt\/","title":{"rendered":"Certificaci\u00f3n Avanzada en Programaci\u00f3n de panel de Intrusi\u00f3n e Incendio VISTA128FBPT"},"content":{"rendered":"<h3 class=\"text-info-emphasis\" style=\"box-sizing: border-box; margin-top: 0px; margin-bottom: 0.5rem; font-weight: 500; line-height: 1.2; font-size: 1.75rem; letter-spacing: -0.02em; font-family: Inter&comma; Arial&comma; Helvetica&comma; sans-serif; background-color: #e9ecef; color: #055160 !important;\">Descripci&oacute;n<\/h3>\n<p style=\"box-sizing: border-box; margin-top: 0px; margin-bottom: 1rem; letter-spacing: 0.01em; color: #212529; font-family: Inter&comma; Arial&comma; Helvetica&comma; sans-serif; font-size: 16px; background-color: #e9ecef;\">Conozca la forma m&aacute;s f&aacute;cil de integrar equipo contra Incendio e Intrusi&oacute;n en un mismo Panel<br style=\"box-sizing: border-box;\" \/><br style=\"box-sizing: border-box;\" \/><\/p>\n<hr style=\"box-sizing: border-box; margin: 1rem 0px; color: inherit; border-width: 0.8px 0px 0px; border-image: initial; opacity: 0.25; font-family: Inter&comma; Arial&comma; Helvetica&comma; sans-serif; font-size: 16px; background-color: #e9ecef; border-color: #212529 initial initial initial; border-style: solid initial initial initial;\" \/>\n<h3 class=\"text-info-emphasis\" style=\"box-sizing: border-box; margin-top: 0px; margin-bottom: 0.5rem; font-weight: 500; line-height: 1.2; font-size: 1.75rem; letter-spacing: -0.02em; font-family: Inter&comma; Arial&comma; Helvetica&comma; sans-serif; background-color: #e9ecef; color: #055160 !important;\">A qui&eacute;n est&aacute; dirigido<\/h3>\n<p style=\"box-sizing: border-box; margin-top: 0px; margin-bottom: 1rem; letter-spacing: 0.01em; color: #212529; font-family: Inter&comma; Arial&comma; Helvetica&comma; sans-serif; font-size: 16px; background-color: #e9ecef;\">A todos los distribuidores SYSCOM que hayan tomado el Curso B&aacute;sico de Alarmas Electr&oacute;nicas y a todos aquellos instaladores que ya se encuentran involucrados en la programaci&oacute;n e instalaci&oacute;n de sistemas de intrusi&oacute;n<br style=\"box-sizing: border-box;\" \/><br style=\"box-sizing: border-box;\" \/><\/p>\n<hr style=\"box-sizing: border-box; margin: 1rem 0px; color: inherit; border-width: 0.8px 0px 0px; border-image: initial; opacity: 0.25; font-family: Inter&comma; Arial&comma; Helvetica&comma; sans-serif; font-size: 16px; background-color: #e9ecef; border-color: #212529 initial initial initial; border-style: solid initial initial initial;\" \/>\n<h3 class=\"text-info-emphasis\" style=\"box-sizing: border-box; margin-top: 0px; margin-bottom: 0.5rem; font-weight: 500; line-height: 1.2; font-size: 1.75rem; letter-spacing: -0.02em; font-family: Inter&comma; Arial&comma; Helvetica&comma; sans-serif; background-color: #e9ecef; color: #055160 !important;\">Objetivo<\/h3>\n<p style=\"box-sizing: border-box; margin-top: 0px; margin-bottom: 1rem; letter-spacing: 0.01em; color: #212529; font-family: Inter&comma; Arial&comma; Helvetica&comma; sans-serif; font-size: 16px; background-color: #e9ecef;\">Al terminar el curso&comma; el participante tendr&aacute; los conocimientos necesarios para poder realizar una programaci&oacute;n avanzada en el panel VISTA128FBPT<br style=\"box-sizing: border-box;\" \/><br style=\"box-sizing: border-box;\" \/><\/p>\n<hr style=\"box-sizing: border-box; margin: 1rem 0px; color: inherit; border-width: 0.8px 0px 0px; border-image: initial; opacity: 0.25; font-family: Inter&comma; Arial&comma; Helvetica&comma; sans-serif; font-size: 16px; background-color: #e9ecef; border-color: #212529 initial initial initial; border-style: solid initial initial initial;\" \/>\n<h3 class=\"text-info-emphasis\" style=\"box-sizing: border-box; margin-top: 0px; margin-bottom: 0.5rem; font-weight: 500; line-height: 1.2; font-size: 1.75rem; letter-spacing: -0.02em; font-family: Inter&comma; Arial&comma; Helvetica&comma; sans-serif; background-color: #e9ecef; color: #055160 !important;\">Temario<\/h3>\n<p class=\"two-col-responsive shadow-sm rounded p-3 bg-temario-info\" style=\"box-sizing: border-box; margin-top: 0px; margin-bottom: 1rem; letter-spacing: 0.01em; background-color: #f7fbff; background-image: linear-gradient(135deg&comma; #f7fbff 0%&comma; #f4f7fb 100%); column-count: 3; column-gap: 20px; color: #212529; font-family: Inter&comma; Arial&comma; Helvetica&comma; sans-serif; font-size: 16px; box-shadow: rgba(0&comma; 0&comma; 0&comma; 0.075) 0px 0.125rem 0.25rem !important; padding: 1rem !important; border-radius: 6px !important;\">-Caracter&iacute;sticas Principales del panel VISTA128FBPT<br style=\"box-sizing: border-box;\" \/>-Conexi&oacute;n de Sensores y dispositivos perif&eacute;ricos<\/p>\n","protected":false},"excerpt":{"rendered":"<p>Certificaci\u00f3n Avanzada en Programaci\u00f3n de panel de Intrusi\u00f3n e Incendio VISTA128FBPT<\/p>\n","protected":false},"featured_media":32,"comment_status":"open","ping_status":"closed","template":"","meta":[],"product_brand":[],"product_cat":[60],"product_tag":[61,63,62],"class_list":{"0":"post-66","1":"product","2":"type-product","3":"status-publish","4":"has-post-thumbnail","6":"product_cat-todos","7":"product_tag-paneles-de-alarma","8":"product_tag-syscom","9":"product_tag-todos","11":"first","12":"outofstock","13":"sale","14":"shipping-taxable","15":"purchasable","16":"product-type-simple"},"_links":{"self":[{"href":"https:\/\/soydeaqui.ddns.net\/pachuca\/index.php\/wp-json\/wp\/v2\/product\/66","targetHints":{"allow":["GET"]}}],"collection":[{"href":"https:\/\/soydeaqui.ddns.net\/pachuca\/index.php\/wp-json\/wp\/v2\/product"}],"about":[{"href":"https:\/\/soydeaqui.ddns.net\/pachuca\/index.php\/wp-json\/wp\/v2\/types\/product"}],"replies":[{"embeddable":true,"href":"https:\/\/soydeaqui.ddns.net\/pachuca\/index.php\/wp-json\/wp\/v2\/comments?post=66"}],"wp:featuredmedia":[{"embeddable":true,"href":"https:\/\/soydeaqui.ddns.net\/pachuca\/index.php\/wp-json\/wp\/v2\/media\/32"}],"wp:attachment":[{"href":"https:\/\/soydeaqui.ddns.net\/pachuca\/index.php\/wp-json\/wp\/v2\/media?parent=66"}],"wp:term":[{"taxonomy":"product_brand","embeddable":true,"href":"https:\/\/soydeaqui.ddns.net\/pachuca\/index.php\/wp-json\/wp\/v2\/product_brand?post=66"},{"taxonomy":"product_cat","embeddable":true,"href":"https:\/\/soydeaqui.ddns.net\/pachuca\/index.php\/wp-json\/wp\/v2\/product_cat?post=66"},{"taxonomy":"product_tag","embeddable":true,"href":"https:\/\/soydeaqui.ddns.net\/pachuca\/index.php\/wp-json\/wp\/v2\/product_tag?post=66"}],"curies":[{"name":"wp","href":"https:\/\/api.w.org\/{rel}","templated":true}]}}