{"id":6598,"date":"2026-03-18T06:45:07","date_gmt":"2026-03-18T06:45:07","guid":{"rendered":"https:\/\/soydeaqui.ddns.net\/pachuca\/index.php\/producto\/powpak-plug-in-dimming-modulo-300w\/"},"modified":"2026-03-18T06:45:08","modified_gmt":"2026-03-18T06:45:08","slug":"powpak-plug-in-dimming-modulo-300w","status":"publish","type":"product","link":"https:\/\/soydeaqui.ddns.net\/pachuca\/index.php\/producto\/powpak-plug-in-dimming-modulo-300w\/","title":{"rendered":"PowPak plug-in dimming modulo 300W"},"content":{"rendered":"<div style='width: 100%; max-width: 1200px; margin: 0 auto; font-family: sans-serif; line-height: 1.6; color: inherit; background-color: transparent;'> <!-- Secci\u00f3n de introducci\u00f3n --> <\/p>\n<div style='margin-bottom: 30px;'>\n<h2 style='font-size: 24px; margin-top: 0; color: inherit; opacity: 0.9;'>PowPak plug-in dimming modulo 300W<\/h2>\n<p style='margin-top: 15px; margin-bottom: 15px; color: inherit; font-size: 15px;'> <strong>\u00bfNecesita controlar iluminaci\u00f3n de tareas visuales?<\/strong><br \/> M\u00f3dulo atenuador enchufable. <\/p>\n<p style='margin-top: 15px; margin-bottom: 15px; color: inherit; font-size: 15px;'> <strong>C\u00f3mo dise\u00f1ar y especificar:<\/strong><br \/> M\u00f3dulo atenuador enchufables.<br \/> <strong>MRF2-3PD-1-WH:<\/strong> Un recept\u00e1culo&comma; 300 Vatios&comma; incandescente\/hal\u00f3gena&comma; 120V.<br \/> <strong>MRF2-3PD-30-WH:<\/strong> Tres recept\u00e1culos&comma; 300 Vatios&comma; incandescente\/hal\u00f3gena&comma; 120V. <\/p>\n<\/p><\/div>\n<p> <!-- Secci\u00f3n de caracter\u00edsticas --> <\/p>\n<div style='display: flex; flex-wrap: wrap; gap: 30px; margin-bottom: 30px;'>\n<div style='flex: 1 1 300px; min-width: 280px;'>\n<h3 style='font-size: 22px; border-bottom: 2px solid currentColor; padding-bottom: 5px; margin-top: 0; color: inherit; opacity: 0.8;'>Caracter\u00edsticas principales<\/h3>\n<ul style='padding-left: 20px; font-size: 15px; color: inherit;'>\n<li style='margin-bottom: 5px;'>M\u00f3dulo enchufable de 300W para iluminaci\u00f3n espec\u00edfica<\/li>\n<li style='margin-bottom: 5px;'>Controla hasta tres l\u00e1mparas hal\u00f3genas\/incandescentes&comma; 300W<\/li>\n<li style='margin-bottom: 5px;'>Opciones de atenuador de 1 y 3 recept\u00e1culos<\/li>\n<li style='margin-bottom: 5px;'>Dise\u00f1o compacto para control discreto de l\u00e1mparas<\/li>\n<li style='margin-bottom: 5px;'>Voltaje de operaci\u00f3n: 120V en todas las variantes<\/li>\n<\/ul><\/div>\n<p> <!-- Secci\u00f3n de selecci\u00f3n --> <\/p>\n<div style='flex: 1 1 300px; min-width: 280px;'>\n<h3 style='font-size: 22px; border-bottom: 2px solid currentColor; padding-bottom: 5px; margin-top: 0; color: inherit; opacity: 0.8;'>Gu\u00eda de selecci\u00f3n<\/h3>\n<ul style='padding-left: 20px; font-size: 15px; color: inherit;'>\n<li style='margin-bottom: 5px;'>Seleccione si desea controlar la l\u00e1mpara pero desea ocultar el control<\/li>\n<li style='margin-bottom: 5px;'>Seleccione un atenuador de mesa de 1 recept\u00e1culo si desea controlar una sola l\u00e1mpara hal\u00f3gena\/incandescente con una carga m\u00e1xima de 300 Vatios<\/li>\n<li style='margin-bottom: 5px;'>Seleccione un atenuador de mesa de 3 recept\u00e1culos si desea controlar hasta tres l\u00e1mparas hal\u00f3gena\/incandescente con una carga m\u00e1xima de 300 Vatios<\/li>\n<\/ul><\/div>\n<\/p><\/div>\n<p> <!-- Secci\u00f3n de especificaciones --> <\/p>\n<div style='display: flex; flex-wrap: wrap; gap: 20px; margin-bottom: 30px;'>\n<div style='flex: 1 1 250px; border: 1px solid rgba(150&comma; 150&comma; 150&comma; 0.4); border-radius: 8px; overflow: hidden; display: flex; flex-direction: column;'>\n<div style='padding: 15px; border-bottom: 1px solid rgba(150&comma; 150&comma; 150&comma; 0.2); font-weight: bold; font-size: 18px; color: inherit;'>Modelos Disponibles<\/div>\n<div style='padding: 15px; color: inherit;'>\n<ul style='padding-left: 20px; margin: 0; font-size: 14px; list-style-type: disc; color: inherit;'>\n<li style='margin-bottom: 5px; color: inherit;'><strong>MRF2-3PD-1-WH:<\/strong> Un recept\u00e1culo&comma; 300 Vatios&comma; incandescente\/hal\u00f3gena&comma; 120V<\/li>\n<li style='margin-bottom: 5px; color: inherit;'><strong>MRF2-3PD-30-WH:<\/strong> Tres recept\u00e1culos&comma; 300 Vatios&comma; incandescente\/hal\u00f3gena&comma; 120V<\/li>\n<\/ul><\/div>\n<\/p><\/div>\n<div style='flex: 1 1 250px; border: 1px solid rgba(150&comma; 150&comma; 150&comma; 0.4); border-radius: 8px; overflow: hidden; display: flex; flex-direction: column;'>\n<div style='padding: 15px; border-bottom: 1px solid rgba(150&comma; 150&comma; 150&comma; 0.2); font-weight: bold; font-size: 18px; color: inherit;'>Especificaciones T\u00e9cnicas<\/div>\n<div style='padding: 15px; color: inherit;'>\n<ul style='padding-left: 20px; margin: 0; font-size: 14px; list-style-type: disc; color: inherit;'>\n<li style='margin-bottom: 5px; color: inherit;'><strong>Potencia:<\/strong> 300 Vatios<\/li>\n<li style='margin-bottom: 5px; color: inherit;'><strong>Tipo de carga:<\/strong> Incandescente\/Hal\u00f3gena<\/li>\n<li style='margin-bottom: 5px; color: inherit;'><strong>Voltaje:<\/strong> 120V<\/li>\n<\/ul><\/div>\n<\/p><\/div>\n<\/p><\/div>\n<p> <!-- Separador --> <\/p>\n<hr style='border: 0; border-top: 1px solid rgba(150&comma; 150&comma; 150&comma; 0.3); margin: 30px 0;'> <\/div>\n","protected":false},"excerpt":{"rendered":"<p>PowPak plug-in dimming modulo 300W<\/p>\n","protected":false},"featured_media":6597,"comment_status":"open","ping_status":"closed","template":"","meta":[],"product_brand":[],"product_cat":[34],"product_tag":[30,35,36],"class_list":{"0":"post-6598","1":"product","2":"type-product","3":"status-publish","4":"has-post-thumbnail","6":"product_cat-lutron","7":"product_tag-automatizacion-casa-inteligente","8":"product_tag-lutron","9":"product_tag-lutron-electronics","11":"first","12":"instock","13":"sale","14":"shipping-taxable","15":"purchasable","16":"product-type-simple"},"_links":{"self":[{"href":"https:\/\/soydeaqui.ddns.net\/pachuca\/index.php\/wp-json\/wp\/v2\/product\/6598","targetHints":{"allow":["GET"]}}],"collection":[{"href":"https:\/\/soydeaqui.ddns.net\/pachuca\/index.php\/wp-json\/wp\/v2\/product"}],"about":[{"href":"https:\/\/soydeaqui.ddns.net\/pachuca\/index.php\/wp-json\/wp\/v2\/types\/product"}],"replies":[{"embeddable":true,"href":"https:\/\/soydeaqui.ddns.net\/pachuca\/index.php\/wp-json\/wp\/v2\/comments?post=6598"}],"wp:featuredmedia":[{"embeddable":true,"href":"https:\/\/soydeaqui.ddns.net\/pachuca\/index.php\/wp-json\/wp\/v2\/media\/6597"}],"wp:attachment":[{"href":"https:\/\/soydeaqui.ddns.net\/pachuca\/index.php\/wp-json\/wp\/v2\/media?parent=6598"}],"wp:term":[{"taxonomy":"product_brand","embeddable":true,"href":"https:\/\/soydeaqui.ddns.net\/pachuca\/index.php\/wp-json\/wp\/v2\/product_brand?post=6598"},{"taxonomy":"product_cat","embeddable":true,"href":"https:\/\/soydeaqui.ddns.net\/pachuca\/index.php\/wp-json\/wp\/v2\/product_cat?post=6598"},{"taxonomy":"product_tag","embeddable":true,"href":"https:\/\/soydeaqui.ddns.net\/pachuca\/index.php\/wp-json\/wp\/v2\/product_tag?post=6598"}],"curies":[{"name":"wp","href":"https:\/\/api.w.org\/{rel}","templated":true}]}}