{"id":65909,"date":"2026-03-19T08:38:54","date_gmt":"2026-03-19T08:38:54","guid":{"rendered":"https:\/\/soydeaqui.ddns.net\/pachuca\/index.php\/producto\/antena-direccional-logaritmica-5g-4g-3g-especial-para-cualquier-dispositivo-celular-amplio-rango-de-frecuencias-698-960-mhz-1710-2700-mhz-proporciona-11-dbi-de-ganancia\/"},"modified":"2026-03-19T08:39:04","modified_gmt":"2026-03-19T08:39:04","slug":"antena-direccional-logaritmica-5g-4g-3g-especial-para-cualquier-dispositivo-celular-amplio-rango-de-frecuencias-698-960-mhz-1710-2700-mhz-proporciona-11-dbi-de-ganancia","status":"publish","type":"product","link":"https:\/\/soydeaqui.ddns.net\/pachuca\/index.php\/producto\/antena-direccional-logaritmica-5g-4g-3g-especial-para-cualquier-dispositivo-celular-amplio-rango-de-frecuencias-698-960-mhz-1710-2700-mhz-proporciona-11-dbi-de-ganancia\/","title":{"rendered":"Antena Direccional Logar\u00edtmica 5G\/4G\/3G\/ Especial para Cualquier Dispositivo Celular\/ Amplio Rango de Frecuencias; 698-960 MHz \/ 1710-2700 MHz\/ Proporciona 11 dBi de ganancia."},"content":{"rendered":"<div style='width: 100%; max-width: 1200px; margin: 0 auto; font-family: sans-serif; line-height: 1.6; color: inherit; background-color: transparent;'>\n<div style='display: flex; flex-wrap: wrap; gap: 30px; margin-bottom: 30px;'>\n<div style='flex: 1 1 300px; min-width: 280px;'>\n<h3 style='font-size: 22px; border-bottom: 2px solid currentColor; padding-bottom: 5px; margin-top: 0; color: inherit; opacity: 0.8;'>Caracter\u00edsticas Principales<\/h3>\n<ul style='padding-left: 20px; font-size: 15px; color: inherit;'>\n<li style='margin-bottom: 5px;'>Compatible con m\u00faltiples bandas y tecnolog\u00edas celulares<\/li>\n<li style='margin-bottom: 5px;'>Tipo logar\u00edtmica direccional para mejor rendimiento<\/li>\n<li style='margin-bottom: 5px;'>Ganancia de 11.0 dBi para se\u00f1al reforzada<\/li>\n<li style='margin-bottom: 5px;'>Cobertura de frecuencia de 698-960 MHz y 1710-2700 MHz<\/li>\n<li style='margin-bottom: 5px;'>Conector N hembra para f\u00e1cil integraci\u00f3n<\/li>\n<\/ul><\/div>\n<\/p><\/div>\n<div style='display: flex; flex-wrap: wrap; gap: 20px; margin-bottom: 30px;'>\n<div style='flex: 1 1 250px; border: 1px solid rgba(150&comma; 150&comma; 150&comma; 0.4); border-radius: 8px; overflow: hidden; display: flex; flex-direction: column;'>\n<div style='padding: 15px; border-bottom: 1px solid rgba(150&comma; 150&comma; 150&comma; 0.2); font-weight: bold; font-size: 18px; color: inherit;'>Especificaciones El\u00e9ctricas<\/div>\n<div style='padding: 15px; color: inherit;'>\n<ul style='padding-left: 20px; margin: 0; font-size: 14px; list-style-type: disc;'>\n<li style='margin-bottom: 5px;'><strong>Frecuencia:<\/strong> 698-960 MHz \/ 1710-2700 MHz<\/li>\n<li style='margin-bottom: 5px;'><strong>Ganancia:<\/strong> 11.0 dBi<\/li>\n<li style='margin-bottom: 5px;'><strong>Ancho de haz:<\/strong> 65\u00b0\/50\u00b0 Horizontal&comma; 50\u00b0\/40\u00b0 Vertical<\/li>\n<li style='margin-bottom: 5px;'><strong>Polarizaci\u00f3n:<\/strong> Vertical<\/li>\n<li style='margin-bottom: 5px;'><strong>VSWR:<\/strong> \u22641.8 @698-800MHz&comma; \u22641.5 @800-2700MHz<\/li>\n<li style='margin-bottom: 5px;'><strong>Impedancia:<\/strong> 50\u03a9<\/li>\n<li style='margin-bottom: 5px;'><strong>Relaci\u00f3n frente-atr\u00e1s:<\/strong> >20dB<\/li>\n<li style='margin-bottom: 5px;'><strong>Potencia m\u00e1xima:<\/strong> 50W<\/li>\n<li style='margin-bottom: 5px;'><strong>Protecci\u00f3n contra rayos:<\/strong> DC<\/li>\n<\/ul><\/div>\n<\/p><\/div>\n<div style='flex: 1 1 250px; border: 1px solid rgba(150&comma; 150&comma; 150&comma; 0.4); border-radius: 8px; overflow: hidden; display: flex; flex-direction: column;'>\n<div style='padding: 15px; border-bottom: 1px solid rgba(150&comma; 150&comma; 150&comma; 0.2); font-weight: bold; font-size: 18px; color: inherit;'>Especificaciones Mec\u00e1nicas<\/div>\n<div style='padding: 15px; color: inherit;'>\n<ul style='padding-left: 20px; margin: 0; font-size: 14px; list-style-type: disc;'>\n<li style='margin-bottom: 5px;'><strong>Conector RF:<\/strong> N Hembra<\/li>\n<li style='margin-bottom: 5px;'><strong>Dimensiones:<\/strong> 430 x 210 x 80 mm<\/li>\n<li style='margin-bottom: 5px;'><strong>Peso neto:<\/strong> 1.0 Kg<\/li>\n<li style='margin-bottom: 5px;'><strong>Di\u00e1metro de poste:<\/strong> \u03a640-\u03a650 mm<\/li>\n<li style='margin-bottom: 5px;'><strong>Material del radomo:<\/strong> ABS con protecci\u00f3n UV<\/li>\n<li style='margin-bottom: 5px;'><strong>Temperatura de operaci\u00f3n:<\/strong> -40\u00b0C a +60\u00b0C<\/li>\n<li style='margin-bottom: 5px;'><strong>Montaje:<\/strong> Poste\/Pared<\/li>\n<\/ul><\/div>\n<\/p><\/div>\n<\/p><\/div>\n<div style='display: flex; flex-wrap: wrap; gap: 30px; margin-bottom: 30px;'>\n<div style='flex: 1 1 300px; min-width: 280px;'>\n<h3 style='font-size: 22px; border-bottom: 2px solid currentColor; padding-bottom: 5px; margin-top: 0; color: inherit; opacity: 0.8;'>Aplicaciones<\/h3>\n<ul style='padding-left: 20px; font-size: 15px; color: inherit;'>\n<li style='margin-bottom: 5px;'>Ampliaci\u00f3n de se\u00f1al celular en interiores<\/li>\n<li style='margin-bottom: 5px;'>Mejora de cobertura para dispositivos con antena externa<\/li>\n<li style='margin-bottom: 5px;'>Instalaciones en edificios&comma; oficinas y residencias<\/li>\n<li style='margin-bottom: 5px;'>Soluci\u00f3n para m\u00faltiples operadores y tecnolog\u00edas<\/li>\n<\/ul><\/div>\n<\/p><\/div>\n<hr style='border: 0; border-top: 1px solid rgba(150&comma; 150&comma; 150&comma; 0.3); margin: 30px 0;'> <\/div>\n","protected":false},"excerpt":{"rendered":"<p>Antena Direccional Logar\u00edtmica 5G\/4G\/3G\/ Especial para Cualquier Dispositivo Celular\/ Amplio Rango de Frecuencias; 698-960 MHz \/ 1710-2700 MHz\/ Proporciona 11 dBi de ganancia.<\/p>\n","protected":false},"featured_media":65908,"comment_status":"open","ping_status":"closed","template":"","meta":[],"product_brand":[],"product_cat":[1523],"product_tag":[1404,935,1524],"class_list":{"0":"post-65909","1":"product","2":"type-product","3":"status-publish","4":"has-post-thumbnail","6":"product_cat-para-cobertura-celular","7":"product_tag-antenas","8":"product_tag-epcom","9":"product_tag-para-cobertura-celular","11":"first","12":"instock","13":"sale","14":"shipping-taxable","15":"purchasable","16":"product-type-simple"},"_links":{"self":[{"href":"https:\/\/soydeaqui.ddns.net\/pachuca\/index.php\/wp-json\/wp\/v2\/product\/65909","targetHints":{"allow":["GET"]}}],"collection":[{"href":"https:\/\/soydeaqui.ddns.net\/pachuca\/index.php\/wp-json\/wp\/v2\/product"}],"about":[{"href":"https:\/\/soydeaqui.ddns.net\/pachuca\/index.php\/wp-json\/wp\/v2\/types\/product"}],"replies":[{"embeddable":true,"href":"https:\/\/soydeaqui.ddns.net\/pachuca\/index.php\/wp-json\/wp\/v2\/comments?post=65909"}],"wp:featuredmedia":[{"embeddable":true,"href":"https:\/\/soydeaqui.ddns.net\/pachuca\/index.php\/wp-json\/wp\/v2\/media\/65908"}],"wp:attachment":[{"href":"https:\/\/soydeaqui.ddns.net\/pachuca\/index.php\/wp-json\/wp\/v2\/media?parent=65909"}],"wp:term":[{"taxonomy":"product_brand","embeddable":true,"href":"https:\/\/soydeaqui.ddns.net\/pachuca\/index.php\/wp-json\/wp\/v2\/product_brand?post=65909"},{"taxonomy":"product_cat","embeddable":true,"href":"https:\/\/soydeaqui.ddns.net\/pachuca\/index.php\/wp-json\/wp\/v2\/product_cat?post=65909"},{"taxonomy":"product_tag","embeddable":true,"href":"https:\/\/soydeaqui.ddns.net\/pachuca\/index.php\/wp-json\/wp\/v2\/product_tag?post=65909"}],"curies":[{"name":"wp","href":"https:\/\/api.w.org\/{rel}","templated":true}]}}