{"id":65541,"date":"2026-03-19T08:26:06","date_gmt":"2026-03-19T08:26:06","guid":{"rendered":"https:\/\/soydeaqui.ddns.net\/pachuca\/index.php\/producto\/curso-para-seleccion-de-torres-y-principios-basicos-de-tierra-fisica-y-pararrayos\/"},"modified":"2026-03-19T08:26:07","modified_gmt":"2026-03-19T08:26:07","slug":"curso-para-seleccion-de-torres-y-principios-basicos-de-tierra-fisica-y-pararrayos","status":"publish","type":"product","link":"https:\/\/soydeaqui.ddns.net\/pachuca\/index.php\/producto\/curso-para-seleccion-de-torres-y-principios-basicos-de-tierra-fisica-y-pararrayos\/","title":{"rendered":"Curso para Selecci\u00f3n de Torres y Principios B\u00e1sicos de Tierra F\u00edsica y Pararrayos."},"content":{"rendered":"<div style='width: 100%; max-width: 1200px; margin: 0 auto; font-family: sans-serif; line-height: 1.6; color: inherit; background-color: transparent;'>\n<div style='display: flex; flex-wrap: wrap; gap: 30px; margin-bottom: 30px;'>\n<div style='flex: 1 1 300px; min-width: 280px;'>\n<h3 style='font-size: 22px; border-bottom: 2px solid currentColor; padding-bottom: 5px; margin-top: 0; color: inherit; opacity: 0.8;'>Informaci\u00f3n General<\/h3>\n<ul style='padding-left: 20px; font-size: 15px; color: inherit;'>\n<li style='margin-bottom: 5px;'><strong>Calendarizaci\u00f3n:<\/strong> <a href='https:\/\/www.syscom.mx\/calendario\/' style='color: inherit; text-decoration: underline;'>Ver calendarizaci\u00f3n<\/a><\/li>\n<li style='margin-bottom: 5px;'><strong>Duraci\u00f3n:<\/strong> 1 d\u00eda<\/li>\n<li style='margin-bottom: 5px;'><strong>Horario:<\/strong> de 9:00 a 12:30 y 14:00 a 18:00<\/li>\n<li style='margin-bottom: 5px;'><strong>Requisitos:<\/strong> Equipo de escritorio b\u00e1sico&comma; pluma&comma; libreta&comma; etc. Registro de asistencia al curso.<\/li>\n<\/ul><\/div>\n<div style='flex: 1 1 300px; min-width: 280px;'>\n<h3 style='font-size: 22px; border-bottom: 2px solid currentColor; padding-bottom: 5px; margin-top: 0; color: inherit; opacity: 0.8;'>Dirigido a<\/h3>\n<p style='font-size: 15px; color: inherit; margin: 0 0 15px 0;'>Distribuidores SYSCOM que deseen realizar la integraci\u00f3n de sistemas con torres de telecomunicaci\u00f3n interesados de realizar una completa y eficiente infraestructura sin riesgo al instalador o personas cercanas a la zona.<\/p>\n<\/p><\/div>\n<\/p><\/div>\n<div style='display: flex; flex-wrap: wrap; gap: 30px; margin-bottom: 30px;'>\n<div style='flex: 1 1 300px; min-width: 280px;'>\n<h3 style='font-size: 22px; border-bottom: 2px solid currentColor; padding-bottom: 5px; margin-top: 0; color: inherit; opacity: 0.8;'>Objetivos del Curso<\/h3>\n<ul style='padding-left: 20px; font-size: 15px; color: inherit;'>\n<li style='margin-bottom: 5px;'>Seleccionar los componentes necesarios para hacer la edificaci\u00f3n de una torre<\/li>\n<li style='margin-bottom: 5px;'>Validar que la estructura resistir\u00e1 de forma segura seg\u00fan la integraci\u00f3n deseada<\/li>\n<li style='margin-bottom: 5px;'>Detectar necesidades adicionales a una instalaci\u00f3n de torre&comma; como pueden ser luces de obstrucci\u00f3n&comma; sistema de tierra f\u00edsica&comma; y m\u00e1s<\/li>\n<\/ul><\/div>\n<\/p><\/div>\n<div style='display: flex; flex-wrap: wrap; gap: 30px; margin-bottom: 30px;'>\n<div style='flex: 1 1 300px; min-width: 280px;'>\n<h3 style='font-size: 22px; border-bottom: 2px solid currentColor; padding-bottom: 5px; margin-top: 0; color: inherit; opacity: 0.8;'>Temario del Curso<\/h3>\n<div style='font-size: 15px; color: inherit;'>\n<h4 style='margin-top: 15px; margin-bottom: 5px; font-size: 17px; color: inherit;'>1. Introducci\u00f3n a Equipo de Elevaci\u00f3n<\/h4>\n<ul style='list-style-type: lower-alpha; padding-left: 30px; margin: 0 0 15px 20px; color: inherit;'>\n<li style='margin-bottom: 5px;'>Nacimiento de equipo de elevaci\u00f3n<\/li>\n<li style='margin-bottom: 5px;'>Importancia de los sistemas<\/li>\n<li style='margin-bottom: 5px;'>Integraciones que necesitan altura<\/li>\n<\/ul>\n<h4 style='margin-top: 15px; margin-bottom: 5px; font-size: 17px; color: inherit;'>2. Conceptos B\u00e1sicos<\/h4>\n<ul style='list-style-type: lower-alpha; padding-left: 30px; margin: 0 0 15px 20px; color: inherit;'>\n<li style='margin-bottom: 5px;'>Torre arriostrada<\/li>\n<li style='margin-bottom: 5px;'>Torre autosoportada<\/li>\n<li style='margin-bottom: 5px;'>Radio<\/li>\n<li style='margin-bottom: 5px;'>Antena<\/li>\n<li style='margin-bottom: 5px;'>Herraje<\/li>\n<li style='margin-bottom: 5px;'>Cimentaci\u00f3n<\/li>\n<\/ul>\n<h4 style='margin-top: 15px; margin-bottom: 5px; font-size: 17px; color: inherit;'>3. \u00bfQu\u00e9 es el galvanizado?<\/h4>\n<ul style='list-style-type: lower-alpha; padding-left: 30px; margin: 0 0 15px 20px; color: inherit;'>\n<li style='margin-bottom: 5px;'>Teor\u00eda de galvanizado<\/li>\n<li style='margin-bottom: 5px;'>Galvanizado electrol\u00edtico<\/li>\n<li style='margin-bottom: 5px;'>Galvanizado por inmersi\u00f3n en caliente (NMX-H-004-SCFI-2008)<\/li>\n<li style='margin-bottom: 5px;'>Diferencias fundamentales<\/li>\n<li style='margin-bottom: 5px;'>Defectos aceptables y no aceptables<\/li>\n<\/ul>\n<h4 style='margin-top: 15px; margin-bottom: 5px; font-size: 17px; color: inherit;'>4. Tipos de Equipo de elevaci\u00f3n<\/h4>\n<ul style='list-style-type: lower-alpha; padding-left: 30px; margin: 0 0 15px 20px; color: inherit;'>\n<li style='margin-bottom: 5px;'>Elementos naturales<\/li>\n<li style='margin-bottom: 5px;'>Torre arriostrada<\/li>\n<li style='margin-bottom: 5px;'>Torre autosoportada<\/li>\n<li style='margin-bottom: 5px;'>M\u00e1stil telesc\u00f3pico fijo<\/li>\n<li style='margin-bottom: 5px;'>M\u00e1stil telesc\u00f3pico retraible<\/li>\n<li style='margin-bottom: 5px;'>Bases no penetrantes<\/li>\n<li style='margin-bottom: 5px;'>Estructuras especiales<\/li>\n<\/ul>\n<h4 style='margin-top: 15px; margin-bottom: 5px; font-size: 17px; color: inherit;'>5. Selecci\u00f3n de Torres Arriostradas<\/h4>\n<ul style='list-style-type: lower-alpha; padding-left: 30px; margin: 0 0 15px 20px; color: inherit;'>\n<li style='margin-bottom: 5px;'>Caracter\u00edsticas especiales<\/li>\n<li style='margin-bottom: 5px;'>Componentes b\u00e1sicos<\/li>\n<li style='margin-bottom: 5px;'>Componentes complementarios<\/li>\n<li style='margin-bottom: 5px;'>Kit de torres<\/li>\n<li style='margin-bottom: 5px;'>Normativa a cumplir<\/li>\n<\/ul>\n<h4 style='margin-top: 15px; margin-bottom: 5px; font-size: 17px; color: inherit;'>6. Selecci\u00f3n de Torres Autosoportadas<\/h4>\n<ul style='list-style-type: lower-alpha; padding-left: 30px; margin: 0 0 15px 20px; color: inherit;'>\n<li style='margin-bottom: 5px;'>Caracter\u00edsticas especiales<\/li>\n<li style='margin-bottom: 5px;'>Norma de dise\u00f1o ANSI\/TIA-222<\/li>\n<li style='margin-bottom: 5px;'>L\u00ednea TBX<\/li>\n<li style='margin-bottom: 5px;'>L\u00ednea RSL<\/li>\n<li style='margin-bottom: 5px;'>L\u00ednea SSV<\/li>\n<\/ul>\n<h4 style='margin-top: 15px; margin-bottom: 5px; font-size: 17px; color: inherit;'>7. M\u00e1stiles<\/h4>\n<ul style='list-style-type: lower-alpha; padding-left: 30px; margin: 0 0 15px 20px; color: inherit;'>\n<li style='margin-bottom: 5px;'>Caracter\u00edsticas especiales<\/li>\n<li style='margin-bottom: 5px;'>Kits de m\u00e1stil<\/li>\n<\/ul>\n<h4 style='margin-top: 15px; margin-bottom: 5px; font-size: 17px; color: inherit;'>8. Sistemas de tierra f\u00edsica y pararrayos<\/h4>\n<ul style='list-style-type: lower-alpha; padding-left: 30px; margin: 0 0 15px 20px; color: inherit;'>\n<li style='margin-bottom: 5px;'>Conceptos generales<\/li>\n<li style='margin-bottom: 5px;'>Sistema de tierra<\/li>\n<li style='margin-bottom: 5px;'>Pararrayos Convencionales<\/li>\n<li style='margin-bottom: 5px;'>Pararrayos PDC<\/li>\n<li style='margin-bottom: 5px;'>Pararrayos Activos<\/li>\n<li style='margin-bottom: 5px;'>Otros sistemas<\/li>\n<li style='margin-bottom: 5px;'>Normativa a cumplir<\/li>\n<\/ul>\n<h4 style='margin-top: 15px; margin-bottom: 5px; font-size: 17px; color: inherit;'>9. Consejos generales de Instalaci\u00f3n de torres de telecomunicaci\u00f3n<\/h4>\n<ul style='list-style-type: lower-alpha; padding-left: 30px; margin: 0 0 15px 20px; color: inherit;'>\n<li style='margin-bottom: 5px;'>Previos a la instalaci\u00f3n<\/li>\n<li style='margin-bottom: 5px;'>Durante la instalaci\u00f3n<\/li>\n<li style='margin-bottom: 5px;'>Despu\u00e9s de instalaci\u00f3n (mantenimiento)<\/li>\n<\/ul>\n<h4 style='margin-top: 15px; margin-bottom: 5px; font-size: 17px; color: inherit;'>10. Normativa<\/h4>\n<ul style='list-style-type: lower-alpha; padding-left: 30px; margin: 0 0 15px 20px; color: inherit;'>\n<li style='margin-bottom: 5px;'>NMX-H-004-SCFI-2008<\/li>\n<li style='margin-bottom: 5px;'>CODA-001-2010&comma; NOM-015-SCT3-1995<\/li>\n<li style='margin-bottom: 5px;'>NOM-009-STPS-2011<\/li>\n<li style='margin-bottom: 5px;'>NOM-001-SEDE-2012<\/li>\n<\/ul>\n<h4 style='margin-top: 15px; margin-bottom: 5px; font-size: 17px; color: inherit;'>11. Comentarios Finales<\/h4>\n<\/p><\/div>\n<\/p><\/div>\n<\/p><\/div>\n<\/p><\/div>\n","protected":false},"excerpt":{"rendered":"<p>Curso para Selecci\u00f3n de Torres y Principios B\u00e1sicos de Tierra F\u00edsica y Pararrayos.<\/p>\n","protected":false},"featured_media":65540,"comment_status":"open","ping_status":"closed","template":"","meta":[],"product_brand":[],"product_cat":[589],"product_tag":[590,63,246],"class_list":{"0":"post-65541","1":"product","2":"type-product","3":"status-publish","4":"has-post-thumbnail","6":"product_cat-accesorios-para-torres-arriostradas","7":"product_tag-accesorios-para-torres-arriostradas","8":"product_tag-syscom","9":"product_tag-torres-y-mastiles","11":"first","12":"instock","13":"sale","14":"shipping-taxable","15":"purchasable","16":"product-type-simple"},"_links":{"self":[{"href":"https:\/\/soydeaqui.ddns.net\/pachuca\/index.php\/wp-json\/wp\/v2\/product\/65541","targetHints":{"allow":["GET"]}}],"collection":[{"href":"https:\/\/soydeaqui.ddns.net\/pachuca\/index.php\/wp-json\/wp\/v2\/product"}],"about":[{"href":"https:\/\/soydeaqui.ddns.net\/pachuca\/index.php\/wp-json\/wp\/v2\/types\/product"}],"replies":[{"embeddable":true,"href":"https:\/\/soydeaqui.ddns.net\/pachuca\/index.php\/wp-json\/wp\/v2\/comments?post=65541"}],"wp:featuredmedia":[{"embeddable":true,"href":"https:\/\/soydeaqui.ddns.net\/pachuca\/index.php\/wp-json\/wp\/v2\/media\/65540"}],"wp:attachment":[{"href":"https:\/\/soydeaqui.ddns.net\/pachuca\/index.php\/wp-json\/wp\/v2\/media?parent=65541"}],"wp:term":[{"taxonomy":"product_brand","embeddable":true,"href":"https:\/\/soydeaqui.ddns.net\/pachuca\/index.php\/wp-json\/wp\/v2\/product_brand?post=65541"},{"taxonomy":"product_cat","embeddable":true,"href":"https:\/\/soydeaqui.ddns.net\/pachuca\/index.php\/wp-json\/wp\/v2\/product_cat?post=65541"},{"taxonomy":"product_tag","embeddable":true,"href":"https:\/\/soydeaqui.ddns.net\/pachuca\/index.php\/wp-json\/wp\/v2\/product_tag?post=65541"}],"curies":[{"name":"wp","href":"https:\/\/api.w.org\/{rel}","templated":true}]}}