{"id":65349,"date":"2026-03-19T08:18:55","date_gmt":"2026-03-19T08:18:55","guid":{"rendered":"https:\/\/soydeaqui.ddns.net\/pachuca\/index.php\/producto\/obsoleto-por-proveedor-bateria-li-po-2500-mah-para-radio-xts2500-pr1500-incluye-clip\/"},"modified":"2026-03-19T08:18:56","modified_gmt":"2026-03-19T08:18:56","slug":"obsoleto-por-proveedor-bateria-li-po-2500-mah-para-radio-xts2500-pr1500-incluye-clip","status":"publish","type":"product","link":"https:\/\/soydeaqui.ddns.net\/pachuca\/index.php\/producto\/obsoleto-por-proveedor-bateria-li-po-2500-mah-para-radio-xts2500-pr1500-incluye-clip\/","title":{"rendered":"(OBSOLETO POR PROVEEDOR) Bater\u00eda Li-Po 2500 mAh para radio XTS2500\/PR1500, incluye clip"},"content":{"rendered":"<div style='width: 100%; max-width: 1200px; margin: 0 auto; font-family: sans-serif; line-height: 1.6; color: inherit; background-color: transparent;'> <!-- Secci\u00f3n de caracter\u00edsticas --> <\/p>\n<div style='display: flex; flex-wrap: wrap; gap: 30px; margin-bottom: 30px;'>\n<div style='flex: 1 1 300px; min-width: 280px;'>\n<h3 style='font-size: 22px; border-bottom: 2px solid currentColor; padding-bottom: 5px; margin-top: 0; color: inherit; opacity: 0.8;'>Caracter\u00edsticas<\/h3>\n<ul style='padding-left: 20px; font-size: 15px; color: inherit;'>\n<li style='margin-bottom: 5px;'>Bater\u00eda con cargador Micro USB interconstruido<\/li>\n<li style='margin-bottom: 5px;'>Tecnolog\u00eda Li-Po de 2500 mAh<\/li>\n<li style='margin-bottom: 5px;'>LED indicador de nivel de carga<\/li>\n<li style='margin-bottom: 5px;'>Contactos grandes para compatibilidad con cualquier cargador<\/li>\n<li style='margin-bottom: 5px;'>Funciona con cargador original y gen\u00e9rico del radio<\/li>\n<\/ul><\/div>\n<div style='flex: 1 1 300px; min-width: 280px;'>\n<h3 style='font-size: 22px; border-bottom: 2px solid currentColor; padding-bottom: 5px; margin-top: 0; color: inherit; opacity: 0.8;'>Compatibilidad<\/h3>\n<ul style='padding-left: 20px; font-size: 15px; color: inherit;'>\n<li style='margin-bottom: 5px;'>XTS1500<\/li>\n<li style='margin-bottom: 5px;'>XTS2000<\/li>\n<li style='margin-bottom: 5px;'>XTS2250<\/li>\n<li style='margin-bottom: 5px;'>XTS2500<\/li>\n<li style='margin-bottom: 5px;'>PR1500<\/li>\n<li style='margin-bottom: 5px;'>MT1500<\/li>\n<\/ul><\/div>\n<div style='flex: 1 1 300px; min-width: 280px;'>\n<h3 style='font-size: 22px; border-bottom: 2px solid currentColor; padding-bottom: 5px; margin-top: 0; color: inherit; opacity: 0.8;'>Incluye<\/h3>\n<ul style='padding-left: 20px; font-size: 15px; color: inherit;'>\n<li style='margin-bottom: 5px;'>Clip de bater\u00eda<\/li>\n<li style='margin-bottom: 5px; color: #e74c3c;'>NO INCLUYE ACCESORIOS DE CARGA<\/li>\n<\/ul><\/div>\n<\/p><\/div>\n<p> <!-- Secci\u00f3n de m\u00e9todos de carga --> <\/p>\n<div style='margin-bottom: 30px;'>\n<h3 style='font-size: 22px; border-bottom: 2px solid currentColor; padding-bottom: 5px; margin-top: 0; margin-bottom: 15px; color: inherit; opacity: 0.8;'>M\u00e9todos de carga<\/h3>\n<ul style='padding-left: 20px; font-size: 15px; color: inherit;'>\n<li style='margin-bottom: 5px;'>Adaptador USB para encendedor de 12Vcc del veh\u00edculo<\/li>\n<li style='margin-bottom: 5px;'>Power bank de m\u00e1s de 5000 mAh para celular<\/li>\n<li style='margin-bottom: 5px;'>Adaptador de pared con USB (110-240V&comma; 50\/60 Hz&comma; 0.3 m\u00e1x)<\/li>\n<li style='margin-bottom: 5px;'>Cargador r\u00e1pido de escritorio del radio<\/li>\n<li style='margin-bottom: 5px;'>Puerto USB de computadora<\/li>\n<\/ul><\/div>\n<p> <!-- Secci\u00f3n de aplicaci\u00f3n --> <\/p>\n<div style='margin-bottom: 30px;'>\n<h3 style='font-size: 22px; border-bottom: 2px solid currentColor; padding-bottom: 5px; margin-top: 0; margin-bottom: 15px; color: inherit; opacity: 0.8;'>Aplicaci\u00f3n<\/h3>\n<p style='margin-top: 0; color: inherit; font-size: 15px;'>Ideal para operaciones en campo abierto alejadas de la oficina. Permite cargar la bater\u00eda utilizando limpiamente la entrada del encendedor de 12Vcc del veh\u00edculo sin necesidad de modificaciones vehiculares ni instalaci\u00f3n de cargadores de radio vehicular.<\/p>\n<\/p><\/div>\n<p> <!-- Galer\u00eda de im\u00e1genes --> <\/p>\n<div style='margin-bottom: 30px;'>\n<h3 style='font-size: 22px; border-bottom: 2px solid currentColor; padding-bottom: 5px; margin-top: 0; margin-bottom: 15px; color: inherit; opacity: 0.8;'>Galer\u00eda de im\u00e1genes<\/h3>\n<div style='display: grid; grid-template-columns: repeat(auto-fill&comma; minmax(200px&comma; 1fr)); gap: 15px;'> <img style='width: 100%; height: auto; border: 1px solid rgba(150&comma;150&comma;150&comma;0.3); border-radius: 8px;' src='http:\/\/ftp3.syscom.mx\/usuarios\/fotos\/PCNTN9858\/PCNTN9858.png' alt=''> <img style='width: 100%; height: auto; border: 1px solid rgba(150&comma;150&comma;150&comma;0.3); border-radius: 8px;' src='http:\/\/ftp3.syscom.mx\/usuarios\/fotos\/PCNTN9858\/PCNTN9858_1.png' alt=''> <img style='width: 100%; height: auto; border: 1px solid rgba(150&comma;150&comma;150&comma;0.3); border-radius: 8px;' src='http:\/\/ftp3.syscom.mx\/usuarios\/fotos\/PCNTN9858\/PCNTN9858_2.png' alt=''> <img style='width: 100%; height: auto; border: 1px solid rgba(150&comma;150&comma;150&comma;0.3); border-radius: 8px;' src='http:\/\/ftp3.syscom.mx\/usuarios\/fotos\/PCNTN9858_1\/PCNTN9858_3.png' alt=''> <img style='width: 100%; height: auto; border: 1px solid rgba(150&comma;150&comma;150&comma;0.3); border-radius: 8px;' src='http:\/\/ftp3.syscom.mx\/usuarios\/fotos\/PCNTN9858_1\/PCNTN9858_2.png' alt=''> <img style='width: 100%; height: auto; border: 1px solid rgba(150&comma;150&comma;150&comma;0.3); border-radius: 8px;' src='http:\/\/ftp3.syscom.mx\/usuarios\/fotos\/PCNTN9858_1\/PCNTN9858_1.png' alt=''> <\/div>\n<\/p><\/div>\n<p> <!-- Secci\u00f3n de especificaciones t\u00e9cnicas --> <\/p>\n<div style='display: flex; flex-wrap: wrap; gap: 20px; margin-bottom: 30px;'>\n<div style='flex: 1 1 250px; border: 1px solid rgba(150&comma; 150&comma; 150&comma; 0.4); border-radius: 8px; overflow: hidden; display: flex; flex-direction: column;'>\n<div style='padding: 15px; border-bottom: 1px solid rgba(150&comma; 150&comma; 150&comma; 0.2); font-weight: bold; font-size: 18px; color: inherit;'>Especificaciones<\/div>\n<div style='padding: 15px; color: inherit;'>\n<ul style='padding-left: 20px; margin: 0; font-size: 14px; list-style-type: disc;'>\n<li style='margin-bottom: 5px;'><strong>Capacidad:<\/strong> 2500 mAh<\/li>\n<li style='margin-bottom: 5px;'><strong>Tecnolog\u00eda:<\/strong> Li-Po (Pol\u00edmero de litio)<\/li>\n<li style='margin-bottom: 5px;'><strong>Salida:<\/strong> 5V @ 2000mAh<\/li>\n<li style='margin-bottom: 5px;'><strong>Entrada:<\/strong> 5V @ 2000mAh<\/li>\n<li style='margin-bottom: 5px;'><strong>Input:<\/strong> Micro USB<\/li>\n<li style='margin-bottom: 5px;'><strong>Compatibilidad:<\/strong> Cargadores USB est\u00e1ndar<\/li>\n<\/ul><\/div>\n<\/p><\/div>\n<div style='flex: 1 1 250px; border: 1px solid rgba(150&comma; 150&comma; 150&comma; 0.4); border-radius: 8px; overflow: hidden; display: flex; flex-direction: column;'>\n<div style='padding: 15px; border-bottom: 1px solid rgba(150&comma; 150&comma; 150&comma; 0.2); font-weight: bold; font-size: 18px; color: inherit;'>Ventajas<\/div>\n<div style='padding: 15px; color: inherit;'>\n<ul style='padding-left: 20px; margin: 0; font-size: 14px; list-style-type: disc;'>\n<li style='margin-bottom: 5px;'>Dise\u00f1o compacto y port\u00e1til<\/li>\n<li style='margin-bottom: 5px;'>No requiere modificaciones vehiculares<\/li>\n<li style='margin-bottom: 5px;'>Carga desde m\u00faltiples fuentes<\/li>\n<li style='margin-bottom: 5px;'>Indicador LED de nivel de carga<\/li>\n<li style='margin-bottom: 5px;'>F\u00e1cil instalaci\u00f3n y uso<\/li>\n<li style='margin-bottom: 5px;'>Compatibilidad con m\u00faltiples modelos<\/li>\n<\/ul><\/div>\n<\/p><\/div>\n<\/p><\/div>\n<p> <!-- Separador final --> <\/p>\n<hr style='border: 0; border-top: 1px solid rgba(150&comma; 150&comma; 150&comma; 0.3); margin: 30px 0;'> <\/div>\n","protected":false},"excerpt":{"rendered":"<p>(OBSOLETO POR PROVEEDOR) Bater\u00eda Li-Po 2500 mAh para radio XTS2500\/PR1500, incluye clip<\/p>\n","protected":false},"featured_media":65348,"comment_status":"open","ping_status":"closed","template":"","meta":[],"product_brand":[],"product_cat":[1763],"product_tag":[1614,143,1931],"class_list":{"0":"post-65349","1":"product","2":"type-product","3":"status-publish","4":"has-post-thumbnail","6":"product_cat-baterias-accesorios-para-motorola","7":"product_tag-accesorios-para-motorola","8":"product_tag-baterias","9":"product_tag-positive-charge","11":"first","12":"outofstock","13":"sale","14":"shipping-taxable","15":"purchasable","16":"product-type-simple"},"_links":{"self":[{"href":"https:\/\/soydeaqui.ddns.net\/pachuca\/index.php\/wp-json\/wp\/v2\/product\/65349","targetHints":{"allow":["GET"]}}],"collection":[{"href":"https:\/\/soydeaqui.ddns.net\/pachuca\/index.php\/wp-json\/wp\/v2\/product"}],"about":[{"href":"https:\/\/soydeaqui.ddns.net\/pachuca\/index.php\/wp-json\/wp\/v2\/types\/product"}],"replies":[{"embeddable":true,"href":"https:\/\/soydeaqui.ddns.net\/pachuca\/index.php\/wp-json\/wp\/v2\/comments?post=65349"}],"wp:featuredmedia":[{"embeddable":true,"href":"https:\/\/soydeaqui.ddns.net\/pachuca\/index.php\/wp-json\/wp\/v2\/media\/65348"}],"wp:attachment":[{"href":"https:\/\/soydeaqui.ddns.net\/pachuca\/index.php\/wp-json\/wp\/v2\/media?parent=65349"}],"wp:term":[{"taxonomy":"product_brand","embeddable":true,"href":"https:\/\/soydeaqui.ddns.net\/pachuca\/index.php\/wp-json\/wp\/v2\/product_brand?post=65349"},{"taxonomy":"product_cat","embeddable":true,"href":"https:\/\/soydeaqui.ddns.net\/pachuca\/index.php\/wp-json\/wp\/v2\/product_cat?post=65349"},{"taxonomy":"product_tag","embeddable":true,"href":"https:\/\/soydeaqui.ddns.net\/pachuca\/index.php\/wp-json\/wp\/v2\/product_tag?post=65349"}],"curies":[{"name":"wp","href":"https:\/\/api.w.org\/{rel}","templated":true}]}}