{"id":65299,"date":"2026-03-19T08:17:09","date_gmt":"2026-03-19T08:17:09","guid":{"rendered":"https:\/\/soydeaqui.ddns.net\/pachuca\/index.php\/producto\/callbox-intercomunicador-inalambrico-serie-q7-en-color-negro\/"},"modified":"2026-03-19T08:17:16","modified_gmt":"2026-03-19T08:17:16","slug":"callbox-intercomunicador-inalambrico-serie-q7-en-color-negro","status":"publish","type":"product","link":"https:\/\/soydeaqui.ddns.net\/pachuca\/index.php\/producto\/callbox-intercomunicador-inalambrico-serie-q7-en-color-negro\/","title":{"rendered":"Callbox, Intercomunicador Inal\u00e1mbrico, Serie Q7 en Color Negro"},"content":{"rendered":"<div style='width: 100%; max-width: 1200px; margin: 0 auto; font-family: sans-serif; line-height: 1.6; color: inherit; background-color: transparent;'>\n<div style='display: flex; flex-wrap: wrap; gap: 30px; margin-bottom: 30px;'>\n<div style='flex: 1 1 300px; min-width: 280px;'>\n<h3 style='font-size: 22px; border-bottom: 2px solid currentColor; padding-bottom: 5px; margin-top: 0; color: inherit; opacity: 0.8;'>Caracter\u00edsticas Generales<\/h3>\n<ul style='padding-left: 20px; font-size: 15px; color: inherit;'>\n<li style='margin-bottom: 5px;'><strong>Frecuencia:<\/strong> UHF 450 &#8211; 470 MHz<\/li>\n<li style='margin-bottom: 5px;'><strong>Caracter\u00edstica:<\/strong> Gabinete de uso rudo de policarbonato&comma; sellado para uso en exteriores<\/li>\n<li style='margin-bottom: 5px;'><strong>Alimentaci\u00f3n:<\/strong> 3 bater\u00edas tipo D (No incluidas) o con alimentaci\u00f3n externa (Requiere adaptador)<\/li>\n<li style='margin-bottom: 5px;'><strong>Funci\u00f3n:<\/strong> Apagado autom\u00e1tico<\/li>\n<li style='margin-bottom: 5px;'><strong>Alerta:<\/strong> Bater\u00eda baja<\/li>\n<li style='margin-bottom: 5px;'><strong>Volumen:<\/strong> Ajustable para ambientes ruidosos<\/li>\n<li style='margin-bottom: 5px;'><strong>Programaci\u00f3n:<\/strong> Por PC o en campo<\/li>\n<li style='margin-bottom: 5px;'><strong>PTT:<\/strong> De aluminio antivand\u00e1lico<\/li>\n<li style='margin-bottom: 5px;'><strong>Antena:<\/strong> Interna<\/li>\n<li style='margin-bottom: 5px;'><strong>Software:<\/strong> RQXPCPK1<\/li>\n<li style='margin-bottom: 5px;'><strong>Garant\u00eda:<\/strong> 1 a\u00f1o<\/li>\n<\/ul><\/div>\n<div style='flex: 1 1 300px; min-width: 280px;'>\n<h3 style='font-size: 22px; border-bottom: 2px solid currentColor; padding-bottom: 5px; margin-top: 0; color: inherit; opacity: 0.8;'>Caracter\u00edsticas Especiales<\/h3>\n<ul style='padding-left: 20px; font-size: 15px; color: inherit;'>\n<li style='margin-bottom: 5px;'><strong>Grabaci\u00f3n:<\/strong> Capacidad para grabar mensajes de voz<\/li>\n<li style='margin-bottom: 5px;'><strong>Mensajes:<\/strong> Bienvenida&comma; ubicaci\u00f3n&comma; bater\u00eda baja y falla en corriente el\u00e9ctrica<\/li>\n<li style='margin-bottom: 5px;'><strong>Entrada digital:<\/strong> Notificaci\u00f3n por voz de activaci\u00f3n o desactivaci\u00f3n<\/li>\n<li style='margin-bottom: 5px;'><strong>Salida de relevador:<\/strong> Con activaci\u00f3n v\u00eda se\u00f1alizaci\u00f3n<\/li>\n<\/ul><\/div>\n<\/p><\/div>\n<div style='display: flex; flex-wrap: wrap; gap: 30px; margin-bottom: 30px;'>\n<div style='flex: 1 1 300px; min-width: 280px;'>\n<h3 style='font-size: 22px; border-bottom: 2px solid currentColor; padding-bottom: 5px; margin-top: 0; color: inherit; opacity: 0.8;'>Aplicaciones<\/h3>\n<ul style='padding-left: 20px; font-size: 15px; color: inherit;'>\n<li style='margin-bottom: 5px;'>Campus Universitarios<\/li>\n<li style='margin-bottom: 5px;'>Aeropuertos<\/li>\n<li style='margin-bottom: 5px;'>Hospitales<\/li>\n<li style='margin-bottom: 5px;'>Manufactura<\/li>\n<li style='margin-bottom: 5px;'>Almacenes<\/li>\n<li style='margin-bottom: 5px;'>Parques<\/li>\n<li style='margin-bottom: 5px;'>Campos Deportivos<\/li>\n<li style='margin-bottom: 5px;'>Tiendas Departamentales<\/li>\n<li style='margin-bottom: 5px;'>Etc.<\/li>\n<\/ul><\/div>\n<div style='flex: 1 1 300px; min-width: 280px;'>\n<h3 style='font-size: 22px; border-bottom: 2px solid currentColor; padding-bottom: 5px; margin-top: 0; color: inherit; opacity: 0.8;'>Funcionalidad<\/h3>\n<ul style='padding-left: 20px; font-size: 15px; color: inherit;'>\n<li style='margin-bottom: 5px;'>Equipo de comunicaci\u00f3n fijo v\u00eda radio<\/li>\n<li style='margin-bottom: 5px;'>Provee comunicaci\u00f3n entre personal equipado con radio o visitantes<\/li>\n<li style='margin-bottom: 5px;'>Instalaci\u00f3n en cualquier \u00e1rea donde se requiere tener siempre disponible una forma r\u00e1pida y accesible de comunicaci\u00f3n directa a su sistema de radiocomunicaci\u00f3n<\/li>\n<\/ul><\/div>\n<\/p><\/div>\n<\/p><\/div>\n","protected":false},"excerpt":{"rendered":"<p>Callbox, Intercomunicador Inal\u00e1mbrico, Serie Q7 en Color Negro<\/p>\n","protected":false},"featured_media":65298,"comment_status":"open","ping_status":"closed","template":"","meta":[],"product_brand":[],"product_cat":[907],"product_tag":[908,1548,557],"class_list":{"0":"post-65299","1":"product","2":"type-product","3":"status-publish","4":"has-post-thumbnail","6":"product_cat-interfones","7":"product_tag-interfones","8":"product_tag-ritron","9":"product_tag-videoporteros-e-interfonos","11":"first","12":"instock","13":"sale","14":"shipping-taxable","15":"purchasable","16":"product-type-simple"},"_links":{"self":[{"href":"https:\/\/soydeaqui.ddns.net\/pachuca\/index.php\/wp-json\/wp\/v2\/product\/65299","targetHints":{"allow":["GET"]}}],"collection":[{"href":"https:\/\/soydeaqui.ddns.net\/pachuca\/index.php\/wp-json\/wp\/v2\/product"}],"about":[{"href":"https:\/\/soydeaqui.ddns.net\/pachuca\/index.php\/wp-json\/wp\/v2\/types\/product"}],"replies":[{"embeddable":true,"href":"https:\/\/soydeaqui.ddns.net\/pachuca\/index.php\/wp-json\/wp\/v2\/comments?post=65299"}],"wp:featuredmedia":[{"embeddable":true,"href":"https:\/\/soydeaqui.ddns.net\/pachuca\/index.php\/wp-json\/wp\/v2\/media\/65298"}],"wp:attachment":[{"href":"https:\/\/soydeaqui.ddns.net\/pachuca\/index.php\/wp-json\/wp\/v2\/media?parent=65299"}],"wp:term":[{"taxonomy":"product_brand","embeddable":true,"href":"https:\/\/soydeaqui.ddns.net\/pachuca\/index.php\/wp-json\/wp\/v2\/product_brand?post=65299"},{"taxonomy":"product_cat","embeddable":true,"href":"https:\/\/soydeaqui.ddns.net\/pachuca\/index.php\/wp-json\/wp\/v2\/product_cat?post=65299"},{"taxonomy":"product_tag","embeddable":true,"href":"https:\/\/soydeaqui.ddns.net\/pachuca\/index.php\/wp-json\/wp\/v2\/product_tag?post=65299"}],"curies":[{"name":"wp","href":"https:\/\/api.w.org\/{rel}","templated":true}]}}