{"id":65076,"date":"2026-03-19T08:09:33","date_gmt":"2026-03-19T08:09:33","guid":{"rendered":"https:\/\/soydeaqui.ddns.net\/pachuca\/index.php\/producto\/heavy-duty-3-wire-surveillance-kit-features-acoustic-tube-earphone-with-twist-connector-remote-ptt-switch-and-low-profile-lapel-microphone-straight-cable\/"},"modified":"2026-03-19T08:09:35","modified_gmt":"2026-03-19T08:09:35","slug":"heavy-duty-3-wire-surveillance-kit-features-acoustic-tube-earphone-with-twist-connector-remote-ptt-switch-and-low-profile-lapel-microphone-straight-cable","status":"publish","type":"product","link":"https:\/\/soydeaqui.ddns.net\/pachuca\/index.php\/producto\/heavy-duty-3-wire-surveillance-kit-features-acoustic-tube-earphone-with-twist-connector-remote-ptt-switch-and-low-profile-lapel-microphone-straight-cable\/","title":{"rendered":"Heavy Duty 3-Wire Surveillance Kit: Features acoustic tube earphone with TWIST CONNECTOR, remote PTT switch and low-profile lapel microphone. Straight cable."},"content":{"rendered":"<div style='width: 100%; max-width: 1200px; margin: 0 auto; font-family: sans-serif; line-height: 1.6; color: inherit; background-color: transparent;'> <!-- Descripci\u00f3n general --> <\/p>\n<div style='margin-bottom: 30px;'>\n<h3 style='font-size: 22px; border-bottom: 2px solid currentColor; padding-bottom: 5px; margin-top: 0; color: inherit; opacity: 0.8;'>Descripci\u00f3n General<\/h3>\n<p style='font-size: 15px; color: inherit; margin-top: 10px;'> Kit de vigilancia de 3 hilos de alta resistencia. Dise\u00f1ado para aplicaciones de vigilancia donde se requiere comunicaci\u00f3n encubierta. El kit incluye auricular con tubo ac\u00fastico&comma; interruptor PTT remoto y micr\u00f3fono de solapa de bajo perfil. Cable recto. <\/p>\n<\/p><\/div>\n<p> <!-- Secci\u00f3n de caracter\u00edsticas --> <\/p>\n<div style='display: flex; flex-wrap: wrap; gap: 30px; margin-bottom: 30px;'>\n<div style='flex: 1 1 300px; min-width: 280px;'>\n<h3 style='font-size: 22px; border-bottom: 2px solid currentColor; padding-bottom: 5px; margin-top: 0; color: inherit; opacity: 0.8;'>Caracter\u00edsticas<\/h3>\n<ul style='padding-left: 20px; font-size: 15px; color: inherit;'>\n<li style='margin-bottom: 5px;'>Dise\u00f1ado para alto nivel de comunicaci\u00f3n encubierta<\/li>\n<li style='margin-bottom: 5px;'>Micr\u00f3fono de solapa miniatura transmite bajo la ropa<\/li>\n<li style='margin-bottom: 5px;'>PTT de estilo barril que se adapta a la forma de la mano<\/li>\n<li style='margin-bottom: 5px;'>Conector TWIST CONNECT para f\u00e1cil instalaci\u00f3n y m\u00faltiples usuarios<\/li>\n<li style='margin-bottom: 5px;'>Clip reforzado en auricular para retenci\u00f3n del cable<\/li>\n<\/ul><\/div>\n<p> <!-- Especificaciones --> <\/p>\n<div style='flex: 1 1 300px; min-width: 280px;'>\n<h3 style='font-size: 22px; border-bottom: 2px solid currentColor; padding-bottom: 5px; margin-top: 0; color: inherit; opacity: 0.8;'>Especificaciones<\/h3>\n<ul style='padding-left: 20px; font-size: 15px; color: inherit;'>\n<li style='margin-bottom: 5px;'><strong>Tipo:<\/strong> Kit de vigilancia de 3 hilos<\/li>\n<li style='margin-bottom: 5px;'><strong>Conector:<\/strong> Simple Pin (1 &#038; 2 pin)<\/li>\n<li style='margin-bottom: 5px;'><strong>Transductor:<\/strong> Incluido<\/li>\n<li style='margin-bottom: 5px;'><strong>Longitud del cable:<\/strong> 20&#8242; recto<\/li>\n<li style='margin-bottom: 5px;'><strong>Auricular:<\/strong> Inserto para oreja abierta de 12&#8242;<\/li>\n<li style='margin-bottom: 5px;'><strong>Reducci\u00f3n de ruido:<\/strong> NRR 29<\/li>\n<li style='margin-bottom: 5px;'><strong>Estilo PTT:<\/strong> Form Fit Barrel<\/li>\n<\/ul><\/div>\n<\/p><\/div>\n<p> <!-- Componentes del sistema --> <\/p>\n<div style='margin-bottom: 30px;'>\n<h3 style='font-size: 22px; border-bottom: 2px solid currentColor; padding-bottom: 5px; margin-top: 0; color: inherit; opacity: 0.8;'>Componentes del Sistema<\/h3>\n<ul style='padding-left: 20px; font-size: 15px; color: inherit;'>\n<li style='margin-bottom: 5px;'>Auricular con tubo ac\u00fastico y conector TWIST CONNECT<\/li>\n<li style='margin-bottom: 5px;'>Micr\u00f3fono de solapa miniatura con clip<\/li>\n<li style='margin-bottom: 5px;'>PTT de estilo barril separado para manejar con la mano<\/li>\n<\/ul><\/div>\n<p> <!-- Aplicaciones --> <\/p>\n<div style='margin-bottom: 30px;'>\n<h3 style='font-size: 22px; border-bottom: 2px solid currentColor; padding-bottom: 5px; margin-top: 0; color: inherit; opacity: 0.8;'>Aplicaciones<\/h3>\n<p style='font-size: 15px; color: inherit; margin-top: 10px;'> Ideal para aplicaciones de vigilancia donde se requiere comunicaci\u00f3n discreta. La configuraci\u00f3n de 3 hilos permite mayor versatilidad al conectar cada componente (auricular&comma; micr\u00f3fono y PTT) al radio de dos v\u00edas mediante cables separados&comma; permitiendo mantener comunicaci\u00f3n sin llamar la atenci\u00f3n sobre el radio. <\/p>\n<\/p><\/div>\n<p> <!-- Separador --> <\/p>\n<hr style='border: 0; border-top: 1px solid rgba(150&comma; 150&comma; 150&comma; 0.3); margin: 30px 0;'> <\/div>\n","protected":false},"excerpt":{"rendered":"<p>Heavy Duty 3-Wire Surveillance Kit: Features acoustic tube earphone with TWIST CONNECTOR, remote PTT switch and low-profile lapel microphone. Straight cable.<\/p>\n","protected":false},"featured_media":65075,"comment_status":"open","ping_status":"closed","template":"","meta":[],"product_brand":[],"product_cat":[1586],"product_tag":[1579,1518,1730],"class_list":{"0":"post-65076","1":"product","2":"type-product","3":"status-publish","4":"has-post-thumbnail","6":"product_cat-microfono-audifono-accesorios-para-kenwood","7":"product_tag-accesorios-para-kenwood","8":"product_tag-microfono-audifono","9":"product_tag-pryme","11":"first","12":"outofstock","13":"sale","14":"shipping-taxable","15":"purchasable","16":"product-type-simple"},"_links":{"self":[{"href":"https:\/\/soydeaqui.ddns.net\/pachuca\/index.php\/wp-json\/wp\/v2\/product\/65076","targetHints":{"allow":["GET"]}}],"collection":[{"href":"https:\/\/soydeaqui.ddns.net\/pachuca\/index.php\/wp-json\/wp\/v2\/product"}],"about":[{"href":"https:\/\/soydeaqui.ddns.net\/pachuca\/index.php\/wp-json\/wp\/v2\/types\/product"}],"replies":[{"embeddable":true,"href":"https:\/\/soydeaqui.ddns.net\/pachuca\/index.php\/wp-json\/wp\/v2\/comments?post=65076"}],"wp:featuredmedia":[{"embeddable":true,"href":"https:\/\/soydeaqui.ddns.net\/pachuca\/index.php\/wp-json\/wp\/v2\/media\/65075"}],"wp:attachment":[{"href":"https:\/\/soydeaqui.ddns.net\/pachuca\/index.php\/wp-json\/wp\/v2\/media?parent=65076"}],"wp:term":[{"taxonomy":"product_brand","embeddable":true,"href":"https:\/\/soydeaqui.ddns.net\/pachuca\/index.php\/wp-json\/wp\/v2\/product_brand?post=65076"},{"taxonomy":"product_cat","embeddable":true,"href":"https:\/\/soydeaqui.ddns.net\/pachuca\/index.php\/wp-json\/wp\/v2\/product_cat?post=65076"},{"taxonomy":"product_tag","embeddable":true,"href":"https:\/\/soydeaqui.ddns.net\/pachuca\/index.php\/wp-json\/wp\/v2\/product_tag?post=65076"}],"curies":[{"name":"wp","href":"https:\/\/api.w.org\/{rel}","templated":true}]}}