{"id":6506,"date":"2026-03-18T06:44:08","date_gmt":"2026-03-18T06:44:08","guid":{"rendered":"https:\/\/soydeaqui.ddns.net\/pachuca\/index.php\/producto\/comunicador-dual-ip-y-gsm-4g-para-sistema-contra-incendio\/"},"modified":"2026-03-18T06:44:08","modified_gmt":"2026-03-18T06:44:08","slug":"comunicador-dual-ip-y-gsm-4g-para-sistema-contra-incendio","status":"publish","type":"product","link":"https:\/\/soydeaqui.ddns.net\/pachuca\/index.php\/producto\/comunicador-dual-ip-y-gsm-4g-para-sistema-contra-incendio\/","title":{"rendered":"Comunicador Dual IP y GSM 4G para Sistema contra incendio"},"content":{"rendered":"<div style='width: 100%; max-width: 1200px; margin: 0 auto; font-family: sans-serif; line-height: 1.6; color: inherit; background-color: transparent;'>\n<div style='display: flex; flex-wrap: wrap; gap: 30px; margin-bottom: 30px;'>\n<div style='flex: 1 1 300px; min-width: 280px;'>\n<h3 style='font-size: 22px; border-bottom: 2px solid currentColor; padding-bottom: 5px; margin-top: 0; color: inherit; opacity: 0.8;'>Descripci\u00f3n<\/h3>\n<p style='font-size: 15px; color: inherit;'>El iGSMCFP4G es un comunicador aprobado por UL de alarma contra incendios de doble tecnolog\u00eda que ofrece informes de Contact ID con ciertos paneles de control Vista\u00ae. Dispone de tres v\u00edas de informaci\u00f3n seleccionables que incluyen: S\u00f3lo GSM&comma; s\u00f3lo IP&comma; o IP primaria \/ GSM respaldo. El iGSMCFP4G transmite todos los eventos del panel de control de Vista a trav\u00e9s de la plataforma de AlarmNet\u00ae hacia la central de monitoreo.<\/p>\n<p style='font-size: 15px; color: inherit;'>El iGSMCFP4G cumple con requisitos de UL 864 y proporciona opciones de supervisi\u00f3n programables para cumplir con la norma NFPA 72 2010-2013 y las normas utilizando tecnolog\u00edas simples o dobles.<\/p>\n<\/div>\n<\/div>\n<div style='display: flex; flex-wrap: wrap; gap: 20px; margin-bottom: 30px;'>\n<div style='flex: 1 1 250px; border: 1px solid rgba(150&comma; 150&comma; 150&comma; 0.4); border-radius: 8px; overflow: hidden; display: flex; flex-direction: column;'>\n<div style='padding: 15px; border-bottom: 1px solid rgba(150&comma; 150&comma; 150&comma; 0.2); font-weight: bold; font-size: 18px; color: inherit;'>Caracter\u00edsticas<\/div>\n<div style='padding: 15px; color: inherit;'>\n<ul style='padding-left: 20px; margin: 0; font-size: 14px; list-style-type: disc;'>\n<li style='margin-bottom: 5px;'>La v\u00eda de comunicaciones simple o dual \u2013 IP&comma; GSM o Ambos<\/li>\n<li style='margin-bottom: 5px;'>Multi-Plataforma GSM Compatibilidad &#8211; 2G&comma; 3G y 4G<\/li>\n<li style='margin-bottom: 5px;'>Funciona en los siguientes protocolos de comunicaci\u00f3n:<\/li>\n<ul style='padding-left: 30px; margin-top: 5px; margin-bottom: 10px; font-size: 14px; list-style-type: disc;'>\n<li style='margin-bottom: 5px;'>HSPA + (4G)<\/li>\n<li style='margin-bottom: 5px;'>HSPA (HSDPA y HSUPA) (3G)<\/li>\n<li style='margin-bottom: 5px;'>EDGE (2G)<\/li>\n<li style='margin-bottom: 5px;'>GPRS (2G)<\/li>\n<\/ul>\n<li style='margin-bottom: 5px;'>Comunicaciones IP &#8211; Funciona sobre cualquier tipo de cliente Ethernet 10\/100 proporcionado<\/li>\n<ul style='padding-left: 30px; margin-top: 5px; margin-bottom: 10px; font-size: 14px; list-style-type: disc;'>\n<li style='margin-bottom: 5px;'>Base de conexi\u00f3n de red (LAN o WAN)&comma; m\u00f3dem DSL o un m\u00f3dem por cable<\/li>\n<li style='margin-bottom: 5px;'>Soporta tanto din\u00e1mico (DHCP)&comma; o p\u00fablica y privada Direccionamiento IP est\u00e1tico<\/li>\n<\/ul>\n<li style='margin-bottom: 5px;'>Full Contact ID o ADEMCO\u00ae de informes de alta velocidad &#8211; Contacto ID de informes usando el modo ECP con compatibles paneles de control de Honeywell<\/li>\n<li style='margin-bottom: 5px;'>Encriptaci\u00f3n AES de 256 bits &#8211; est\u00e1ndar de cifrado avanzado utilizado para las comunicaciones seguras<\/li>\n<li style='margin-bottom: 5px;'>Carga \/ Descarga &#8211; Disponible con ciertas Honeywell paneles de control. Requiere Br\u00fajula versi\u00f3n 1.5.8.54a o m\u00e1s alto<\/li>\n<li style='margin-bottom: 5px;'>LED de diagn\u00f3stico &#8211; Proporciona intensidad de la se\u00f1al y el estado indicaciones<\/li>\n<li style='margin-bottom: 5px;'>QoS &#8211; Calidad de Servicio a trav\u00e9s de diagn\u00f3sticos AlarmNet suministrar informaci\u00f3n vital que incluye&comma; cuando era un mensaje recibido&comma; voltaje de la bater\u00eda&comma; tensi\u00f3n de entrada&comma; potencia de la se\u00f1al y la ruta de mensajes<\/li>\n<li style='margin-bottom: 5px;'>Basado en Web o Programaci\u00f3n Local &#8211; Permite la programaci\u00f3n interactiva completa de AlarmNet Direct. <a href='https:\/\/services.alarmnet.com' style='color: inherit; text-decoration: underline;' target='_blank'>https:\/\/services.alarmnet.com<\/a> o local la programaci\u00f3n con 7720P programador port\u00e1til<\/li>\n<\/ul>\n<\/div>\n<\/div>\n<\/div>\n<\/div>\n<\/div>\n","protected":false},"excerpt":{"rendered":"<p>Comunicador Dual IP y GSM 4G para Sistema contra incendio<\/p>\n","protected":false},"featured_media":6505,"comment_status":"open","ping_status":"closed","template":"","meta":[],"product_brand":[],"product_cat":[206],"product_tag":[207,209,180],"class_list":{"0":"post-6506","1":"product","2":"type-product","3":"status-publish","4":"has-post-thumbnail","6":"product_cat-comunicadores","7":"product_tag-comunicadores","8":"product_tag-honeywell","9":"product_tag-total-connect-honeywell","11":"first","12":"outofstock","13":"sale","14":"shipping-taxable","15":"purchasable","16":"product-type-simple"},"_links":{"self":[{"href":"https:\/\/soydeaqui.ddns.net\/pachuca\/index.php\/wp-json\/wp\/v2\/product\/6506","targetHints":{"allow":["GET"]}}],"collection":[{"href":"https:\/\/soydeaqui.ddns.net\/pachuca\/index.php\/wp-json\/wp\/v2\/product"}],"about":[{"href":"https:\/\/soydeaqui.ddns.net\/pachuca\/index.php\/wp-json\/wp\/v2\/types\/product"}],"replies":[{"embeddable":true,"href":"https:\/\/soydeaqui.ddns.net\/pachuca\/index.php\/wp-json\/wp\/v2\/comments?post=6506"}],"wp:featuredmedia":[{"embeddable":true,"href":"https:\/\/soydeaqui.ddns.net\/pachuca\/index.php\/wp-json\/wp\/v2\/media\/6505"}],"wp:attachment":[{"href":"https:\/\/soydeaqui.ddns.net\/pachuca\/index.php\/wp-json\/wp\/v2\/media?parent=6506"}],"wp:term":[{"taxonomy":"product_brand","embeddable":true,"href":"https:\/\/soydeaqui.ddns.net\/pachuca\/index.php\/wp-json\/wp\/v2\/product_brand?post=6506"},{"taxonomy":"product_cat","embeddable":true,"href":"https:\/\/soydeaqui.ddns.net\/pachuca\/index.php\/wp-json\/wp\/v2\/product_cat?post=6506"},{"taxonomy":"product_tag","embeddable":true,"href":"https:\/\/soydeaqui.ddns.net\/pachuca\/index.php\/wp-json\/wp\/v2\/product_tag?post=6506"}],"curies":[{"name":"wp","href":"https:\/\/api.w.org\/{rel}","templated":true}]}}