{"id":65034,"date":"2026-03-19T08:07:49","date_gmt":"2026-03-19T08:07:49","guid":{"rendered":"https:\/\/soydeaqui.ddns.net\/pachuca\/index.php\/producto\/elemento-muestreador-de-rf-con-salida-variable-en-atenuacion-de-35-a-80-db-20-1000-mhz-1000-w-max-no-incluye-conectores\/"},"modified":"2026-03-19T08:07:51","modified_gmt":"2026-03-19T08:07:51","slug":"elemento-muestreador-de-rf-con-salida-variable-en-atenuacion-de-35-a-80-db-20-1000-mhz-1000-w-max-no-incluye-conectores","status":"publish","type":"product","link":"https:\/\/soydeaqui.ddns.net\/pachuca\/index.php\/producto\/elemento-muestreador-de-rf-con-salida-variable-en-atenuacion-de-35-a-80-db-20-1000-mhz-1000-w-max-no-incluye-conectores\/","title":{"rendered":"Elemento Muestreador de RF con Salida Variable en Atenuaci\u00f3n de 35 a 80 dB, 20-1000 MHz, 1000 W max. (No incluye conectores)."},"content":{"rendered":"<div style='width: 100%; max-width: 1200px; margin: 0 auto; font-family: sans-serif; line-height: 1.6; color: inherit; background-color: transparent;'>\n<div style='display: flex; flex-wrap: wrap; gap: 30px; margin-bottom: 30px;'>\n<div style='flex: 1 1 300px; min-width: 280px;'>\n<h3 style='font-size: 22px; border-bottom: 2px solid currentColor; padding-bottom: 5px; margin-top: 0; color: inherit; opacity: 0.8;'>Caracter\u00edsticas T\u00e9cnicas<\/h3>\n<ul style='padding-left: 20px; font-size: 15px; color: inherit;'>\n<li style='margin-bottom: 5px;'>El modelo 4275 proporciona una muestra de se\u00f1al no rectificada para observaci\u00f3n en analizadores de espectro&comma; osciloscopios y contadores de frecuencia.<\/li>\n<li style='margin-bottom: 5px;'>Los conectores (No incluidos) son del tipo QC (Intercambiables) y puede pedirlos en g\u00e9nero hembra del tipo BNC&comma; N&comma; UHF(SO-239)&comma; TNC&comma; Mini-UHF&comma; etc.<\/li>\n<li style='margin-bottom: 5px;'>Rango de Frecuencia: 20-1000 MHz.<\/li>\n<li style='margin-bottom: 5px;'>Potencia m\u00e1x.: 1 kW.<\/li>\n<li style='margin-bottom: 5px;'>Rango de Atenuaci\u00f3n: 35 a 80 dB.<\/li>\n<li style='margin-bottom: 5px;'>VSWR por Inserci\u00f3n: 1.1 m\u00e1x. (2-512 MHz); 1.25 m\u00e1x. (512-1000 MHz).<\/li>\n<li style='margin-bottom: 5px;'>P\u00e9rdida por Inserci\u00f3n: 0.1 dB max. (2-512 MHz); 0.2 dB m\u00e1x. (512-1000 MHz).<\/li>\n<\/ul><\/div>\n<\/p><\/div>\n<hr style='border: 0; border-top: 1px solid rgba(150&comma; 150&comma; 150&comma; 0.3); margin: 30px 0;'> <\/div>\n","protected":false},"excerpt":{"rendered":"<p>Elemento Muestreador de RF con Salida Variable en Atenuaci\u00f3n de 35 a 80 dB, 20-1000 MHz, 1000 W max. (No incluye conectores).<\/p>\n","protected":false},"featured_media":65033,"comment_status":"open","ping_status":"closed","template":"","meta":[],"product_brand":[],"product_cat":[1639],"product_tag":[1641,931,1640],"class_list":{"0":"post-65034","1":"product","2":"type-product","3":"status-publish","4":"has-post-thumbnail","6":"product_cat-wattmetros-y-elementos","7":"product_tag-bird-technologies","8":"product_tag-equipo-de-laboratorio","9":"product_tag-wattmetros-y-elementos","11":"first","12":"outofstock","13":"sale","14":"shipping-taxable","15":"purchasable","16":"product-type-simple"},"_links":{"self":[{"href":"https:\/\/soydeaqui.ddns.net\/pachuca\/index.php\/wp-json\/wp\/v2\/product\/65034","targetHints":{"allow":["GET"]}}],"collection":[{"href":"https:\/\/soydeaqui.ddns.net\/pachuca\/index.php\/wp-json\/wp\/v2\/product"}],"about":[{"href":"https:\/\/soydeaqui.ddns.net\/pachuca\/index.php\/wp-json\/wp\/v2\/types\/product"}],"replies":[{"embeddable":true,"href":"https:\/\/soydeaqui.ddns.net\/pachuca\/index.php\/wp-json\/wp\/v2\/comments?post=65034"}],"wp:featuredmedia":[{"embeddable":true,"href":"https:\/\/soydeaqui.ddns.net\/pachuca\/index.php\/wp-json\/wp\/v2\/media\/65033"}],"wp:attachment":[{"href":"https:\/\/soydeaqui.ddns.net\/pachuca\/index.php\/wp-json\/wp\/v2\/media?parent=65034"}],"wp:term":[{"taxonomy":"product_brand","embeddable":true,"href":"https:\/\/soydeaqui.ddns.net\/pachuca\/index.php\/wp-json\/wp\/v2\/product_brand?post=65034"},{"taxonomy":"product_cat","embeddable":true,"href":"https:\/\/soydeaqui.ddns.net\/pachuca\/index.php\/wp-json\/wp\/v2\/product_cat?post=65034"},{"taxonomy":"product_tag","embeddable":true,"href":"https:\/\/soydeaqui.ddns.net\/pachuca\/index.php\/wp-json\/wp\/v2\/product_tag?post=65034"}],"curies":[{"name":"wp","href":"https:\/\/api.w.org\/{rel}","templated":true}]}}