{"id":65019,"date":"2026-03-19T08:07:16","date_gmt":"2026-03-19T08:07:16","guid":{"rendered":"https:\/\/soydeaqui.ddns.net\/pachuca\/index.php\/producto\/multiacoplador-tx-rx-746-901-mhz-8-canales-19-db-85-264-vca-22-30-vcc\/"},"modified":"2026-03-19T08:07:17","modified_gmt":"2026-03-19T08:07:17","slug":"multiacoplador-tx-rx-746-901-mhz-8-canales-19-db-85-264-vca-22-30-vcc","status":"publish","type":"product","link":"https:\/\/soydeaqui.ddns.net\/pachuca\/index.php\/producto\/multiacoplador-tx-rx-746-901-mhz-8-canales-19-db-85-264-vca-22-30-vcc\/","title":{"rendered":"Multiacoplador TX-RX, 746-901 MHz. 8 Canales, 19 dB, 85-264 Vca \/ 22-30 Vcc."},"content":{"rendered":"<div style='width: 100%; max-width: 1200px; margin: 0 auto; font-family: sans-serif; line-height: 1.6; color: inherit; background-color: transparent;'>\n<div style='display: flex; flex-wrap: wrap; gap: 30px; margin-bottom: 30px;'>\n<div style='flex: 1 1 300px; min-width: 280px;'>\n<h3 style='font-size: 22px; border-bottom: 2px solid currentColor; padding-bottom: 5px; margin-top: 0; color: inherit; opacity: 0.8;'>Caracter\u00edsticas<\/h3>\n<p style='font-size: 15px; color: inherit; margin-top: 0;'> Proporcionan un rendimiento sin igual en un paquete de 1 unidad de rack (1-3\/4 pulgadas) que ahorra espacio. Los LNAs de alto rendimiento muestran una figura de ruido muy bajo mientras proporcionan un punto de intercepci\u00f3n de salida de orden 3 (100% medido) de m\u00e1s de +40 dBm. Los multicouplers est\u00e1n dise\u00f1ados con un exceso de ganancia m\u00ednimo de 10 dB que da m\u00e1xima sensibilidad en aplicaciones rurales. Todas las unidades est\u00e1n dise\u00f1adas para facilitar la expansi\u00f3n&comma; sin cambios en la ganancia del sistema en la mayor\u00eda de los casos. Tres modelos b\u00e1sicos cubren las aplicaciones m\u00e1s populares de 118 &#8211; 901 MHz. <\/p>\n<p style='font-size: 15px; color: inherit; margin-top: 20px;'> Todos los acopladores de receptor BIRD son f\u00e1cilmente expandibles ya sea a\u00f1adiendo divisores de potencia adicionales al chasis existente o mediante la adici\u00f3n de cubierta de 1 unidad-rack. Los modelos BNC de 16 canales tienen 2 conectores BNC terminados para una expansi\u00f3n no invasiva de hasta 16 salidas adicionales en bloques de 8 salidas&comma; sin cambios en el rendimiento o las especificaciones. Todos los cables necesarios con conectores conectados se incluyen en cada kit. <\/p>\n<p style='font-size: 15px; color: inherit; margin-top: 20px;'> <strong>*Pregunte por tiempo de entrega.<\/strong> <\/p>\n<\/p><\/div>\n<\/p><\/div>\n<div style='display: flex; flex-wrap: wrap; gap: 20px; margin-bottom: 30px;'>\n<div style='flex: 1 1 250px; border: 1px solid rgba(150&comma; 150&comma; 150&comma; 0.4); border-radius: 8px; overflow: hidden; display: flex; flex-direction: column;'>\n<div style='padding: 15px; border-bottom: 1px solid rgba(150&comma; 150&comma; 150&comma; 0.2); font-weight: bold; font-size: 18px; color: inherit;'>Especificaciones<\/div>\n<div style='padding: 15px; color: inherit;'>\n<ul style='padding-left: 20px; margin: 0; font-size: 14px; list-style-type: disc;'>\n<li style='margin-bottom: 5px;'><strong>Dise\u00f1o:<\/strong> Montaje en rack 19&#8242; con 1 RU<\/li>\n<li style='margin-bottom: 5px;'><strong>Ancho de banda sintonizado:<\/strong> 746-901 MHz<\/li>\n<li style='margin-bottom: 5px;'><strong>Ganancia del sistema (t\u00edpica):<\/strong> 19 dB<\/li>\n<li style='margin-bottom: 5px;'><strong>Canales:<\/strong> 8<\/li>\n<li style='margin-bottom: 5px;'><strong>Figura del ruido del preamplificador:<\/strong> 0.8 dB<\/li>\n<li style='margin-bottom: 5px;'><strong>Punto de Intercepci\u00f3n de 3er Orden:<\/strong> 39 dBm<\/li>\n<li style='margin-bottom: 5px;'><strong>LNA:<\/strong> Alto rendimiento<\/li>\n<li style='margin-bottom: 5px;'><strong>Alimentaci\u00f3n:<\/strong> Auto-Ajuste 85-264 Vac&comma; 50\/60 Hz<\/li>\n<li style='margin-bottom: 5px;'><strong>Respaldo:<\/strong> 22-30 Vcc<\/li>\n<li style='margin-bottom: 5px;'><strong>Conectores:<\/strong> N Hembra (BNC Opcional)<\/li>\n<li style='margin-bottom: 5px;'><strong>Dimensiones (HWD):<\/strong> 44.5 x 482.6 x 355.6 mm<\/li>\n<li style='margin-bottom: 5px;'><strong>Rango de temperatura:<\/strong> 0\u00ba &#8211; 50 \u00baC<\/li>\n<\/ul><\/div>\n<\/p><\/div>\n<\/p><\/div>\n<hr style='border: 0; border-top: 1px solid rgba(150&comma; 150&comma; 150&comma; 0.3); margin: 30px 0;'> <\/div>\n","protected":false},"excerpt":{"rendered":"<p>Multiacoplador TX-RX, 746-901 MHz. 8 Canales, 19 dB, 85-264 Vca \/ 22-30 Vcc.<\/p>\n","protected":false},"featured_media":65018,"comment_status":"open","ping_status":"closed","template":"","meta":[],"product_brand":[],"product_cat":[1892],"product_tag":[1660,1893,1909],"class_list":{"0":"post-65019","1":"product","2":"type-product","3":"status-publish","4":"has-post-thumbnail","6":"product_cat-tta-y-multiacopladores","7":"product_tag-filtros-y-sistemas-en-rf","8":"product_tag-tta-y-multiacopladores","9":"product_tag-tx-rx-systems-inc","11":"first","12":"outofstock","13":"sale","14":"shipping-taxable","15":"purchasable","16":"product-type-simple"},"_links":{"self":[{"href":"https:\/\/soydeaqui.ddns.net\/pachuca\/index.php\/wp-json\/wp\/v2\/product\/65019","targetHints":{"allow":["GET"]}}],"collection":[{"href":"https:\/\/soydeaqui.ddns.net\/pachuca\/index.php\/wp-json\/wp\/v2\/product"}],"about":[{"href":"https:\/\/soydeaqui.ddns.net\/pachuca\/index.php\/wp-json\/wp\/v2\/types\/product"}],"replies":[{"embeddable":true,"href":"https:\/\/soydeaqui.ddns.net\/pachuca\/index.php\/wp-json\/wp\/v2\/comments?post=65019"}],"wp:featuredmedia":[{"embeddable":true,"href":"https:\/\/soydeaqui.ddns.net\/pachuca\/index.php\/wp-json\/wp\/v2\/media\/65018"}],"wp:attachment":[{"href":"https:\/\/soydeaqui.ddns.net\/pachuca\/index.php\/wp-json\/wp\/v2\/media?parent=65019"}],"wp:term":[{"taxonomy":"product_brand","embeddable":true,"href":"https:\/\/soydeaqui.ddns.net\/pachuca\/index.php\/wp-json\/wp\/v2\/product_brand?post=65019"},{"taxonomy":"product_cat","embeddable":true,"href":"https:\/\/soydeaqui.ddns.net\/pachuca\/index.php\/wp-json\/wp\/v2\/product_cat?post=65019"},{"taxonomy":"product_tag","embeddable":true,"href":"https:\/\/soydeaqui.ddns.net\/pachuca\/index.php\/wp-json\/wp\/v2\/product_tag?post=65019"}],"curies":[{"name":"wp","href":"https:\/\/api.w.org\/{rel}","templated":true}]}}