{"id":64885,"date":"2026-03-19T08:02:49","date_gmt":"2026-03-19T08:02:49","guid":{"rendered":"https:\/\/soydeaqui.ddns.net\/pachuca\/index.php\/producto\/elemento-de-250-watt-en-linea-7-8-para-wattmetro-bird-43-en-rango-de-frecuencia-de-100-a-250-mhz\/"},"modified":"2026-03-19T08:02:50","modified_gmt":"2026-03-19T08:02:50","slug":"elemento-de-250-watt-en-linea-7-8-para-wattmetro-bird-43-en-rango-de-frecuencia-de-100-a-250-mhz","status":"publish","type":"product","link":"https:\/\/soydeaqui.ddns.net\/pachuca\/index.php\/producto\/elemento-de-250-watt-en-linea-7-8-para-wattmetro-bird-43-en-rango-de-frecuencia-de-100-a-250-mhz\/","title":{"rendered":"Elemento de 250 Watt en linea 7\/8&#8243; para Wattmetro BIRD 43 en Rango de Frecuencia de 100 a 250 MHz."},"content":{"rendered":"<div style='width: 100%; max-width: 1200px; margin: 0 auto; font-family: sans-serif; line-height: 1.6; color: inherit; background-color: transparent;'>\n<div style='display: flex; flex-wrap: wrap; gap: 30px; margin-bottom: 30px;'>\n<div style='flex: 1 1 300px; min-width: 280px;'>\n<h3 style='font-size: 22px; border-bottom: 2px solid currentColor; padding-bottom: 5px; margin-top: 0; color: inherit; opacity: 0.8;'>Caracter\u00edsticas<\/h3>\n<ul style='padding-left: 20px; font-size: 15px; color: inherit;'>\n<li style='margin-bottom: 5px;'><strong>Modelo:<\/strong> 250C<\/li>\n<li style='margin-bottom: 5px;'><strong>Capacidad:<\/strong> 250 Watts<\/li>\n<li style='margin-bottom: 15px;'><strong>Rango de Frecuencia:<\/strong> 100-250 MHz<\/li>\n<\/ul><\/div>\n<div style='flex: 1 1 300px; min-width: 280px;'>\n<h3 style='font-size: 22px; border-bottom: 2px solid currentColor; padding-bottom: 5px; margin-top: 0; color: inherit; opacity: 0.8;'>Aplicaci\u00f3n<\/h3>\n<ul style='padding-left: 20px; font-size: 15px; color: inherit;'>\n<li style='margin-bottom: 5px;'>Elemento para Wattmetro BIRD 43<\/li>\n<li style='margin-bottom: 5px;'>Conector tipo 7\/8&#8242; en l\u00ednea<\/li>\n<\/ul><\/div>\n<\/p><\/div>\n<div style='display: flex; flex-wrap: wrap; gap: 30px; margin-bottom: 30px;'>\n<div style='flex: 1 1 300px; min-width: 280px;'>\n<h3 style='font-size: 22px; border-bottom: 2px solid currentColor; padding-bottom: 5px; margin-top: 0; color: inherit; opacity: 0.8;'>Calibraci\u00f3n<\/h3>\n<ul style='padding-left: 20px; font-size: 15px; color: inherit;'>\n<li style='margin-bottom: 5px;'>Elementos calibrados seg\u00fan procedimientos BIRD<\/li>\n<li style='margin-bottom: 5px;'>Calibraci\u00f3n con historial de desviaci\u00f3n<\/li>\n<li style='margin-bottom: 5px;'>Intercambiabilidad con equipos anteriores<\/li>\n<\/ul><\/div>\n<div style='flex: 1 1 300px; min-width: 280px;'>\n<h3 style='font-size: 22px; border-bottom: 2px solid currentColor; padding-bottom: 5px; margin-top: 0; color: inherit; opacity: 0.8;'>Rangos de Operaci\u00f3n<\/h3>\n<ul style='padding-left: 20px; font-size: 15px; color: inherit;'>\n<li style='margin-bottom: 5px;'><strong>100-250 MHz<\/strong><\/li>\n<li style='margin-bottom: 5px;'>Potencia de 5W a 1000W<\/li>\n<\/ul><\/div>\n<\/p><\/div>\n<div style='display: flex; flex-wrap: wrap; gap: 20px; margin-bottom: 30px;'>\n<div style='flex: 1 1 250px; border: 1px solid rgba(150&comma; 150&comma; 150&comma; 0.4); border-radius: 8px; overflow: hidden; display: flex; flex-direction: column;'>\n<div style='padding: 15px; border-bottom: 1px solid rgba(150&comma; 150&comma; 150&comma; 0.2); font-weight: bold; font-size: 18px; color: inherit;'>Modelos Similares<\/div>\n<div style='padding: 15px; color: inherit;'>\n<ul style='padding-left: 20px; margin: 0; font-size: 14px; list-style-type: disc; color: inherit;'>\n<li style='margin-bottom: 5px;'><strong>5C:<\/strong> 100-250 MHz &#8211; 5W<\/li>\n<li style='margin-bottom: 5px;'><strong>10C:<\/strong> 100-250 MHz &#8211; 10W<\/li>\n<li style='margin-bottom: 5px;'><strong>25C:<\/strong> 100-250 MHz &#8211; 25W<\/li>\n<li style='margin-bottom: 5px;'><strong>50C:<\/strong> 100-250 MHz &#8211; 50W<\/li>\n<li style='margin-bottom: 5px;'><strong>100C:<\/strong> 100-250 MHz &#8211; 100W<\/li>\n<li style='margin-bottom: 5px;'><strong>250C:<\/strong> 100-250 MHz &#8211; 250W<\/li>\n<li style='margin-bottom: 5px;'><strong>500C:<\/strong> 100-250 MHz &#8211; 500W<\/li>\n<li style='margin-bottom: 5px;'><strong>1000C:<\/strong> 100-250 MHz &#8211; 1000W<\/li>\n<\/ul><\/div>\n<\/p><\/div>\n<div style='flex: 1 1 250px; border: 1px solid rgba(150&comma; 150&comma; 150&comma; 0.4); border-radius: 8px; overflow: hidden; display: flex; flex-direction: column;'>\n<div style='padding: 15px; border-bottom: 1px solid rgba(150&comma; 150&comma; 150&comma; 0.2); font-weight: bold; font-size: 18px; color: inherit;'>Rangos de Frecuencia<\/div>\n<div style='padding: 15px; color: inherit;'>\n<ul style='padding-left: 20px; margin: 0; font-size: 14px; list-style-type: disc; color: inherit;'>\n<li style='margin-bottom: 5px;'><strong>2-30 MHz:<\/strong> Modelos H<\/li>\n<li style='margin-bottom: 5px;'><strong>50-125 MHz:<\/strong> Modelos B<\/li>\n<li style='margin-bottom: 5px;'><strong>100-250 MHz:<\/strong> Modelos C<\/li>\n<li style='margin-bottom: 5px;'><strong>200-500 MHz:<\/strong> Modelos D<\/li>\n<\/ul><\/div>\n<\/p><\/div>\n<\/p><\/div>\n<div style='display: flex; flex-wrap: wrap; gap: 20px; margin-bottom: 30px;'>\n<div style='flex: 1 1 250px; border: 1px solid rgba(150&comma; 150&comma; 150&comma; 0.4); border-radius: 8px; overflow: hidden; display: flex; flex-direction: column;'>\n<div style='padding: 15px; border-bottom: 1px solid rgba(150&comma; 150&comma; 150&comma; 0.2); font-weight: bold; font-size: 18px; color: inherit;'>Modelos por Potencia<\/div>\n<div style='padding: 15px; color: inherit;'>\n<ul style='padding-left: 20px; margin: 0; font-size: 14px; list-style-type: disc; color: inherit;'>\n<li style='margin-bottom: 5px;'><strong>5-5000 W:<\/strong> Modelos H<\/li>\n<li style='margin-bottom: 5px;'><strong>5-1000 W:<\/strong> Modelos B<\/li>\n<li style='margin-bottom: 5px;'><strong>5-1000 W:<\/strong> Modelos C<\/li>\n<li style='margin-bottom: 5px;'><strong>5-1000 W:<\/strong> Modelos D<\/li>\n<\/ul><\/div>\n<\/p><\/div>\n<div style='flex: 1 1 250px; border: 1px solid rgba(150&comma; 150&comma; 150&comma; 0.4); border-radius: 8px; overflow: hidden; display: flex; flex-direction: column;'>\n<div style='padding: 15px; border-bottom: 1px solid rgba(150&comma; 150&comma; 150&comma; 0.2); font-weight: bold; font-size: 18px; color: inherit;'>Aplicaci\u00f3n<\/div>\n<div style='padding: 15px; color: inherit;'>\n<ul style='padding-left: 20px; margin: 0; font-size: 14px; list-style-type: disc; color: inherit;'>\n<li style='margin-bottom: 5px;'>Para medici\u00f3n de potencia en transmisores<\/li>\n<li style='margin-bottom: 5px;'>Uso en sistemas de radiodifusi\u00f3n<\/li>\n<li style='margin-bottom: 5px;'>Monitor de l\u00ednea de transmisi\u00f3n<\/li>\n<\/ul><\/div>\n<\/p><\/div>\n<\/p><\/div>\n<hr style='border: 0; border-top: 1px solid rgba(150&comma; 150&comma; 150&comma; 0.3); margin: 30px 0;'>\n<div style='display: flex; flex-wrap: wrap; gap: 30px; margin-bottom: 30px;'>\n<div style='flex: 1 1 300px; min-width: 280px;'>\n<h3 style='font-size: 22px; border-bottom: 2px solid currentColor; padding-bottom: 5px; margin-top: 0; color: inherit; opacity: 0.8;'>Especificaciones<\/h3>\n<ul style='padding-left: 20px; font-size: 15px; color: inherit;'>\n<li style='margin-bottom: 5px;'><strong>Precisi\u00f3n:<\/strong> \u00b16% de lectura<\/li>\n<li style='margin-bottom: 5px;'><strong>VSWR:<\/strong> 1.1:1 m\u00e1ximo<\/li>\n<li style='margin-bottom: 5px;'><strong>Conector:<\/strong> 7\/8&#8242; en l\u00ednea<\/li>\n<li style='margin-bottom: 5px;'><strong>Temperatura:<\/strong> -50\u00b0C a +85\u00b0C<\/li>\n<li style='margin-bottom: 5px;'><strong>Dimensi\u00f3n:<\/strong> 3.7&#8242; x 1.5&#8242; x 1.5&#8242; (94 x 38 x 38 mm)<\/li>\n<li style='margin-bottom: 5px;'><strong>Peso:<\/strong> 0.4 lbs (0.18 kg)<\/li>\n<\/ul><\/div>\n<div style='flex: 1 1 300px; min-width: 280px;'>\n<h3 style='font-size: 22px; border-bottom: 2px solid currentColor; padding-bottom: 5px; margin-top: 0; color: inherit; opacity: 0.8;'>Caracter\u00edsticas T\u00e9cnicas<\/h3>\n<ul style='padding-left: 20px; font-size: 15px; color: inherit;'>\n<li style='margin-bottom: 5px;'>Elemento de medici\u00f3n de alta precisi\u00f3n<\/li>\n<li style='margin-bottom: 5px;'>Material de construcci\u00f3n resistente<\/li>\n<li style='margin-bottom: 5px;'>Dise\u00f1o compacto para f\u00e1cil instalaci\u00f3n<\/li>\n<li style='margin-bottom: 5px;'>Operaci\u00f3n en ambientes extremos<\/li>\n<\/ul><\/div>\n<\/p><\/div>\n<\/p><\/div>\n","protected":false},"excerpt":{"rendered":"<p>Elemento de 250 Watt en linea 7\/8&#8243; para Wattmetro BIRD 43 en Rango de Frecuencia de 100 a 250 MHz.<\/p>\n","protected":false},"featured_media":64884,"comment_status":"open","ping_status":"closed","template":"","meta":[],"product_brand":[],"product_cat":[1639],"product_tag":[1641,931,1640],"class_list":{"0":"post-64885","1":"product","2":"type-product","3":"status-publish","4":"has-post-thumbnail","6":"product_cat-wattmetros-y-elementos","7":"product_tag-bird-technologies","8":"product_tag-equipo-de-laboratorio","9":"product_tag-wattmetros-y-elementos","11":"first","12":"outofstock","13":"sale","14":"shipping-taxable","15":"purchasable","16":"product-type-simple"},"_links":{"self":[{"href":"https:\/\/soydeaqui.ddns.net\/pachuca\/index.php\/wp-json\/wp\/v2\/product\/64885","targetHints":{"allow":["GET"]}}],"collection":[{"href":"https:\/\/soydeaqui.ddns.net\/pachuca\/index.php\/wp-json\/wp\/v2\/product"}],"about":[{"href":"https:\/\/soydeaqui.ddns.net\/pachuca\/index.php\/wp-json\/wp\/v2\/types\/product"}],"replies":[{"embeddable":true,"href":"https:\/\/soydeaqui.ddns.net\/pachuca\/index.php\/wp-json\/wp\/v2\/comments?post=64885"}],"wp:featuredmedia":[{"embeddable":true,"href":"https:\/\/soydeaqui.ddns.net\/pachuca\/index.php\/wp-json\/wp\/v2\/media\/64884"}],"wp:attachment":[{"href":"https:\/\/soydeaqui.ddns.net\/pachuca\/index.php\/wp-json\/wp\/v2\/media?parent=64885"}],"wp:term":[{"taxonomy":"product_brand","embeddable":true,"href":"https:\/\/soydeaqui.ddns.net\/pachuca\/index.php\/wp-json\/wp\/v2\/product_brand?post=64885"},{"taxonomy":"product_cat","embeddable":true,"href":"https:\/\/soydeaqui.ddns.net\/pachuca\/index.php\/wp-json\/wp\/v2\/product_cat?post=64885"},{"taxonomy":"product_tag","embeddable":true,"href":"https:\/\/soydeaqui.ddns.net\/pachuca\/index.php\/wp-json\/wp\/v2\/product_tag?post=64885"}],"curies":[{"name":"wp","href":"https:\/\/api.w.org\/{rel}","templated":true}]}}