{"id":64846,"date":"2026-03-19T08:01:35","date_gmt":"2026-03-19T08:01:35","guid":{"rendered":"https:\/\/soydeaqui.ddns.net\/pachuca\/index.php\/producto\/duplexer-pasa-banda-rechazo-de-banda-144-174-mhz-4-cavidades-de-6-625-diametro-500-khz-400-watt-bnc-hembras\/"},"modified":"2026-03-19T08:01:41","modified_gmt":"2026-03-19T08:01:41","slug":"duplexer-pasa-banda-rechazo-de-banda-144-174-mhz-4-cavidades-de-6-625-diametro-500-khz-400-watt-bnc-hembras","status":"publish","type":"product","link":"https:\/\/soydeaqui.ddns.net\/pachuca\/index.php\/producto\/duplexer-pasa-banda-rechazo-de-banda-144-174-mhz-4-cavidades-de-6-625-diametro-500-khz-400-watt-bnc-hembras\/","title":{"rendered":"Duplexer Pasa Banda-Rechazo de Banda, 144-174 MHz, 4 Cavidades de 6.625&#8243; Di\u00e1metro, 500 KHz, 400 Watt, BNC Hembras."},"content":{"rendered":"<div style='width: 100%; max-width: 1200px; margin: 0 auto; font-family: sans-serif; line-height: 1.6; color: inherit; background-color: transparent;'>\n<div style='display: flex; flex-wrap: wrap; gap: 30px; margin-bottom: 30px;'>\n<div style='flex: 1 1 300px; min-width: 280px;'>\n<h3 style='font-size: 22px; border-bottom: 2px solid currentColor; padding-bottom: 5px; margin-top: 0; color: inherit; opacity: 0.8;'>Especificaciones T\u00e9cnicas<\/h3>\n<ul style='padding-left: 20px; font-size: 15px; color: inherit;'>\n<li style='margin-bottom: 5px;'>Tecnolog\u00eda Vari-Notch para optimizar las especificaciones de aislamiento<\/li>\n<li style='margin-bottom: 5px;'><strong>Rango de Frecuencia:<\/strong> 144-174 MHz<\/li>\n<li style='margin-bottom: 5px;'><strong>N\u00famero de Cavidades:<\/strong> 4 (6.625&#8242; Di\u00e1metro)<\/li>\n<li style='margin-bottom: 5px;'><strong>Separaci\u00f3n Tx-Tx (m\u00edn.):<\/strong> 500 kHz<\/li>\n<li style='margin-bottom: 5px;'><strong>Potencia de Entrada (m\u00e1x.):<\/strong> 400 Watt<\/li>\n<li style='margin-bottom: 5px;'><strong>Impedancia \/ VSWR:<\/strong> 50 Ohm \/ 1.3:1<\/li>\n<li style='margin-bottom: 5px;'><strong>Aislamiento por Canal:<\/strong> 85 dB<\/li>\n<li style='margin-bottom: 5px;'><strong>P\u00e9rdida por Inserci\u00f3n (m\u00e1x.):<\/strong> 1.5 dB<\/li>\n<li style='margin-bottom: 5px;'><strong>Montaje:<\/strong> Dise\u00f1ados para Rack 19&#8242;<\/li>\n<li style='margin-bottom: 5px;'><strong>Rango de temperatura:<\/strong> -40\u00b0C a 80\u00baC<\/li>\n<li style='margin-bottom: 5px;'><strong>Conectores:<\/strong> BNC Hembra (Adaptadores BNC Macho a N Hembra Incluidos)<\/li>\n<li style='margin-bottom: 5px;'><strong>Dimensiones (Alto x Ancho x Fondo):<\/strong> 83.8 x 48.3 x 30.5 cm (33&#8242; x 19&#8242; x 12&#8242;)<\/li>\n<li style='margin-bottom: 5px;'><strong>Dimensiones para Gabinete:<\/strong> 91.4 x 55.9 x 37.6 cm (36&#8242; x 22&#8242; x 14.8&#8242;)<\/li>\n<\/ul><\/div>\n<\/p><\/div>\n<div style='display: flex; flex-wrap: wrap; gap: 30px; margin-bottom: 30px;'>\n<div style='flex: 1 1 300px; min-width: 280px;'>\n<h3 style='font-size: 22px; border-bottom: 2px solid currentColor; padding-bottom: 5px; margin-top: 0; color: inherit; opacity: 0.8;'>Caracter\u00edsticas Principales<\/h3>\n<ul style='padding-left: 20px; font-size: 15px; color: inherit;'>\n<li style='margin-bottom: 5px;'>Duplexer Pasa Banda\/Rechazo de Banda<\/li>\n<li style='margin-bottom: 5px;'><strong>Frecuencia:<\/strong> 144-174 MHz<\/li>\n<li style='margin-bottom: 5px;'><strong>Separaci\u00f3n de Frecuencia:<\/strong> 500 KHz<\/li>\n<li style='margin-bottom: 5px;'><strong>Potencia:<\/strong> 400 Watt<\/li>\n<\/ul><\/div>\n<\/p><\/div>\n<div style='display: flex; flex-wrap: wrap; gap: 30px; margin-bottom: 30px;'>\n<div style='flex: 1 1 300px; min-width: 280px;'>\n<p style='color: inherit; font-size: 15px;'><strong>*Pregunte por Disponibilidad<\/strong><\/p>\n<\/p><\/div>\n<\/p><\/div>\n<\/p><\/div>\n","protected":false},"excerpt":{"rendered":"<p>Duplexer Pasa Banda-Rechazo de Banda, 144-174 MHz, 4 Cavidades de 6.625&#8243; Di\u00e1metro, 500 KHz, 400 Watt, BNC Hembras.<\/p>\n","protected":false},"featured_media":64845,"comment_status":"open","ping_status":"closed","template":"","meta":[],"product_brand":[],"product_cat":[1759],"product_tag":[1760,1660,1909],"class_list":{"0":"post-64846","1":"product","2":"type-product","3":"status-publish","4":"has-post-thumbnail","6":"product_cat-duplexers","7":"product_tag-duplexers","8":"product_tag-filtros-y-sistemas-en-rf","9":"product_tag-tx-rx-systems-inc","11":"first","12":"outofstock","13":"sale","14":"shipping-taxable","15":"purchasable","16":"product-type-simple"},"_links":{"self":[{"href":"https:\/\/soydeaqui.ddns.net\/pachuca\/index.php\/wp-json\/wp\/v2\/product\/64846","targetHints":{"allow":["GET"]}}],"collection":[{"href":"https:\/\/soydeaqui.ddns.net\/pachuca\/index.php\/wp-json\/wp\/v2\/product"}],"about":[{"href":"https:\/\/soydeaqui.ddns.net\/pachuca\/index.php\/wp-json\/wp\/v2\/types\/product"}],"replies":[{"embeddable":true,"href":"https:\/\/soydeaqui.ddns.net\/pachuca\/index.php\/wp-json\/wp\/v2\/comments?post=64846"}],"wp:featuredmedia":[{"embeddable":true,"href":"https:\/\/soydeaqui.ddns.net\/pachuca\/index.php\/wp-json\/wp\/v2\/media\/64845"}],"wp:attachment":[{"href":"https:\/\/soydeaqui.ddns.net\/pachuca\/index.php\/wp-json\/wp\/v2\/media?parent=64846"}],"wp:term":[{"taxonomy":"product_brand","embeddable":true,"href":"https:\/\/soydeaqui.ddns.net\/pachuca\/index.php\/wp-json\/wp\/v2\/product_brand?post=64846"},{"taxonomy":"product_cat","embeddable":true,"href":"https:\/\/soydeaqui.ddns.net\/pachuca\/index.php\/wp-json\/wp\/v2\/product_cat?post=64846"},{"taxonomy":"product_tag","embeddable":true,"href":"https:\/\/soydeaqui.ddns.net\/pachuca\/index.php\/wp-json\/wp\/v2\/product_tag?post=64846"}],"curies":[{"name":"wp","href":"https:\/\/api.w.org\/{rel}","templated":true}]}}