{"id":64772,"date":"2026-03-19T07:59:22","date_gmt":"2026-03-19T07:59:22","guid":{"rendered":"https:\/\/soydeaqui.ddns.net\/pachuca\/index.php\/producto\/potenciometro-cermet-trimer-de-200k-ohm-1-vuelta-0-250-diam-0-5-watt-terminales-para-pcb\/"},"modified":"2026-03-19T07:59:23","modified_gmt":"2026-03-19T07:59:23","slug":"potenciometro-cermet-trimer-de-200k-ohm-1-vuelta-0-250-diam-0-5-watt-terminales-para-pcb","status":"publish","type":"product","link":"https:\/\/soydeaqui.ddns.net\/pachuca\/index.php\/producto\/potenciometro-cermet-trimer-de-200k-ohm-1-vuelta-0-250-diam-0-5-watt-terminales-para-pcb\/","title":{"rendered":"Potenci\u00f3metro Cermet Trimer de 200k Ohm, 1 Vuelta, 0.250&#8243; Diam., 0.5 Watt, Terminales para PCB."},"content":{"rendered":"<div style='width: 100%; max-width: 1200px; margin: 0 auto; font-family: sans-serif; line-height: 1.6; color: inherit; background-color: transparent;'>\n<div style='display: flex; flex-wrap: wrap; gap: 30px; margin-bottom: 30px;'>\n<div style='flex: 1 1 300px; min-width: 280px;'>\n<h3 style='font-size: 22px; border-bottom: 2px solid currentColor; padding-bottom: 5px; margin-top: 0; color: inherit; opacity: 0.8;'>Caracter\u00edsticas Principales<\/h3>\n<ul style='padding-left: 20px; font-size: 15px; color: inherit;'>\n<li style='margin-bottom: 5px;'>Potenci\u00f3metro cermet trimer de 200k ohm<\/li>\n<li style='margin-bottom: 5px;'>1 vuelta para ajuste preciso<\/li>\n<li style='margin-bottom: 5px;'>Di\u00e1metro de 0.250&#8242; para encaje compacto<\/li>\n<li style='margin-bottom: 5px;'>Potencia nominal de 0.5 watt<\/li>\n<li style='margin-bottom: 5px;'>Terminales dise\u00f1ados para montaje en PCB<\/li>\n<\/ul><\/div>\n<div style='flex: 1 1 300px; min-width: 280px;'>\n<h3 style='font-size: 22px; border-bottom: 2px solid currentColor; padding-bottom: 5px; margin-top: 0; color: inherit; opacity: 0.8;'>Especificaciones El\u00e9ctricas<\/h3>\n<ul style='padding-left: 20px; font-size: 15px; color: inherit;'>\n<li style='margin-bottom: 5px;'><strong>Rango de Resistencia:<\/strong> 10\u03a9 a 1M\u03a9<\/li>\n<li style='margin-bottom: 5px;'><strong>Tolerancia:<\/strong> \u00b110% est\u00e1ndar<\/li>\n<li style='margin-bottom: 5px;'><strong>Resoluci\u00f3n:<\/strong> Infinita<\/li>\n<li style='margin-bottom: 5px;'><strong>Resistencia de Contacto:<\/strong> 0.46\u03a9 \u00b10.05\u03a9<\/li>\n<li style='margin-bottom: 5px;'><strong>Estabilidad de Contacto:<\/strong> \u00b10.05% (3 ciclos)<\/li>\n<li style='margin-bottom: 5px;'><strong>Resistencia de Ajuste:<\/strong> \u00b10.15%<\/li>\n<li style='margin-bottom: 5px;'><strong>Resistencia de Aislamiento:<\/strong> 1&comma;000M\u03a9 m\u00edn. a 500Vdc<\/li>\n<li style='margin-bottom: 5px;'><strong>Resistencia de Diel\u00e9ctrico:<\/strong> 600VAC a nivel del mar<\/li>\n<li style='margin-bottom: 5px;'><strong>Tensi\u00f3n M\u00e1xima:<\/strong> 300Vdc<\/li>\n<\/ul><\/div>\n<div style='flex: 1 1 300px; min-width: 280px;'>\n<h3 style='font-size: 22px; border-bottom: 2px solid currentColor; padding-bottom: 5px; margin-top: 0; color: inherit; opacity: 0.8;'>Especificaciones Mec\u00e1nicas<\/h3>\n<ul style='padding-left: 20px; font-size: 15px; color: inherit;'>\n<li style='margin-bottom: 10px;'><strong>\u00c1ngulo de Ajuste:<\/strong> 240\u00b0 nominal<\/li>\n<li style='margin-bottom: 10px;'><strong>\u00c1ngulo Mec\u00e1nico:<\/strong> 260\u00b0 nominal<\/li>\n<li style='margin-bottom: 10px;'><strong>Par de Rotaci\u00f3n:<\/strong> 5.0 oz-in. m\u00e1ximo<\/li>\n<li style='margin-bottom: 10px;'><strong>Resistencia al Par:<\/strong> 5.0 oz-in. m\u00ednimo<\/li>\n<li style='margin-bottom: 10px;'><strong>Material de Terminales:<\/strong> Pines soldables<\/li>\n<li style='margin-bottom: 10px;'><strong>Peso:<\/strong> 0.02 oz<\/li>\n<li style='margin-bottom: 10px;'><strong>Di\u00e1metro:<\/strong> 0.250&#8242; \u00b10.020&#8242; (6.35mm \u00b10.51mm)<\/li>\n<\/ul><\/div>\n<\/p><\/div>\n<div style='display: flex; flex-wrap: wrap; gap: 20px; margin-bottom: 30px;'>\n<div style='flex: 1 1 250px; border: 1px solid rgba(150&comma; 150&comma; 150&comma; 0.4); border-radius: 8px; overflow: hidden; display: flex; flex-direction: column;'>\n<div style='padding: 15px; border-bottom: 1px solid rgba(150&comma; 150&comma; 150&comma; 0.2); font-weight: bold; font-size: 18px; color: inherit;'>Especificaciones T\u00e9rmicas<\/div>\n<div style='padding: 15px; color: inherit;'>\n<ul style='padding-left: 20px; margin: 0; font-size: 14px; list-style-type: disc;'>\n<li style='margin-bottom: 5px;'><strong>Rango de Temperatura:<\/strong> -55\u00b0C a +150\u00b0C<\/li>\n<li style='margin-bottom: 5px;'><strong>Coeficiente T\u00e9rmico:<\/strong> \u00b1100 ppm\/\u00b0C<\/li>\n<li style='margin-bottom: 5px;'><strong>Clasificaci\u00f3n de Sellado:<\/strong> Prueba con Fluorinert a 85\u00b0C<\/li>\n<li style='margin-bottom: 5px;'><strong>Disipaci\u00f3n de Potencia:<\/strong> 0.5W a 85\u00b0C<\/li>\n<li style='margin-bottom: 5px;'><strong>Disipaci\u00f3n a 150\u00b0C:<\/strong> 0W<\/li>\n<\/ul><\/div>\n<\/p><\/div>\n<div style='flex: 1 1 250px; border: 1px solid rgba(150&comma; 150&comma; 150&comma; 0.4); border-radius: 8px; overflow: hidden; display: flex; flex-direction: column;'>\n<div style='padding: 15px; border-bottom: 1px solid rgba(150&comma; 150&comma; 150&comma; 0.2); font-weight: bold; font-size: 18px; color: inherit;'>Durabilidad<\/div>\n<div style='padding: 15px; color: inherit;'>\n<ul style='padding-left: 20px; margin: 0; font-size: 14px; list-style-type: disc;'>\n<li style='margin-bottom: 5px;'><strong>Vida Mec\u00e1nica:<\/strong> 1&comma;000 horas<\/li>\n<li style='margin-bottom: 5px;'><strong>Vida Rotacional:<\/strong> 200 ciclos<\/li>\n<li style='margin-bottom: 5px;'><strong>Vibraci\u00f3n:<\/strong> 30G (1% \u0394TR; 1% \u0394VR)<\/li>\n<li style='margin-bottom: 5px;'><strong>Choque:<\/strong> 100G (1% \u0394TR; 1% \u0394VR)<\/li>\n<li style='margin-bottom: 5px;'><strong>Humedad:<\/strong> MIL-STD-202 M\u00e9todo 103<\/li>\n<\/ul><\/div>\n<\/p><\/div>\n<div style='flex: 1 1 250px; border: 1px solid rgba(150&comma; 150&comma; 150&comma; 0.4); border-radius: 8px; overflow: hidden; display: flex; flex-direction: column;'>\n<div style='padding: 15px; border-bottom: 1px solid rgba(150&comma; 150&comma; 150&comma; 0.2); font-weight: bold; font-size: 18px; color: inherit;'>Opciones y Marcado<\/div>\n<div style='padding: 15px; color: inherit;'>\n<ul style='padding-left: 20px; margin: 0; font-size: 14px; list-style-type: disc;'>\n<li style='margin-bottom: 5px;'><strong>Estilo de Empaque:<\/strong> 50 piezas por tubo<\/li>\n<li style='margin-bottom: 5px;'><strong>Herramienta de Ajuste:<\/strong> H-90<\/li>\n<li style='margin-bottom: 5px;'><strong>Terminales:<\/strong> Opciones est\u00e1ndar disponibles<\/li>\n<li style='margin-bottom: 5px;'><strong>Revestimiento:<\/strong> 100% esta\u00f1o (RoHS) o 90\/10 esta\u00f1o\/plomo<\/li>\n<li style='margin-bottom: 5px;'><strong>Identificaci\u00f3n:<\/strong> Marca del fabricante&comma; c\u00f3digo de resistencia&comma; fecha y modelo<\/li>\n<\/ul><\/div>\n<\/p><\/div>\n<\/p><\/div>\n<hr style='border: 0; border-top: 1px solid rgba(150&comma; 150&comma; 150&comma; 0.3); margin: 30px 0;'>\n<div style='display: flex; flex-wrap: wrap; gap: 30px; margin-bottom: 30px;'>\n<div style='flex: 1 1 300px; min-width: 280px;'>\n<h3 style='font-size: 22px; border-bottom: 2px solid currentColor; padding-bottom: 5px; margin-top: 0; color: inherit; opacity: 0.8;'>Aplicaciones<\/h3>\n<ul style='padding-left: 20px; font-size: 15px; color: inherit;'>\n<li style='margin-bottom: 5px;'>Ajuste de precisi\u00f3n en equipos industriales<\/li>\n<li style='margin-bottom: 5px;'>Electr\u00f3nica de control y automatizaci\u00f3n<\/li>\n<li style='margin-bottom: 5px;'>Instrumentaci\u00f3n y medici\u00f3n<\/li>\n<li style='margin-bottom: 5px;'>Sistemas de telecomunicaciones<\/li>\n<li style='margin-bottom: 5px;'>Electr\u00f3nica automotriz<\/li>\n<\/ul><\/div>\n<div style='flex: 1 1 300px; min-width: 280px;'>\n<h3 style='font-size: 22px; border-bottom: 2px solid currentColor; padding-bottom: 5px; margin-top: 0; color: inherit; opacity: 0.8;'>Est\u00e1ndares y Certificaciones<\/h3>\n<ul style='padding-left: 20px; font-size: 15px; color: inherit;'>\n<li style='margin-bottom: 5px;'>Conforme a RoHS (directiva 2015\/863)<\/li>\n<li style='margin-bottom: 5px;'>Lista en QPL para estilo RJ50 seg\u00fan MIL-PRF-22097<\/li>\n<li style='margin-bottom: 5px;'>Versi\u00f3n High-Rel bajo MIL-PRF-39035<\/li>\n<li style='margin-bottom: 5px;'>Cumple con especificaci\u00f3n EIA 468<\/li>\n<li style='margin-bottom: 5px;'>Empaque antielectrost\u00e1tico ANSI\/ESD 5541-2003<\/li>\n<\/ul><\/div>\n<\/p><\/div>\n<div style='display: flex; flex-wrap: wrap; gap: 30px; margin-bottom: 30px;'>\n<div style='flex: 1 1 300px; min-width: 280px;'>\n<h3 style='font-size: 22px; border-bottom: 2px solid currentColor; padding-bottom: 5px; margin-top: 0; color: inherit; opacity: 0.8;'>Notas de Seguridad<\/h3>\n<p style='font-size: 15px; color: inherit; margin-bottom: 15px;'>Este producto contiene qu\u00edmicos reconocidos por el estado de California como causantes de c\u00e1ncer y da\u00f1o reproductivo. Para m\u00e1s informaci\u00f3n visite: www.P65Warnings.ca.gov<\/p>\n<\/p><\/div>\n<\/p><\/div>\n<\/p><\/div>\n","protected":false},"excerpt":{"rendered":"<p>Potenci\u00f3metro Cermet Trimer de 200k Ohm, 1 Vuelta, 0.250&#8243; Diam., 0.5 Watt, Terminales para PCB.<\/p>\n","protected":false},"featured_media":64771,"comment_status":"open","ping_status":"closed","template":"","meta":[],"product_brand":[],"product_cat":[1501],"product_tag":[1502,751,63],"class_list":{"0":"post-64772","1":"product","2":"type-product","3":"status-publish","4":"has-post-thumbnail","6":"product_cat-miscelaneo","7":"product_tag-miscelaneo","8":"product_tag-refacciones","9":"product_tag-syscom","11":"first","12":"instock","13":"sale","14":"shipping-taxable","15":"purchasable","16":"product-type-simple"},"_links":{"self":[{"href":"https:\/\/soydeaqui.ddns.net\/pachuca\/index.php\/wp-json\/wp\/v2\/product\/64772","targetHints":{"allow":["GET"]}}],"collection":[{"href":"https:\/\/soydeaqui.ddns.net\/pachuca\/index.php\/wp-json\/wp\/v2\/product"}],"about":[{"href":"https:\/\/soydeaqui.ddns.net\/pachuca\/index.php\/wp-json\/wp\/v2\/types\/product"}],"replies":[{"embeddable":true,"href":"https:\/\/soydeaqui.ddns.net\/pachuca\/index.php\/wp-json\/wp\/v2\/comments?post=64772"}],"wp:featuredmedia":[{"embeddable":true,"href":"https:\/\/soydeaqui.ddns.net\/pachuca\/index.php\/wp-json\/wp\/v2\/media\/64771"}],"wp:attachment":[{"href":"https:\/\/soydeaqui.ddns.net\/pachuca\/index.php\/wp-json\/wp\/v2\/media?parent=64772"}],"wp:term":[{"taxonomy":"product_brand","embeddable":true,"href":"https:\/\/soydeaqui.ddns.net\/pachuca\/index.php\/wp-json\/wp\/v2\/product_brand?post=64772"},{"taxonomy":"product_cat","embeddable":true,"href":"https:\/\/soydeaqui.ddns.net\/pachuca\/index.php\/wp-json\/wp\/v2\/product_cat?post=64772"},{"taxonomy":"product_tag","embeddable":true,"href":"https:\/\/soydeaqui.ddns.net\/pachuca\/index.php\/wp-json\/wp\/v2\/product_tag?post=64772"}],"curies":[{"name":"wp","href":"https:\/\/api.w.org\/{rel}","templated":true}]}}