{"id":64733,"date":"2026-03-19T07:58:04","date_gmt":"2026-03-19T07:58:04","guid":{"rendered":"https:\/\/soydeaqui.ddns.net\/pachuca\/index.php\/producto\/elemento-de-500-watt-en-linea-7-8-para-wattmetro-bird-43-en-rango-de-frecuencia-de-25-a-60-mhz\/"},"modified":"2026-03-19T07:58:04","modified_gmt":"2026-03-19T07:58:04","slug":"elemento-de-500-watt-en-linea-7-8-para-wattmetro-bird-43-en-rango-de-frecuencia-de-25-a-60-mhz","status":"publish","type":"product","link":"https:\/\/soydeaqui.ddns.net\/pachuca\/index.php\/producto\/elemento-de-500-watt-en-linea-7-8-para-wattmetro-bird-43-en-rango-de-frecuencia-de-25-a-60-mhz\/","title":{"rendered":"Elemento de 500 Watt en L\u00ednea 7\/8&#8243; para Wattmetro BIRD 43 en Rango de Frecuencia de 25 a 60 MHz."},"content":{"rendered":"<div style='width: 100%; max-width: 1200px; margin: 0 auto; font-family: sans-serif; line-height: 1.6; color: inherit; background-color: transparent;'>\n<div style='display: flex; flex-wrap: wrap; gap: 30px; margin-bottom: 30px;'>\n<div style='flex: 1 1 300px; min-width: 280px;'>\n<h3 style='font-size: 22px; border-bottom: 2px solid currentColor; padding-bottom: 5px; margin-top: 0; color: inherit; opacity: 0.8;'>Caracter\u00edsticas<\/h3>\n<ul style='padding-left: 20px; font-size: 15px; color: inherit;'>\n<li style='margin-bottom: 5px;'>Elemento de 500W para Wattmetro BIRD 43<\/li>\n<li style='margin-bottom: 5px;'>Rango de frecuencia: 25 a 60 MHz<\/li>\n<li style='margin-bottom: 5px;'>Tama\u00f1o: 7\/8&#8242; en l\u00ednea<\/li>\n<li style='margin-bottom: 5px;'>Calibrados seg\u00fan est\u00e1ndares BIRD<\/li>\n<li style='margin-bottom: 5px;'>Intercambiables en campo<\/li>\n<\/ul><\/div>\n<div style='flex: 1 1 300px; min-width: 280px;'>\n<h3 style='font-size: 22px; border-bottom: 2px solid currentColor; padding-bottom: 5px; margin-top: 0; color: inherit; opacity: 0.8;'>Especificaciones<\/h3>\n<ul style='padding-left: 20px; font-size: 15px; color: inherit;'>\n<li style='margin-bottom: 5px;'>Precisi\u00f3n: \u00b15% de 10 a 100% de escala<\/li>\n<li style='margin-bottom: 5px;'>Impedancia: 50 ohmios<\/li>\n<li style='margin-bottom: 5px;'>SWR: M\u00e1ximo 1.1:1<\/li>\n<li style='margin-bottom: 5px;'>Conector de entrada: N hembra<\/li>\n<li style='margin-bottom: 5px;'>Conector de salida: N hembra<\/li>\n<li style='margin-bottom: 5px;'>Temperatura de operaci\u00f3n: -30\u00b0C a +65\u00b0C<\/li>\n<\/ul><\/div>\n<\/p><\/div>\n<div style='margin-bottom: 30px;'>\n<h3 style='font-size: 22px; border-bottom: 2px solid currentColor; padding-bottom: 5px; margin-top: 0; color: inherit; opacity: 0.8;'>Elementos Est\u00e1ndar<\/h3>\n<p style='font-size: 15px; color: inherit; margin-bottom: 15px;'>Todos los elementos insertables est\u00e1n calibrados de acuerdo a los procedimientos minuciosos de calibraci\u00f3n de BIRD&comma; respaldados por un largo historial de los valores medios de desviaci\u00f3n para asegurar la similitud a las especificaciones anunciadas de los instrumentos actuales&comma; as\u00ed como la intercambiabilidad en campo con los equipos de confianza adquiridos y utilizados en todos los a\u00f1os desde su presentaci\u00f3n.<\/p>\n<\/p><\/div>\n<div style='margin-bottom: 30px;'>\n<h3 style='font-size: 22px; border-bottom: 2px solid currentColor; padding-bottom: 5px; margin-top: 0; color: inherit; opacity: 0.8;'>Modelos Disponibles<\/h3>\n<div style='display: flex; flex-wrap: wrap; gap: 20px; margin-top: 20px;'>\n<div style='flex: 1 1 250px; border: 1px solid rgba(150&comma; 150&comma; 150&comma; 0.4); border-radius: 8px; overflow: hidden; display: flex; flex-direction: column; min-width: 250px;'>\n<div style='padding: 15px; border-bottom: 1px solid rgba(150&comma; 150&comma; 150&comma; 0.2); font-weight: bold; font-size: 18px; color: inherit;'>Modelo 500A<\/div>\n<div style='padding: 15px; color: inherit;'>\n<ul style='padding-left: 20px; margin: 0; font-size: 14px; list-style-type: disc;'>\n<li style='margin-bottom: 5px;'><strong>Rango de Frecuencia:<\/strong> 25-60 MHz<\/li>\n<li style='margin-bottom: 5px;'><strong>Potencia:<\/strong> 500 W<\/li>\n<\/ul><\/div>\n<\/p><\/div>\n<div style='flex: 1 1 250px; border: 1px solid rgba(150&comma; 150&comma; 150&comma; 0.4); border-radius: 8px; overflow: hidden; display: flex; flex-direction: column; min-width: 250px;'>\n<div style='padding: 15px; border-bottom: 1px solid rgba(150&comma; 150&comma; 150&comma; 0.2); font-weight: bold; font-size: 18px; color: inherit;'>Otros Modelos<\/div>\n<div style='padding: 15px; color: inherit;'>\n<div style='display: flex; flex-wrap: wrap; gap: 10px;'>\n<div style='flex: 1 1 100px; min-width: 100px;'>\n<ul style='padding-left: 20px; margin: 0; font-size: 14px; list-style-type: disc;'>\n<li style='margin-bottom: 5px;'><strong>50H<\/strong>: 2-30 MHz<\/li>\n<li style='margin-bottom: 5px;'><strong>100H<\/strong>: 2-30 MHz<\/li>\n<li style='margin-bottom: 5px;'><strong>250H<\/strong>: 2-30 MHz<\/li>\n<li style='margin-bottom: 5px;'><strong>500H<\/strong>: 2-30 MHz<\/li>\n<li style='margin-bottom: 5px;'><strong>1000H<\/strong>: 2-30 MHz<\/li>\n<li style='margin-bottom: 5px;'><strong>2500H<\/strong>: 2-30 MHz<\/li>\n<li style='margin-bottom: 5px;'><strong>5000H<\/strong>: 2-30 MHz<\/li>\n<li style='margin-bottom: 5px;'><strong>5A<\/strong>: 25-60 MHz<\/li>\n<li style='margin-bottom: 5px;'><strong>10A<\/strong>: 25-60 MHz<\/li>\n<li style='margin-bottom: 5px;'><strong>25A<\/strong>: 25-60 MHz<\/li>\n<li style='margin-bottom: 5px;'><strong>50A<\/strong>: 25-60 MHz<\/li>\n<li style='margin-bottom: 5px;'><strong>100A<\/strong>: 25-60 MHz<\/li>\n<\/ul><\/div>\n<div style='flex: 1 1 100px; min-width: 100px;'>\n<ul style='padding-left: 20px; margin: 0; font-size: 14px; list-style-type: disc;'>\n<li style='margin-bottom: 5px;'><strong>250A<\/strong>: 25-60 MHz<\/li>\n<li style='margin-bottom: 5px;'><strong>500A<\/strong>: 25-60 MHz<\/li>\n<li style='margin-bottom: 5px;'><strong>1000A<\/strong>: 25-60 MHz<\/li>\n<li style='margin-bottom: 5px;'><strong>5B<\/strong>: 50-125 MHz<\/li>\n<li style='margin-bottom: 5px;'><strong>10B<\/strong>: 50-125 MHz<\/li>\n<li style='margin-bottom: 5px;'><strong>25B<\/strong>: 50-125 MHz<\/li>\n<li style='margin-bottom: 5px;'><strong>50B<\/strong>: 50-125 MHz<\/li>\n<li style='margin-bottom: 5px;'><strong>100B<\/strong>: 50-125 MHz<\/li>\n<li style='margin-bottom: 5px;'><strong>250B<\/strong>: 50-125 MHz<\/li>\n<li style='margin-bottom: 5px;'><strong>500B<\/strong>: 50-125 MHz<\/li>\n<li style='margin-bottom: 5px;'><strong>1000B<\/strong>: 50-125 MHz<\/li>\n<\/ul><\/div>\n<div style='flex: 1 1 100px; min-width: 100px;'>\n<ul style='padding-left: 20px; margin: 0; font-size: 14px; list-style-type: disc;'>\n<li style='margin-bottom: 5px;'><strong>5C<\/strong>: 100-250 MHz<\/li>\n<li style='margin-bottom: 5px;'><strong>10C<\/strong>: 100-250 MHz<\/li>\n<li style='margin-bottom: 5px;'><strong>25C<\/strong>: 100-250 MHz<\/li>\n<li style='margin-bottom: 5px;'><strong>50C<\/strong>: 100-250 MHz<\/li>\n<li style='margin-bottom: 5px;'><strong>100C<\/strong>: 100-250 MHz<\/li>\n<li style='margin-bottom: 5px;'><strong>250C<\/strong>: 100-250 MHz<\/li>\n<li style='margin-bottom: 5px;'><strong>500C<\/strong>: 100-250 MHz<\/li>\n<li style='margin-bottom: 5px;'><strong>1000C<\/strong>: 100-250 MHz<\/li>\n<li style='margin-bottom: 5px;'><strong>5D<\/strong>: 200-500 MHz<\/li>\n<li style='margin-bottom: 5px;'><strong>10D<\/strong>: 200-500 MHz<\/li>\n<li style='margin-bottom: 5px;'><strong>25D<\/strong>: 200-500 MHz<\/li>\n<\/ul><\/div>\n<\/p><\/div>\n<\/p><\/div>\n<\/p><\/div>\n<\/p><\/div>\n<\/p><\/div>\n<hr style='border: 0; border-top: 1px solid rgba(150&comma; 150&comma; 150&comma; 0.3); margin: 30px 0;'>\n<div style='margin-bottom: 30px;'>\n<h3 style='font-size: 22px; border-bottom: 2px solid currentColor; padding-bottom: 5px; margin-top: 0; color: inherit; opacity: 0.8;'>Modelos por Rango de Potencia<\/h3>\n<div style='display: flex; flex-wrap: wrap; gap: 20px; margin-top: 20px;'>\n<div style='flex: 1 1 250px; border: 1px solid rgba(150&comma; 150&comma; 150&comma; 0.4); border-radius: 8px; overflow: hidden; display: flex; flex-direction: column; min-width: 250px;'>\n<div style='padding: 15px; border-bottom: 1px solid rgba(150&comma; 150&comma; 150&comma; 0.2); font-weight: bold; font-size: 18px; color: inherit;'>5 W<\/div>\n<div style='padding: 15px; color: inherit;'>\n<ul style='padding-left: 20px; margin: 0; font-size: 14px; list-style-type: disc;'>\n<li style='margin-bottom: 5px;'>5A<\/li>\n<li style='margin-bottom: 5px;'>5B<\/li>\n<li style='margin-bottom: 5px;'>5C<\/li>\n<li style='margin-bottom: 5px;'>5D<\/li>\n<li style='margin-bottom: 5px;'>5H<\/li>\n<\/ul><\/div>\n<\/p><\/div>\n<div style='flex: 1 1 250px; border: 1px solid rgba(150&comma; 150&comma; 150&comma; 0.4); border-radius: 8px; overflow: hidden; display: flex; flex-direction: column; min-width: 250px;'>\n<div style='padding: 15px; border-bottom: 1px solid rgba(150&comma; 150&comma; 150&comma; 0.2); font-weight: bold; font-size: 18px; color: inherit;'>10 W<\/div>\n<div style='padding: 15px; color: inherit;'>\n<ul style='padding-left: 20px; margin: 0; font-size: 14px; list-style-type: disc;'>\n<li style='margin-bottom: 5px;'>10A<\/li>\n<li style='margin-bottom: 5px;'>10B<\/li>\n<li style='margin-bottom: 5px;'>10C<\/li>\n<li style='margin-bottom: 5px;'>10D<\/li>\n<li style='margin-bottom: 5px;'>10H<\/li>\n<\/ul><\/div>\n<\/p><\/div>\n<div style='flex: 1 1 250px; border: 1px solid rgba(150&comma; 150&comma; 150&comma; 0.4); border-radius: 8px; overflow: hidden; display: flex; flex-direction: column; min-width: 250px;'>\n<div style='padding: 15px; border-bottom: 1px solid rgba(150&comma; 150&comma; 150&comma; 0.2); font-weight: bold; font-size: 18px; color: inherit;'>25 W<\/div>\n<div style='padding: 15px; color: inherit;'>\n<ul style='padding-left: 20px; margin: 0; font-size: 14px; list-style-type: disc;'>\n<li style='margin-bottom: 5px;'>25A<\/li>\n<li style='margin-bottom: 5px;'>25B<\/li>\n<li style='margin-bottom: 5px;'>25C<\/li>\n<li style='margin-bottom: 5px;'>25H<\/li>\n<\/ul><\/div>\n<\/p><\/div>\n<div style='flex: 1 1 250px; border: 1px solid rgba(150&comma; 150&comma; 150&comma; 0.4); border-radius: 8px; overflow: hidden; display: flex; flex-direction: column; min-width: 250px;'>\n<div style='padding: 15px; border-bottom: 1px solid rgba(150&comma; 150&comma; 150&comma; 0.2); font-weight: bold; font-size: 18px; color: inherit;'>50 W<\/div>\n<div style='padding: 15px; color: inherit;'>\n<ul style='padding-left: 20px; margin: 0; font-size: 14px; list-style-type: disc;'>\n<li style='margin-bottom: 5px;'>50A<\/li>\n<li style='margin-bottom: 5px;'>50B<\/li>\n<li style='margin-bottom: 5px;'>50C<\/li>\n<li style='margin-bottom: 5px;'>50H<\/li>\n<\/ul><\/div>\n<\/p><\/div>\n<div style='flex: 1 1 250px; border: 1px solid rgba(150&comma; 150&comma; 150&comma; 0.4); border-radius: 8px; overflow: hidden; display: flex; flex-direction: column; min-width: 250px;'>\n<div style='padding: 15px; border-bottom: 1px solid rgba(150&comma; 150&comma; 150&comma; 0.2); font-weight: bold; font-size: 18px; color: inherit;'>100 W<\/div>\n<div style='padding: 15px; color: inherit;'>\n<ul style='padding-left: 20px; margin: 0; font-size: 14px; list-style-type: disc;'>\n<li style='margin-bottom: 5px;'>100A<\/li>\n<li style='margin-bottom: 5px;'>100B<\/li>\n<li style='margin-bottom: 5px;'>100C<\/li>\n<li style='margin-bottom: 5px;'>100H<\/li>\n<\/ul><\/div>\n<\/p><\/div>\n<div style='flex: 1 1 250px; border: 1px solid rgba(150&comma; 150&comma; 150&comma; 0.4); border-radius: 8px; overflow: hidden; display: flex; flex-direction: column; min-width: 250px;'>\n<div style='padding: 15px; border-bottom: 1px solid rgba(150&comma; 150&comma; 150&comma; 0.2); font-weight: bold; font-size: 18px; color: inherit;'>250 W<\/div>\n<div style='padding: 15px; color: inherit;'>\n<ul style='padding-left: 20px; margin: 0; font-size: 14px; list-style-type: disc;'>\n<li style='margin-bottom: 5px;'>250A<\/li>\n<li style='margin-bottom: 5px;'>250B<\/li>\n<li style='margin-bottom: 5px;'>250C<\/li>\n<li style='margin-bottom: 5px;'>250H<\/li>\n<\/ul><\/div>\n<\/p><\/div>\n<div style='flex: 1 1 250px; border: 1px solid rgba(150&comma; 150&comma; 150&comma; 0.4); border-radius: 8px; overflow: hidden; display: flex; flex-direction: column; min-width: 250px;'>\n<div style='padding: 15px; border-bottom: 1px solid rgba(150&comma; 150&comma; 150&comma; 0.2); font-weight: bold; font-size: 18px; color: inherit;'>500 W<\/div>\n<div style='padding: 15px; color: inherit;'>\n<ul style='padding-left: 20px; margin: 0; font-size: 14px; list-style-type: disc;'>\n<li style='margin-bottom: 5px;'>500A<\/li>\n<li style='margin-bottom: 5px;'>500B<\/li>\n<li style='margin-bottom: 5px;'>500C<\/li>\n<li style='margin-bottom: 5px;'>500H<\/li>\n<\/ul><\/div>\n<\/p><\/div>\n<div style='flex: 1 1 250px; border: 1px solid rgba(150&comma; 150&comma; 150&comma; 0.4); border-radius: 8px; overflow: hidden; display: flex; flex-direction: column; min-width: 250px;'>\n<div style='padding: 15px; border-bottom: 1px solid rgba(150&comma; 150&comma; 150&comma; 0.2); font-weight: bold; font-size: 18px; color: inherit;'>1000 W<\/div>\n<div style='padding: 15px; color: inherit;'>\n<ul style='padding-left: 20px; margin: 0; font-size: 14px; list-style-type: disc;'>\n<li style='margin-bottom: 5px;'>1000A<\/li>\n<li style='margin-bottom: 5px;'>1000B<\/li>\n<li style='margin-bottom: 5px;'>1000C<\/li>\n<li style='margin-bottom: 5px;'>1000H<\/li>\n<\/ul><\/div>\n<\/p><\/div>\n<div style='flex: 1 1 250px; border: 1px solid rgba(150&comma; 150&comma; 150&comma; 0.4); border-radius: 8px; overflow: hidden; display: flex; flex-direction: column; min-width: 250px;'>\n<div style='padding: 15px; border-bottom: 1px solid rgba(150&comma; 150&comma; 150&comma; 0.2); font-weight: bold; font-size: 18px; color: inherit;'>2500 W<\/div>\n<div style='padding: 15px; color: inherit;'>\n<ul style='padding-left: 20px; margin: 0; font-size: 14px; list-style-type: disc;'>\n<li style='margin-bottom: 5px;'>2500H<\/li>\n<\/ul><\/div>\n<\/p><\/div>\n<div style='flex: 1 1 250px; border: 1px solid rgba(150&comma; 150&comma; 150&comma; 0.4); border-radius: 8px; overflow: hidden; display: flex; flex-direction: column; min-width: 250px;'>\n<div style='padding: 15px; border-bottom: 1px solid rgba(150&comma; 150&comma; 150&comma; 0.2); font-weight: bold; font-size: 18px; color: inherit;'>5000 W<\/div>\n<div style='padding: 15px; color: inherit;'>\n<ul style='padding-left: 20px; margin: 0; font-size: 14px; list-style-type: disc;'>\n<li style='margin-bottom: 5px;'>5000H<\/li>\n<\/ul><\/div>\n<\/p><\/div>\n<\/p><\/div>\n<\/p><\/div>\n<hr style='border: 0; border-top: 1px solid rgba(150&comma; 150&comma; 150&comma; 0.3); margin: 30px 0;'>\n<div style='margin-bottom: 30px;'>\n<h3 style='font-size: 22px; border-bottom: 2px solid currentColor; padding-bottom: 5px; margin-top: 0; color: inherit; opacity: 0.8;'>Aplicaciones<\/h3>\n<ul style='padding-left: 20px; font-size: 15px; color: inherit;'>\n<li style='margin-bottom: 5px;'>Monitoreo de potencia en transmisores de radio<\/li>\n<li style='margin-bottom: 5px;'>Medici\u00f3n de potencia en sistemas de comunicaci\u00f3n<\/li>\n<li style='margin-bottom: 5px;'>Uso en estaciones base de radio<\/li>\n<li style='margin-bottom: 5px;'>Control de calidad en equipos de RF<\/li>\n<li style='margin-bottom: 5px;'>Mantenimiento de sistemas de transmisi\u00f3n<\/li>\n<\/ul><\/div>\n<div style='margin-bottom: 30px;'>\n<h3 style='font-size: 22px; border-bottom: 2px solid currentColor; padding-bottom: 5px; margin-top: 0; color: inherit; opacity: 0.8;'>Compatibilidad<\/h3>\n<ul style='padding-left: 20px; font-size: 15px; color: inherit;'>\n<li style='margin-bottom: 5px;'>Wattmetro BIRD modelo 43<\/li>\n<li style='margin-bottom: 5px;'>BIRD 43P<\/li>\n<li style='margin-bottom: 5px;'>BIRD 43D<\/li>\n<li style='margin-bottom: 5px;'>BIRD 43D-6<\/li>\n<li style='margin-bottom: 5px;'>BIRD 43D-10<\/li>\n<li style='margin-bottom: 5px;'>BIRD 43D-20<\/li>\n<li style='margin-bottom: 5px;'>BIRD 43D-50<\/li>\n<li style='margin-bottom: 5px;'>BIRD 43D-100<\/li>\n<li style='margin-bottom: 5px;'>BIRD 43D-200<\/li>\n<li style='margin-bottom: 5px;'>BIRD 43D-500<\/li>\n<li style='margin-bottom: 5px;'>BIRD 43D-1000<\/li>\n<\/ul><\/div>\n<div style='margin-bottom: 30px;'>\n<h3 style='font-size: 22px; border-bottom: 2px solid currentColor; padding-bottom: 5px; margin-top: 0; color: inherit; opacity: 0.8;'>Reemplaza a<\/h3>\n<ul style='padding-left: 20px; font-size: 15px; color: inherit;'>\n<li style='margin-bottom: 5px;'>BIRD 500A<\/li>\n<li style='margin-bottom: 5px;'>BIRD 500A-1<\/li>\n<li style='margin-bottom: 5px;'>BIRD 500A-2<\/li>\n<li style='margin-bottom: 5px;'>BIRD 500A-3<\/li>\n<\/ul><\/div>\n<div style='margin-bottom: 30px;'>\n<h3 style='font-size: 22px; border-bottom: 2px solid currentColor; padding-bottom: 5px; margin-top: 0; color: inherit; opacity: 0.8;'>Especificaciones Mec\u00e1nicas<\/h3>\n<ul style='padding-left: 20px; font-size: 15px; color: inherit;'>\n<li style='margin-bottom: 5px;'>Conector de entrada: N hembra<\/li>\n<li style='margin-bottom: 5px;'>Conector de salida: N hembra<\/li>\n<li style='margin-bottom: 5px;'>Tama\u00f1o: 7\/8&#8242; en l\u00ednea<\/li>\n<li style='margin-bottom: 5px;'>Material del cuerpo: Aluminio<\/li>\n<li style='margin-bottom: 5px;'>Acabado: Anodizado<\/li>\n<li style='margin-bottom: 5px;'>Temperatura de operaci\u00f3n: -30\u00b0C a +65\u00b0C<\/li>\n<li style='margin-bottom: 5px;'>Temperatura de almacenamiento: -65\u00b0C a +85\u00b0C<\/li>\n<li style='margin-bottom: 5px;'>Protecci\u00f3n contra agua: IP54<\/li>\n<\/ul><\/div>\n<\/p><\/div>\n","protected":false},"excerpt":{"rendered":"<p>Elemento de 500 Watt en L\u00ednea 7\/8&#8243; para Wattmetro BIRD 43 en Rango de Frecuencia de 25 a 60 MHz.<\/p>\n","protected":false},"featured_media":64732,"comment_status":"open","ping_status":"closed","template":"","meta":[],"product_brand":[],"product_cat":[1639],"product_tag":[1641,931,1640],"class_list":{"0":"post-64733","1":"product","2":"type-product","3":"status-publish","4":"has-post-thumbnail","6":"product_cat-wattmetros-y-elementos","7":"product_tag-bird-technologies","8":"product_tag-equipo-de-laboratorio","9":"product_tag-wattmetros-y-elementos","11":"first","12":"instock","13":"sale","14":"shipping-taxable","15":"purchasable","16":"product-type-simple"},"_links":{"self":[{"href":"https:\/\/soydeaqui.ddns.net\/pachuca\/index.php\/wp-json\/wp\/v2\/product\/64733","targetHints":{"allow":["GET"]}}],"collection":[{"href":"https:\/\/soydeaqui.ddns.net\/pachuca\/index.php\/wp-json\/wp\/v2\/product"}],"about":[{"href":"https:\/\/soydeaqui.ddns.net\/pachuca\/index.php\/wp-json\/wp\/v2\/types\/product"}],"replies":[{"embeddable":true,"href":"https:\/\/soydeaqui.ddns.net\/pachuca\/index.php\/wp-json\/wp\/v2\/comments?post=64733"}],"wp:featuredmedia":[{"embeddable":true,"href":"https:\/\/soydeaqui.ddns.net\/pachuca\/index.php\/wp-json\/wp\/v2\/media\/64732"}],"wp:attachment":[{"href":"https:\/\/soydeaqui.ddns.net\/pachuca\/index.php\/wp-json\/wp\/v2\/media?parent=64733"}],"wp:term":[{"taxonomy":"product_brand","embeddable":true,"href":"https:\/\/soydeaqui.ddns.net\/pachuca\/index.php\/wp-json\/wp\/v2\/product_brand?post=64733"},{"taxonomy":"product_cat","embeddable":true,"href":"https:\/\/soydeaqui.ddns.net\/pachuca\/index.php\/wp-json\/wp\/v2\/product_cat?post=64733"},{"taxonomy":"product_tag","embeddable":true,"href":"https:\/\/soydeaqui.ddns.net\/pachuca\/index.php\/wp-json\/wp\/v2\/product_tag?post=64733"}],"curies":[{"name":"wp","href":"https:\/\/api.w.org\/{rel}","templated":true}]}}