{"id":64507,"date":"2026-03-19T07:50:43","date_gmt":"2026-03-19T07:50:43","guid":{"rendered":"https:\/\/soydeaqui.ddns.net\/pachuca\/index.php\/producto\/cable-de-seguridad-hasta-15-metros-para-torres-rsl\/"},"modified":"2026-03-19T07:50:44","modified_gmt":"2026-03-19T07:50:44","slug":"cable-de-seguridad-hasta-15-metros-para-torres-rsl","status":"publish","type":"product","link":"https:\/\/soydeaqui.ddns.net\/pachuca\/index.php\/producto\/cable-de-seguridad-hasta-15-metros-para-torres-rsl\/","title":{"rendered":"Cable de seguridad hasta 15 metros para Torres RSL."},"content":{"rendered":"<div style='width: 100%; max-width: 1200px; margin: 0 auto; font-family: sans-serif; line-height: 1.6; color: inherit; background-color: transparent;'> <!-- Logo ROHN --> <\/p>\n<div style='width: 100%; text-align: center; margin-bottom: 20px;'> <img style='width: auto; height: 80px; max-width: 200px; border: 1px solid rgba(150&comma;150&comma;150&comma;0.3); border-radius: 8px;' src='http:\/\/ftp3.syscom.mx\/usuarios\/dcarreon\/TORRES\/ROHN\/ROHN_LLC_LOGO_JPG-423x166.jpg' alt='LOGO ROHN'> <\/div>\n<p> <!-- T\u00edtulo destacado --> <\/p>\n<div style='width: 100%; text-align: center; margin: 30px 0;'>\n<h2 style='font-size: 22px; color: #b40404; opacity: 0.9; margin: 0; padding: 0;'> L\u00edder Mundial en Dise\u00f1o y Fabricaci\u00f3n de Torres y M\u00e1stiles <\/h2>\n<\/p><\/div>\n<p> <!-- Descripci\u00f3n principal --> <\/p>\n<div style='width: 100%; max-width: 1000px; margin: 0 auto; font-size: 15px;'>\n<p>El cable de l\u00ednea de Vida es un cable de seguridad que recorre la torre de base a punta para que el instalador (mediante un arn\u00e9s especial) pueda sujetarse de este mientras escala la torre.<\/p>\n<p>La l\u00ednea de Vida para torre consta de los siguientes componentes:<\/p>\n<p> <!-- Lista de componentes --> <\/p>\n<ul style='padding-left: 20px; font-size: 15px; color: inherit;'>\n<li>Cable de retenida de 3\/8&#8242; para torre de hasta 15m de altura.<\/li>\n<li>Herraje superior e inferior para sujeci\u00f3n a torre.<\/li>\n<li>Gu\u00eda en parte intermedia para cable de retenida.<\/li>\n<li>Torniller\u00eda y abrazaderas necesarias para instalaci\u00f3n.<\/li>\n<\/ul>\n<p> <!-- Nota de compatibilidad --> <\/p>\n<p style='margin-top: 25px; font-style: italic; color: inherit; opacity: 0.85;'> NOTA: El cable de seguridad TTRSL100 y TTRSL50 solo es compatible con las torres tipo RSL de ROHN. <\/p>\n<\/p><\/div>\n<p> <!-- Imagen del producto --> <\/p>\n<div style='width: 100%; max-width: 600px; margin: 30px auto;'> <img style='width: 100%; height: auto; border: 1px solid rgba(150&comma;150&comma;150&comma;0.3); border-radius: 8px;' src='http:\/\/ftp3.syscom.mx\/usuarios\/dcarreon\/TORRES\/ROHN\/PRODUCTOS\/TTRSL100\/TTRSL100%20(4).png' alt=''> <\/div>\n<\/p><\/div>\n","protected":false},"excerpt":{"rendered":"<p>Cable de seguridad hasta 15 metros para Torres RSL.<\/p>\n","protected":false},"featured_media":64476,"comment_status":"open","ping_status":"closed","template":"","meta":[],"product_brand":[],"product_cat":[1645],"product_tag":[1646,1899,246],"class_list":{"0":"post-64507","1":"product","2":"type-product","3":"status-publish","4":"has-post-thumbnail","6":"product_cat-accesorios-para-torres-autosoportadas","7":"product_tag-accesorios-para-torres-autosoportadas","8":"product_tag-rohn","9":"product_tag-torres-y-mastiles","11":"first","12":"outofstock","13":"sale","14":"shipping-taxable","15":"purchasable","16":"product-type-simple"},"_links":{"self":[{"href":"https:\/\/soydeaqui.ddns.net\/pachuca\/index.php\/wp-json\/wp\/v2\/product\/64507","targetHints":{"allow":["GET"]}}],"collection":[{"href":"https:\/\/soydeaqui.ddns.net\/pachuca\/index.php\/wp-json\/wp\/v2\/product"}],"about":[{"href":"https:\/\/soydeaqui.ddns.net\/pachuca\/index.php\/wp-json\/wp\/v2\/types\/product"}],"replies":[{"embeddable":true,"href":"https:\/\/soydeaqui.ddns.net\/pachuca\/index.php\/wp-json\/wp\/v2\/comments?post=64507"}],"wp:featuredmedia":[{"embeddable":true,"href":"https:\/\/soydeaqui.ddns.net\/pachuca\/index.php\/wp-json\/wp\/v2\/media\/64476"}],"wp:attachment":[{"href":"https:\/\/soydeaqui.ddns.net\/pachuca\/index.php\/wp-json\/wp\/v2\/media?parent=64507"}],"wp:term":[{"taxonomy":"product_brand","embeddable":true,"href":"https:\/\/soydeaqui.ddns.net\/pachuca\/index.php\/wp-json\/wp\/v2\/product_brand?post=64507"},{"taxonomy":"product_cat","embeddable":true,"href":"https:\/\/soydeaqui.ddns.net\/pachuca\/index.php\/wp-json\/wp\/v2\/product_cat?post=64507"},{"taxonomy":"product_tag","embeddable":true,"href":"https:\/\/soydeaqui.ddns.net\/pachuca\/index.php\/wp-json\/wp\/v2\/product_tag?post=64507"}],"curies":[{"name":"wp","href":"https:\/\/api.w.org\/{rel}","templated":true}]}}