{"id":6450,"date":"2026-03-18T06:43:32","date_gmt":"2026-03-18T06:43:32","guid":{"rendered":"https:\/\/soydeaqui.ddns.net\/pachuca\/index.php\/producto\/estacion-manual-de-emergencia-doble-accion-convencional-con-mensaje-en-espanol\/"},"modified":"2026-03-18T06:43:34","modified_gmt":"2026-03-18T06:43:34","slug":"estacion-manual-de-emergencia-doble-accion-convencional-con-mensaje-en-espanol","status":"publish","type":"product","link":"https:\/\/soydeaqui.ddns.net\/pachuca\/index.php\/producto\/estacion-manual-de-emergencia-doble-accion-convencional-con-mensaje-en-espanol\/","title":{"rendered":"Estaci\u00f3n Manual de Emergencia ??? Doble Acci\u00f3n, Convencional con Mensaje en Espa\u00f1ol"},"content":{"rendered":"<div style='width: 100%; max-width: 1200px; margin: 0 auto; font-family: sans-serif; line-height: 1.6; color: inherit; background-color: transparent;'> <!-- Imagen principal --> <\/p>\n<div style='margin-bottom: 30px;'> <img style='width: 100%; height: auto; border: 1px solid rgba(150&comma;150&comma;150&comma;0.3); border-radius: 8px;' src='https:\/\/ftp3.syscom.mx\/usuarios\/fotos\/BG12LOB\/197370-firelite_copia.jpg' alt='Estaci\u00f3n Manual de Emergencia BG12LSP Fire-Lite'> <\/div>\n<p> <!-- Descripci\u00f3n principal --> <\/p>\n<div style='margin-bottom: 30px;'>\n<p style='text-align: justify; font-size: 15px; color: inherit;'>La estaci\u00f3n manual de emergencia BG-12LSP de Fire-Lite&comma; es un dispositivo manual de alarma contra incendios que reduce considerablemente las falsas alarmas por activaci\u00f3n accidental ya que requiere dos movimientos para su activaci\u00f3n. Ha sido dise\u00f1ada para satisfacer multiples aplicaciones pensando en el instalador y usuario final. Es un dispositivo de iniciaci\u00f3n con un inovador dise\u00f1o&comma; hecho a base de polycarbonato de larga duraci\u00f3n&comma; de f\u00e1cil instalaci\u00f3n&comma; mantenimiento y operaci\u00f3n.<\/p>\n<\/p><\/div>\n<p> <!-- Caracter\u00edsticas --> <\/p>\n<div style='margin-bottom: 30px;'>\n<h3 style='font-size: 22px; border-bottom: 2px solid currentColor; padding-bottom: 5px; margin-top: 0; color: inherit; opacity: 0.8;'>Caracter\u00edsticas<\/h3>\n<ul style='padding-left: 20px; font-size: 15px; color: inherit;'>\n<li style='margin-bottom: 5px;'>Listado UL&comma; ULC&comma; MEA&comma; FM y CSFM<\/li>\n<li style='margin-bottom: 5px;'>Dise\u00f1o y color visible y elegante<\/li>\n<li style='margin-bottom: 5px;'>Accionamiento dual&comma; dise\u00f1ado para prevenir falsas alarmas por activaci\u00f3n accidental<\/li>\n<li style='margin-bottom: 5px;'>Al activarse&comma; la palanca se enclava para indicar que se ha operado la estaci\u00f3n<\/li>\n<li style='margin-bottom: 5px;'>Cerradura con llave<\/li>\n<li style='margin-bottom: 5px;'>Se puede montar caja SB-10 o en caja el\u00e9ctrica convencional<\/li>\n<li style='margin-bottom: 5px;'>Alimentaci\u00f3n: 0 Vcc<\/li>\n<li style='margin-bottom: 5px;'>Consumo: 0 mA<\/li>\n<li style='margin-bottom: 5px;'>Dimensiones: 139 x 104 x 35<\/li>\n<\/ul><\/div>\n<p> <!-- Comparativa --> <\/p>\n<div style='margin-bottom: 30px;'>\n<h3 style='font-size: 22px; border-bottom: 2px solid currentColor; padding-bottom: 5px; margin-top: 0; color: inherit; opacity: 0.8;'>Comparativa BG12L con estaciones de otras marcas<\/h3>\n<p style='font-size: 15px; color: inherit;'>La calidad de las estaciones manuales convencionales de Fire-Lite supera en mucho a otras marcas. Por lo tanto es la mejor opci\u00f3n Costo-Beneficio:<\/p>\n<p> <!-- Imagen comparativa --> <\/p>\n<div style='margin-top: 15px;'> <img style='width: 100%; height: auto; border: 1px solid rgba(150&comma;150&comma;150&comma;0.3); border-radius: 8px;' src='https:\/\/ftp3.syscom.mx\/usuarios\/fotos\/BG12LX\/82158-comparativa_bg12l.jpg' alt='Comparativa BG12L con estaciones de otras marcas'> <\/div>\n<\/p><\/div>\n<p> <!-- Separador final --> <\/p>\n<hr style='border: 0; border-top: 1px solid rgba(150&comma; 150&comma; 150&comma; 0.3); margin: 30px 0;'> <\/div>\n","protected":false},"excerpt":{"rendered":"<p>Estaci\u00f3n Manual de Emergencia ??? Doble Acci\u00f3n, Convencional con Mensaje en Espa\u00f1ol<\/p>\n","protected":false},"featured_media":6449,"comment_status":"open","ping_status":"closed","template":"","meta":[],"product_brand":[],"product_cat":[518],"product_tag":[519,541,126],"class_list":{"0":"post-6450","1":"product","2":"type-product","3":"status-publish","4":"has-post-thumbnail","6":"product_cat-estaciones-manuales-de-emergencia","7":"product_tag-estaciones-manuales-de-emergencia","8":"product_tag-fire-lite","9":"product_tag-sistemas-de-emergencia","11":"first","12":"instock","13":"sale","14":"shipping-taxable","15":"purchasable","16":"product-type-simple"},"_links":{"self":[{"href":"https:\/\/soydeaqui.ddns.net\/pachuca\/index.php\/wp-json\/wp\/v2\/product\/6450","targetHints":{"allow":["GET"]}}],"collection":[{"href":"https:\/\/soydeaqui.ddns.net\/pachuca\/index.php\/wp-json\/wp\/v2\/product"}],"about":[{"href":"https:\/\/soydeaqui.ddns.net\/pachuca\/index.php\/wp-json\/wp\/v2\/types\/product"}],"replies":[{"embeddable":true,"href":"https:\/\/soydeaqui.ddns.net\/pachuca\/index.php\/wp-json\/wp\/v2\/comments?post=6450"}],"wp:featuredmedia":[{"embeddable":true,"href":"https:\/\/soydeaqui.ddns.net\/pachuca\/index.php\/wp-json\/wp\/v2\/media\/6449"}],"wp:attachment":[{"href":"https:\/\/soydeaqui.ddns.net\/pachuca\/index.php\/wp-json\/wp\/v2\/media?parent=6450"}],"wp:term":[{"taxonomy":"product_brand","embeddable":true,"href":"https:\/\/soydeaqui.ddns.net\/pachuca\/index.php\/wp-json\/wp\/v2\/product_brand?post=6450"},{"taxonomy":"product_cat","embeddable":true,"href":"https:\/\/soydeaqui.ddns.net\/pachuca\/index.php\/wp-json\/wp\/v2\/product_cat?post=6450"},{"taxonomy":"product_tag","embeddable":true,"href":"https:\/\/soydeaqui.ddns.net\/pachuca\/index.php\/wp-json\/wp\/v2\/product_tag?post=6450"}],"curies":[{"name":"wp","href":"https:\/\/api.w.org\/{rel}","templated":true}]}}