{"id":64488,"date":"2026-03-19T07:50:05","date_gmt":"2026-03-19T07:50:05","guid":{"rendered":"https:\/\/soydeaqui.ddns.net\/pachuca\/index.php\/producto\/torre-autosoportada-de-30-metros-linea-rsl-secciones-1-a-10-requiere-accesorios-de-instalacion\/"},"modified":"2026-03-19T07:50:06","modified_gmt":"2026-03-19T07:50:06","slug":"torre-autosoportada-de-30-metros-linea-rsl-secciones-1-a-10-requiere-accesorios-de-instalacion","status":"publish","type":"product","link":"https:\/\/soydeaqui.ddns.net\/pachuca\/index.php\/producto\/torre-autosoportada-de-30-metros-linea-rsl-secciones-1-a-10-requiere-accesorios-de-instalacion\/","title":{"rendered":"Torre Autosoportada de 30 metros Linea RSL. Secciones 1 a 10 (Requiere accesorios de instalaci\u00f3n)."},"content":{"rendered":"<div style='width: 100%; max-width: 1200px; margin: 0 auto; font-family: sans-serif; line-height: 1.6; color: inherit; background-color: transparent;'>\n<div style='width: 100%; display: flex; justify-content: center; margin: 20px 0;'> <img style='width: 250px; height: auto; max-width: 100%; border: 1px solid rgba(150&comma;150&comma;150&comma;0.3); border-radius: 8px;' src='http:\/\/ftp3.syscom.mx\/usuarios\/dcarreon\/TORRES\/ROHN\/ROHN_LLC_LOGO_JPG-423x166.jpg' alt='LOGO ROHN'> <\/div>\n<div style='display: flex; flex-wrap: wrap; gap: 30px; margin-bottom: 30px;'>\n<div style='flex: 1 1 300px; min-width: 280px;'>\n<h3 style='font-size: 22px; border-bottom: 2px solid currentColor; padding-bottom: 5px; margin-top: 0; color: inherit; opacity: 0.8;'>Aplicaciones<\/h3>\n<ul style='padding-left: 20px; font-size: 15px; color: inherit;'>\n<li style='margin-bottom: 5px;'>Sistemas de Telecomunicaciones<\/li>\n<li style='margin-bottom: 5px;'>Redes Inal\u00e1mbricas<\/li>\n<li style='margin-bottom: 5px;'>Videovigilancia<\/li>\n<li style='margin-bottom: 5px;'>Enlaces punto a punto<\/li>\n<li style='margin-bottom: 5px;'>Radiodifusi\u00f3n<\/li>\n<li style='margin-bottom: 5px;'>Seguridad p\u00fablica o privada<\/li>\n<\/ul>\n<p style='font-size: 15px; color: inherit;'>Tambi\u00e9n para mejorar la comunicaci\u00f3n al alcanzar objetivos librando obst\u00e1culos como edificios&comma; desniveles de suelo y copas de \u00e1rboles&comma; entre otras.<\/p>\n<\/p><\/div>\n<div style='flex: 1 1 300px; min-width: 280px;'>\n<h3 style='font-size: 22px; border-bottom: 2px solid currentColor; padding-bottom: 5px; margin-top: 0; color: inherit; opacity: 0.8;'>Caracter\u00edsticas<\/h3>\n<ul style='padding-left: 20px; font-size: 15px; color: inherit;'>\n<li style='margin-bottom: 5px;'>Galvanizado por inmersi\u00f3n en caliente (Hot Dip)<\/li>\n<li style='margin-bottom: 5px;'>Altura: 100 Pies (30.48 metros)<\/li>\n<li style='margin-bottom: 5px;'>Peso: 437 Libras<\/li>\n<li style='margin-bottom: 5px;'>Dise\u00f1o \u00fanico en Piernas Tipo &#8216;U&#8217; para f\u00e1cil instalaci\u00f3n<\/li>\n<li style='margin-bottom: 5px;'>Disponible en modelos Est\u00e1ndar y Uso Rudo<\/li>\n<li style='margin-bottom: 5px;'>Orificios troquelados para la fijaci\u00f3n de sistemas de seguridad de ascenso&comma; kits de montaje&comma; etc.<\/li>\n<li style='margin-bottom: 5px;'>Los brazos de apoyo de cada secci\u00f3n son del mismo tama\u00f1o&comma; mientras que los pernos son est\u00e1ndar<\/li>\n<li style='margin-bottom: 5px;'>Diagramas de montaje incluidos con la torre<\/li>\n<li style='margin-bottom: 5px;'>\u00c1ngulo de cierre superior est\u00e1ndar con cada paquete de torre<\/li>\n<\/ul><\/div>\n<\/p><\/div>\n<div style='display: flex; flex-wrap: wrap; gap: 20px; margin-bottom: 30px;'>\n<div style='flex: 1 1 250px; border: 1px solid rgba(150&comma; 150&comma; 150&comma; 0.4); border-radius: 8px; overflow: hidden; display: flex; flex-direction: column;'>\n<div style='padding: 15px; border-bottom: 1px solid rgba(150&comma; 150&comma; 150&comma; 0.2); font-weight: bold; font-size: 18px; color: inherit;'>Accesorios B\u00e1sicos de Instalaci\u00f3n<\/div>\n<div style='padding: 15px; color: inherit;'>\n<ul style='padding-left: 20px; margin: 0; font-size: 14px; list-style-type: disc;'>\n<li style='margin-bottom: 5px;'>Base de torre (<a href='http:\/\/www.syscom.mx\/producto\/RSB10-ROHN-66093.html' style='color: #0066cc; text-decoration: none;'>RSB10<\/a>). Base para cimentaci\u00f3n de torre RSL (cotizar 1 pieza)<\/li>\n<li style='margin-bottom: 5px;'>Placa superior (<a href='http:\/\/www.syscom.mx\/producto\/RTP12-ROHN-66091.html' style='color: #0066cc; text-decoration: none;'>RTP12<\/a>). Placa para cierre de torre tipo RSL (cotizar 1 pieza)<\/li>\n<li style='margin-bottom: 5px;'>Pelda\u00f1os de ascenso (<a href='http:\/\/www.syscom.mx\/producto\/RSLSTEP-ROHN-66094.html' style='color: #0066cc; text-decoration: none;'>RSLSTEP<\/a>). Kit de pelda\u00f1os de ascenso para una secci\u00f3n de torre (cotizar 10 piezas)<\/li>\n<\/ul><\/div>\n<\/p><\/div>\n<div style='flex: 1 1 250px; border: 1px solid rgba(150&comma; 150&comma; 150&comma; 0.4); border-radius: 8px; overflow: hidden; display: flex; flex-direction: column;'>\n<div style='padding: 15px; border-bottom: 1px solid rgba(150&comma; 150&comma; 150&comma; 0.2); font-weight: bold; font-size: 18px; color: inherit;'>Accesorios Opcionales<\/div>\n<div style='padding: 15px; color: inherit;'>\n<ul style='padding-left: 20px; margin: 0; font-size: 14px; list-style-type: disc;'>\n<li style='margin-bottom: 5px;'>M\u00e1stil (<a href='http:\/\/www.syscom.mx\/producto\/RSLTMA-ROHN-67010.html' style='color: #0066cc; text-decoration: none;'>RSLTMA<\/a>). M\u00e1stil superior para instalar sobre placa (1 pieza por torre)<\/li>\n<li style='margin-bottom: 5px;'>L\u00ednea de Vida (<a href='http:\/\/www.syscom.mx\/producto\/TTRSL100-ROHN-66095.html' style='color: #0066cc; text-decoration: none;'>TTRSL100<\/a>). Sistema de seguridad para el instalador (1 pieza por torre)<\/li>\n<li style='margin-bottom: 5px;'>Sistema de aterrizaje original ROHN (<a href='http:\/\/www.syscom.mx\/producto\/RGKG-ROHN-66906.html' style='color: #0066cc; text-decoration: none;'>RGKG<\/a>). Sistema de Tierra f\u00edsica para torre RSL (1 pieza por torre)<\/li>\n<li style='margin-bottom: 5px;'>Sistema de pararrayo original ROHN (<a href='http:\/\/www.syscom.mx\/producto\/LRCL-ROHN-37386.html' style='color: #0066cc; text-decoration: none;'>LRCL<\/a>). Punta pararrayo para torre RSL (1 pieza por torre)<\/li>\n<li style='margin-bottom: 5px;'>Kit de arn\u00e9s de Seguridad (<a href='http:\/\/www.syscom.mx\/producto\/SKIT072-3M-72036.html' style='color: #0066cc; text-decoration: none;'>SKIT072<\/a>). Arn\u00e9s profesional para instalador para escala en alturas<\/li>\n<li style='margin-bottom: 5px;'>Carro de seguridad anticaida (<a href='http:\/\/www.syscom.mx\/principal\/verproductoazul\/ttwg500w-smc-rohn-21056.html' style='color: #0066cc; text-decoration: none;'>TTWG500W\/SMC<\/a>). Se bloquea al sentir una carga descendente&comma; por lo que puede salvar la vida del instalador<\/li>\n<\/ul><\/div>\n<\/p><\/div>\n<\/p><\/div>\n<div style='margin-bottom: 30px;'>\n<p style='font-style: italic; font-size: 15px; color: inherit;'>Las bases de cimentaci\u00f3n y todos los accesorios deben pedirse por separado&comma; incluyendo kits de pernos para ascenso&comma; sistemas de seguridad para ascender&comma; arn\u00e9s de escalada con corredera&comma; kits de puesta a tierra&comma; pararrayos&comma; placa superior&comma; m\u00e1stil superior&comma; kits de montaje&comma; soportes gu\u00eda de onda&comma; ensambles antiascenso&comma; etc.<\/p>\n<p style='font-style: italic; font-size: 15px; color: inherit;'>Las 3 patas de la torre de cada secci\u00f3n tienen la disposici\u00f3n para instalarles sistemas de seguridad y pernos de escalada de ascenso&comma; debiendo ordenarse en juegos de 10 por cada secci\u00f3n de torre.<\/p>\n<\/p><\/div>\n<div style='width: 100%; margin: 30px 0; display: flex; justify-content: center;'>\n<div class='issuuembed' data-configid='0\/2456038' style='width: 100%; max-width: 525px; height: 335px; border: 1px solid rgba(150&comma;150&comma;150&comma;0.3); border-radius: 8px; overflow: hidden;'><\/div>\n<\/p><\/div>\n<div style='width: 100%; margin: 30px 0;'>\n<div style='position: relative; padding-bottom: 56.25%; height: 0; overflow: hidden;'>   <\/div>\n<\/p><\/div>\n<\/p><\/div>\n","protected":false},"excerpt":{"rendered":"<p>Torre Autosoportada de 30 metros Linea RSL. Secciones 1 a 10 (Requiere accesorios de instalaci\u00f3n).<\/p>\n","protected":false},"featured_media":63540,"comment_status":"open","ping_status":"closed","template":"","meta":[],"product_brand":[],"product_cat":[1713],"product_tag":[1899,1714,246],"class_list":{"0":"post-64488","1":"product","2":"type-product","3":"status-publish","4":"has-post-thumbnail","6":"product_cat-torres-autosoportadas","7":"product_tag-rohn","8":"product_tag-torres-autosoportadas","9":"product_tag-torres-y-mastiles","11":"first","12":"outofstock","13":"sale","14":"shipping-taxable","15":"purchasable","16":"product-type-simple"},"_links":{"self":[{"href":"https:\/\/soydeaqui.ddns.net\/pachuca\/index.php\/wp-json\/wp\/v2\/product\/64488","targetHints":{"allow":["GET"]}}],"collection":[{"href":"https:\/\/soydeaqui.ddns.net\/pachuca\/index.php\/wp-json\/wp\/v2\/product"}],"about":[{"href":"https:\/\/soydeaqui.ddns.net\/pachuca\/index.php\/wp-json\/wp\/v2\/types\/product"}],"replies":[{"embeddable":true,"href":"https:\/\/soydeaqui.ddns.net\/pachuca\/index.php\/wp-json\/wp\/v2\/comments?post=64488"}],"wp:featuredmedia":[{"embeddable":true,"href":"https:\/\/soydeaqui.ddns.net\/pachuca\/index.php\/wp-json\/wp\/v2\/media\/63540"}],"wp:attachment":[{"href":"https:\/\/soydeaqui.ddns.net\/pachuca\/index.php\/wp-json\/wp\/v2\/media?parent=64488"}],"wp:term":[{"taxonomy":"product_brand","embeddable":true,"href":"https:\/\/soydeaqui.ddns.net\/pachuca\/index.php\/wp-json\/wp\/v2\/product_brand?post=64488"},{"taxonomy":"product_cat","embeddable":true,"href":"https:\/\/soydeaqui.ddns.net\/pachuca\/index.php\/wp-json\/wp\/v2\/product_cat?post=64488"},{"taxonomy":"product_tag","embeddable":true,"href":"https:\/\/soydeaqui.ddns.net\/pachuca\/index.php\/wp-json\/wp\/v2\/product_tag?post=64488"}],"curies":[{"name":"wp","href":"https:\/\/api.w.org\/{rel}","templated":true}]}}