{"id":64465,"date":"2026-03-19T07:49:13","date_gmt":"2026-03-19T07:49:13","guid":{"rendered":"https:\/\/soydeaqui.ddns.net\/pachuca\/index.php\/producto\/tubo-termoencogible-termofit-negro-de-1-2-de-diametro-reduce-de-21-venta-por-metros\/"},"modified":"2026-03-19T07:49:15","modified_gmt":"2026-03-19T07:49:15","slug":"tubo-termoencogible-termofit-negro-de-1-2-de-diametro-reduce-de-21-venta-por-metros","status":"publish","type":"product","link":"https:\/\/soydeaqui.ddns.net\/pachuca\/index.php\/producto\/tubo-termoencogible-termofit-negro-de-1-2-de-diametro-reduce-de-21-venta-por-metros\/","title":{"rendered":"Tubo Termoencogible (Termofit) Negro de  1\/2&#8243; de Di\u00e1metro, Reduce de 2:1, Venta por Metros"},"content":{"rendered":"<p><img style='display: block; margin-left: auto; margin-right: auto;' src='data:image\/png;base64&comma;iVBORw0KGgoAAAANSUhEUgAAAT8AAACICAIAAAAefHuFAAAU9klEQVR4Ae2deVRUR77HLyI2IGBEjYboTCIIgkx48khwY4IaoyCa6CTyxIyJvsFoNOg7Jjpm0+OaEw1KFjWbctQko8bknJk8ownNDsoqsogECI0xKLRsTdP0Br7k3Ux5rarurm6wKeDXp\/+oW\/dbv\/r153e\/fdcG4Ta8gAAQ6JsEBPNpd3Z2Go1GA7yAABCwOwGj0djZ2WnGoSbd29XVBb61e71gQiCAEzAajV1dXVQPm3QvWBenCMtAoJcIGI1GK9zb2dnZS3nCtEAACFAIUA+h6fte2PFS+EEXEOg9AtTdL929vZckzAwEgACdAHnwDO6lk4JeIMAbAXAvbxWBfIAAKwFwLysp0AEB3giAe3mrCOQDBFgJgHtZSYEOCPBGANzLW0UgHyDASgDcy0oKdECANwLgXt4qAvkAAVYC4F5WUqADArwRAPfyVhHIBwiwEgD3spICHRDgjQC4l7eKQD5AgJUAuJeVFOiAAG8EwL28VQTyAQKsBMC9rKRABwR4IwDu5a0ikA8QYCUA7mUlBTogwBsBcC9vFYF8gAArAXAvKynQAQHeCIB7easI5AMEWAmAe1lJgQ4I8EYA3MtbRSAfIMBKANzLSgp0QIA3AuBe3ioC+QABVgLgXlZSoAMCvBEA9\/JWEcgHCLASAPeykgIdEOCNALiXt4pAPkCAlQC4l5UU6IAAbwTAvbxVBPIBAqwEwL2spEAHBHgjAO7lrSKQDxBgJQDuZSUFOiDAGwFwL28VgXyAACuBgeje2tralStXBgYGjrf+FRAQoFKpDAbDqVOnTI1+5ZVXzOBft24ddeBjjz3W1NSEDfzkk09mzJjh6+tLHWK+8+TJk1g0cbGlpWX79u2TJ0\/28fExHwFbGxERQQ1YWFgYHR0dEBCA6S0uTpo0ae3atVqtlgyrUqksDu+OIDAwcMuWLTqdDk29Zs2amTNnhoWFlZSUoE7OGwPLvVVVVbNnzx40aJBg6ys5OVmsaENDg5OTEzXMyJEjqVukTqdbunQpdcjDDz9cUVEh3VZ27tx5\/\/33U8UsnTNnzpRummJkjUazdu1aDw8PlgiYxsnJKTc3V5qhwWDIzs4ODQ11cHDAxFYtenl53bx5E4tcUlJiVRDbxBMnTlSr1QaDYevWre+\/\/350dHR8fHxMTAyJDkuPk8UB5N4vvvjivvvus63M4qinnnpKWtdnnnnGVLSvvvoKK7BGo4mKiqLqg4KCFAoF0re0tISHh1OVjJ0uLi5XrlxBAcVGeXn5xIkTGSOQsri4OCzg3r17XVxcSKUNPYsXL8aCx8TE2BDHhiHR0dF6vd7T0zMzM3PdunVr1qzZv39\/WVkZlg+fiwPFvYmJiY6OjjZUFw1xd3fv6OiQVvHUqVNoLdbANsfm5ubp06djGnFx+vTpN27cQGGVSmVAQABVyd65b98+FFBsVFVVjRo1ij0CpvTz8xPPF1DYN998s5u7XGyK1tZWFLy+vh5be+8Wvby8DAbDrFmzkpKSTp8+nZCQ8NJLLzU2NqJkeG4MCPcWFBR0cy\/h6Oj49ddfY4VUKpVDhgyhblienp4ajUbU19fX+\/v7U2Xh4eEtLS0orEajmTdvHlXJ3hkSEoJ9y2i12tGjR7NHwJSDBg364YcfUJIGg+Hs2bPd\/CrEphAEoaGhAU3x7bffkoJ71DNq1CiDwdDa2rpgwYL4+PjVq1d\/+OGHKBPOGwPCveXl5bndexUVFVELaSYy2llVVFSYmhw7PVapVKaU7P3kfqOpqYl9OKkkr+IUFBSQsm72SE9JFApFN6OxDy8sLESVxb71UD+3jQHhXm7pQ2JAoDsEwL3doQdjgUBvEuj\/7s3Pz8+06VVUVITOXc2UqK6uzqrw4i0KMuCtW7esioPEWVlZ0ute0sh6vR7JpI1Lly5JZezttrY2aRzUrqurYwmSl5eHhqDGhQsXpGMvXryIVqFGcXGxVCO2FQoFEkgb7e3tmFir1UoFqH358mVM2bcW+797p0yZYvMFD2dn5\/Dw8Pr6ejNFLS4uZo9\/5MgRU6Gys7PZ42BKBwcHLy+vxMRELHhFRQWmFBdffPFFTMm4uGnTJjLgkCFDbt26ZTFCfX394MGDyeG7du1CY\/Py8kiBIAh79uxBGtQIDQ2liqUXAkWxqbvH1LAoPv+N\/u9ehULx5JNPducaaXBwsJlCqtVqU49tSLetQYMGnT592kwcnU63Z8+ekSNHSkdZ205PT5dOER8fT0ZwcHAoLy+XyhjbLS0tzs7OZMCwsDCWCCtXriTHDh48uLm5GQ2nfjsIgkDue3U6nZubGxkQu1cnRo6NjSWVbm5u0qlRDn2o0f\/dKxajsbExLS3t0KFDGzduXLhw4aRJk1xdXcmKmupJSUkxU9TXX3\/d1ECxXyaTff\/992YioFU6na60tPTUqVM7dux44YUXwsLCHnzwQfPBpWsnT56MQmk0mjFjxkjXiu2QkBCksaqRnp5ORhME4YMPPmCJQ\/1iGjdunF6vF4fr9fqHHnqInOLRRx8l4yckJJBKR0fHa9euYWKlUkn9ep03bx6m7HOLA8W91MLU1tYmJSXt378\/NjY2LCxs6NCh5AYh9mzfvp0aQeysr6838\/TlsGHDCgoKzAy3uKq1tTU\/P\/\/zzz\/fsmXLokWLxo8fb+ZJCXRenZGRQf04u3fvtjgjVbBs2TIyoLu7u\/RBC+pAg8FQVVVFRXT06FE05Pz582R8QRBOnDiBNGJDr9c\/8MADpHjEiBHouwANMXX3+NixY0jTRxsD2r1YzZqbm319fcltQhCEt99+GxNLF7Va7fDhw6kDR40aVVtbKxX3SPvw4cPU6RwdHdGVtg0bNpAaJycn2\/Kpq6uj2i86OprlE82ZM4dMxsPDQzp2yZIlpMbBwYHcnba0tFB3p+vXr5cGFNvUB1Slj9OQQ\/pKD7j3rkrt3LmTugFZ3Hlu3ryZHOju7o6e2bhrmm4v6HQ66pH\/rFmzxNhtbW1Uwfz5822b\/Pjx4+QHFASBfASNjP\/rr5qozp8yZQoSd3R0UA+t586dizSosXHjRjKZIUOGkLRra2tJpSAIsbGxKFrfbYB779ROpVJRf8bg6+t7R0Rr6fX6sWPHklvJjBkzaPIe6HvvvffI6QRBSE1NFaOfOXOGKnj11Vdtm37u3LnUgBYf6P8VzqeffkqOdXBwkMvlKJkjR46QGkEQcnJykEZsqNVqqjIgIABTGgyGQ4cOUcWMlyHIgFz19E\/3tre3H7PylZCQMGLECGqlP\/roI\/M1a2lpod4Lwe5kUoNkZ2dbmemxiIgI6q7Mw8MDHTavX7+e+ll+vfa+bds2xhnRjdO2tjZTZ9pBQUFHjx41FTAxMTEqKoo6FruSb+rGHvmb58rKSupHO3DgAEmYeldp7Nix5OkxOZb\/nv7p3h07dlALbENnVFSU9BFcakWp+41x48ZRxdLO9vZ2235tS34QR0fHmpoaFPzZZ58lNVb1SK8GV1dXWzXWotjV1bW6uhplq9VqqT8jWbFiBdKghqmLZ+ibCymLioqoXxzmr0Gi4fw3+qF7c3NzqXtCi5sUKZg2bZrF5xA6Ojqol6yWL19uvvx6vZ66ZyDTsNgzePDg7777TjpdXFycxVHmBdKAKpWqp5AKguDk5HTu3Dlptrt27SKTcXBwIC+wNTQ0UI875syZIw0otqkXIwRBsPlRM3KK3u3pb+7VaDTBwcHkpmBDT0xMjFKptFge6oGcg4NDaWmp+bHffPMNdUO0NtURI0Zgv+AzGAxJSUnWxpHqnZ2d0WGz+Cl66ufyXl5e6OQc8aHe5h06dCj5o59z585J80TtL7\/8EkVDjQkTJiABavz6N3EsHkyhCJw3+pt7qReNUeUYG\/7+\/idOnGCsMfUo\/ZFHHjFf+IaGhu7vzVxdXVevXn39+nXqXG+99Rbj5yVlU6dOxWLW1tYGBQWRSvYemUwWFxdH\/hGcpqYm6u2f1157DcvBYDDMnj2bnHH06NHYby0NBkNKSgqpFAShH9zmRVj6lXtVKtXixYsjbH0tXLjw5ZdfPn\/+PPslDb1ev2TJEnJCi48fHTx4kBzF3hMTE5OQkEA6AdVVbOTm5q5atSoyMpI9sqjMz8\/HQhkMBrVaffDgQernNRM\/MjJy2bJlBw8eJB8\/Fqc4ceIEOXz+\/PnkeWxTUxOpjIiIoD5\/sn\/\/fqqYvHtMftK+0tOv3NtXoEOeQKBHCIB7ewQjBAECvUAA3NsL0GFKINAjBMC9PYIRggCBXiAA7u0F6DAlEOgRAuDeHsFoXZAOZWPK8MCU+yZZ+854eKpBp6\/aFn8h8InUkUFWDa9592Or9EiseO9I2phgtMjeuLRwxaUFK9j16Q+GFD8Xp\/\/3X9K1jumAVIN7e6HsDd+nyWXeNrxr9n10+S+rbBiY5fd47rSnbRgol3lXbNpl48DNu+XOPtaOLYvd1Asl6ZtTgnt7oW6Fkcut3ablMu\/U4YEN36Xa4Ae5zPvGmbOpnn+yYdLCyOX5s6JtGJhy36SqbfE2DMz0vlc\/zOqFSt\/jKcG99xgwEV5dcw3fpl0mpHoGoneKhz8u+P8d9cWQ+Vn+M6mr5DLvtAf+09QqucuEqh0J2Fo0ndjA1qLFX46fSXbzQ4tiI3X4nWxTPQNThgdiArnMu+T5DTmhC8n+ZDc\/6dTJQ30xTZZfOMEMOugEwL10Lveu9+cj\/8C215LlG\/SaDp1aLb71Wm3F5t2YRi7zrtn3Edkp9hQ9\/Tddm5q0mbj2YnBExh9CpWMzHp5m0OvvzKjpUMozU4YFSDVymXeyy4SyVX\/HO938OpSNOrX6twjtGp1a3ZiRi2nkMu\/qne\/hnc4+1TsSOhqb0bw6VVvm+OmYrOT5\/7l38PtZZHCvfQuq1+dOfQrbXpVJmZcWrkSd+U8s1Wt1ya537ZTSvUKuHTyGNNJG4bzn1NUKvVaXOvIRaf\/vbWefpouXkofetf8sWb6h7uQ\/kTjZdYLmRv3FkEjUIzZKV2zMDnwC6\/x90dlHrfg5449TqGtTPf905aXXsVU\/bnn7xsl\/WTzyVyZn2bckfXg2cK9di9dyqRTbpuXOPpp6pdSrZStfUSR8hskq39x7KeoFrFMu8y6Y+1xr6dVk19\/++kf+7P8iBRdDIpXnUrH+5rzL2QGzUGeKR4D6ep3c5e4rTC4+7dfr6N8IMu+ip\/77xpn\/RRGwxrXDxwvnPod1tv34U9W2\/Vn+4eI7bXQwJpDLvLMmwmGzFRskuNcKWN2XVr61D9tkK\/6+p3r3+yXL4hQHPlMc+OzGyX+pq2ulZpbLvDPHT9fcbMiaEIaNLZgT05x3WTzivXHmbN0\/7uxOkbK1+MrVDVvRolzmfTE4orW4PG1McPHSdcVL15WufEWt+Jm8NHXlpddupWSluE+UjkXtppzCAsKf4tq0McFtNdeyJoYj8e\/9DwRXbYuveffjmnc\/Vhz4TNequjA5AtNUvrG3+5AHTgRwr11rneX3OLa9tpZezQldUL7ujeodCZWvv1PwZAx51SrLL7xi8x5sYN6fn2nMzs8OmHU98fSNM2eVSRl6TQd+6uvscyvtAjawcuu7NXsPFcyJqd6RUL37A4NOnxO6ANPIZd4\/btmT7hVC9os9HbeaUkcGUdemj32saNHfqKtQZ4r7xLYqBflJWy\/j\/zTcruXpa5OBe+1XMWVSBtp8xUba6MltVTXYSSmmkcu8y17cjB3B5k5f1JRTmOl955JPyrAAfYc246Gp0uHZk2YVPxcn7ZHLvFVXKzP+eEfWWnL1euJpTJPs6qv8Id3UOWpZ7KbaDxOxIWix9vBxzPbJbn5NFwqaci6ht6q8smz1FjREbOROe9rw77\/Mbr+q9OWZwL32q17Zqs3Y9prxh9AL\/zEX6yQXf3r7Q6wzb8Zi7DKy3MWncN5fU+++eXNlzWvY2WyKh3\/+zLvu32b6hBVGPo\/ttNO9QnIejcImRYu50xeljaGctYoCMtvkob6FkcsLI5\/\/\/T3vr5neM1A01Lj28ef2K0a\/mAnca78yXn52NdpS2Ru5U58uWb6BXY+UKe7+LUVlaNGqRs3ew5ifGYdfCJprxvbmgjj7qH\/C\/4mJ\/WrTN2cC99qvbjXxH5vbfE08O1m59d0UD\/xOLEucvMef1Xd0ZPn+mUUs1aR6Bt785w\/SHsZ2spuf6mpVqifl4Q2LEQqjXrBfJfrLTOBeu1by8jMvJrvRr+JSt+9k1wmVb7xDXWWxU\/HBb\/8iSK34+bcnIqx53jjnsSjs\/NniXMlDfS888qTqatVP7xyyKKYKlN+n2bUS\/WIycK+9y6hrb29TXGN8q6\/XaeqVjGJMptfp0Gdr\/+UmttbMokZ5y8xa6ir0wyD1tV+oAoudeq0WZQsNRgLgXkZQIAMC3BEA93JXEkgICDASAPcyggIZEOCOALiXu5JAQkCAkQC4lxEUyIAAdwTAvdyVBBICAowEwL2MoEAGBLgjAO7lriSQEBBgJADuZQQFMiDAHQFwL3clgYSAACMBcC8jKJABAe4IgHu5KwkkBAQYCYB7GUGBDAhwRwDcy11JICEgwEgA3MsICmRAgDsC4F7uSgIJAQFGAuBeRlAgAwLcEQD3clcSSAgIMBIA9zKCAhkQ4I4AuJe7kkBCQICRALiXERTIgAB3BMC93JUEEgICjATAvYygQAYEuCMA7uWuJJAQEGAkAO5lBAUyIMAdAXAvdyWBhIAAIwFwLyMokAEB7giAe7krCSQEBBgJgHsZQYEMCHBHANzLXUkgISDASADcywgKZECAOwLgXu5KAgkBAUYC4F5GUCADAtwRAPdyVxJICAgwEmB1r9FoZIwIMiAABOxAwGg0srq3s7PTDgnBFEAACDAS6OzsZHXv7du3YffLiBVkQOBeE6DueG\/fvi2QhhZ7urq6wMD3uioQHwhYJGA0Gru6uqg+NeleUd3Z2QketsgXBEDgXhAwGo3UA2bkZAvuRTpoAAEgwBsBcC9vFYF8gAArAXAvKynQAQHeCIB7easI5AMEWAmAe1lJgQ4I8EYA3MtbRSAfIMBKANzLSgp0QIA3AuBe3ioC+QABVgLgXlZSoAMCvBGw0b1d8AICQKBHCdjw1WCFe3s0VQgGBICASQKMTrbgXpPhYQUQAAJ2IWDGyXT32iUrmAQIAAErCJA2xt1rRTCz0k54AQEgICFg1i5WrJR6+P8AsJbTHbjRGGcAAAAASUVORK5CYII=' alt='' \/><\/p>\n<p style='box-sizing: border-box; margin-top: 0px; margin-bottom: 1rem; color: #212529; font-family: Satoshi-Variable&comma; sans-serif; font-size: 16px; background-color: #ffffff;'><span style='box-sizing: border-box; font-weight: bolder;'>Tubo Termoencogible (Termofit) Negro de 1\/2&#8242; de Di\u00e1metro.<\/span><\/p>\n<ul style='box-sizing: border-box; padding-left: 2rem; margin-top: 0px; margin-bottom: 1rem; color: #212529; font-family: Satoshi-Variable&comma; sans-serif; font-size: 16px; background-color: #ffffff; line-height: 20.8px;'>\n<li style='box-sizing: border-box;'><span style='box-sizing: border-box; line-height: 20.8px;'>Caracter\u00edsticas: <\/span>Ofrece un excelente balance de propiedades el\u00e9ctricas&comma; f\u00edsicas y qu\u00edmicas para aplicaciones industriales y militares.<\/li>\n<li style='box-sizing: border-box;'>Di\u00e1metro Interno: 0.5 in.<\/li>\n<li style='box-sizing: border-box;'>Color: Negro.<\/li>\n<li style='box-sizing: border-box;'>Material: Poliolefina (PO).<\/li>\n<li style='box-sizing: border-box;'>Relaci\u00f3n de Contracci\u00f3n: 2:1<\/li>\n<li style='box-sizing: border-box;'>Temperatura de Operaci\u00f3n: -55 \u00baC to +135 \u00baC.<\/li>\n<li style='box-sizing: border-box;'>Resistente a Qu\u00edmicos: Si.<\/li>\n<li style='box-sizing: border-box;'>Resistencia Diel\u00e9ctrica: 900 V.<\/li>\n<li style='box-sizing: border-box;'>Temperatura M\u00e1xima: +135 \u00baC.<\/li>\n<li style='box-sizing: border-box;'>Temperatura M\u00ednima de Encogimiento: 100 \u00baC.<\/li>\n<\/ul>\n","protected":false},"excerpt":{"rendered":"<p>Tubo Termoencogible (Termofit) Negro de  1\/2&#8243; de Di\u00e1metro, Reduce de 2:1, Venta por Metros<\/p>\n","protected":false},"featured_media":64464,"comment_status":"open","ping_status":"closed","template":"","meta":[],"product_brand":[],"product_cat":[1501],"product_tag":[1502,751,547],"class_list":{"0":"post-64465","1":"product","2":"type-product","3":"status-publish","4":"has-post-thumbnail","6":"product_cat-miscelaneo","7":"product_tag-miscelaneo","8":"product_tag-refacciones","9":"product_tag-syscom-parts","11":"first","12":"outofstock","13":"sale","14":"shipping-taxable","15":"purchasable","16":"product-type-simple"},"_links":{"self":[{"href":"https:\/\/soydeaqui.ddns.net\/pachuca\/index.php\/wp-json\/wp\/v2\/product\/64465","targetHints":{"allow":["GET"]}}],"collection":[{"href":"https:\/\/soydeaqui.ddns.net\/pachuca\/index.php\/wp-json\/wp\/v2\/product"}],"about":[{"href":"https:\/\/soydeaqui.ddns.net\/pachuca\/index.php\/wp-json\/wp\/v2\/types\/product"}],"replies":[{"embeddable":true,"href":"https:\/\/soydeaqui.ddns.net\/pachuca\/index.php\/wp-json\/wp\/v2\/comments?post=64465"}],"wp:featuredmedia":[{"embeddable":true,"href":"https:\/\/soydeaqui.ddns.net\/pachuca\/index.php\/wp-json\/wp\/v2\/media\/64464"}],"wp:attachment":[{"href":"https:\/\/soydeaqui.ddns.net\/pachuca\/index.php\/wp-json\/wp\/v2\/media?parent=64465"}],"wp:term":[{"taxonomy":"product_brand","embeddable":true,"href":"https:\/\/soydeaqui.ddns.net\/pachuca\/index.php\/wp-json\/wp\/v2\/product_brand?post=64465"},{"taxonomy":"product_cat","embeddable":true,"href":"https:\/\/soydeaqui.ddns.net\/pachuca\/index.php\/wp-json\/wp\/v2\/product_cat?post=64465"},{"taxonomy":"product_tag","embeddable":true,"href":"https:\/\/soydeaqui.ddns.net\/pachuca\/index.php\/wp-json\/wp\/v2\/product_tag?post=64465"}],"curies":[{"name":"wp","href":"https:\/\/api.w.org\/{rel}","templated":true}]}}