{"id":6446,"date":"2026-03-18T06:43:30","date_gmt":"2026-03-18T06:43:30","guid":{"rendered":"https:\/\/soydeaqui.ddns.net\/pachuca\/index.php\/producto\/licencia-para-migrar-de-version-stlite-de-200-cuentas-a-stsv2-cuentas-ilimitadas-no-incluye-la-estacion-de-trabajo-stw\/"},"modified":"2026-03-18T06:43:30","modified_gmt":"2026-03-18T06:43:30","slug":"licencia-para-migrar-de-version-stlite-de-200-cuentas-a-stsv2-cuentas-ilimitadas-no-incluye-la-estacion-de-trabajo-stw","status":"publish","type":"product","link":"https:\/\/soydeaqui.ddns.net\/pachuca\/index.php\/producto\/licencia-para-migrar-de-version-stlite-de-200-cuentas-a-stsv2-cuentas-ilimitadas-no-incluye-la-estacion-de-trabajo-stw\/","title":{"rendered":"Licencia, para migrar de versi\u00f3n STLITE de 200 cuentas a STSV2 cuentas ilimitadas, no incluye la estaci\u00f3n de trabajo STW."},"content":{"rendered":"<div style='width: 100%; max-width: 1200px; margin: 0 auto; font-family: sans-serif; line-height: 1.6; color: inherit; background-color: transparent;'>\n<div style='display: flex; flex-wrap: wrap; gap: 30px; margin-bottom: 30px;'>\n<div style='flex: 1 1 300px; min-width: 280px;'>\n<h3 style='font-size: 22px; border-bottom: 2px solid currentColor; padding-bottom: 5px; margin-top: 0; color: inherit; opacity: 0.8;'>Migraci\u00f3n de versi\u00f3n<\/h3>\n<p style='text-align: justify; margin-bottom: 15px;'>M\u00f3dulo para migrar de la versi\u00f3n Securithor STLITE de 200 cuentas&comma; a la versi\u00f3n ilimitada de Securithor STSV2.<\/p>\n<div style='margin: 20px 0;'> <a href='https:\/\/www.syscom.mx\/singlepage\/security_software' style='display: inline-block; padding: 10px 20px; background-color: #007bff; color: #ffffff; text-decoration: none; border-radius: 4px;'>Ver Single Page<\/a> <\/div>\n<\/p><\/div>\n<\/p><\/div>\n<div style='display: flex; flex-wrap: wrap; gap: 20px; margin-bottom: 30px;'>\n<div style='flex: 1 1 250px; border: 1px solid rgba(150&comma; 150&comma; 150&comma; 0.4); border-radius: 8px; overflow: hidden; display: flex; flex-direction: column;'>\n<div style='padding: 15px; border-bottom: 1px solid rgba(150&comma; 150&comma; 150&comma; 0.2); font-weight: bold; font-size: 18px; color: inherit;'>Casos de uso<\/div>\n<div style='padding: 15px; color: inherit;'>\n<ul style='padding-left: 20px; margin: 0; font-size: 14px; list-style-type: disc;'>\n<li style='margin-bottom: 5px;'>Al llegar a 200 cuentas en STLITE&comma; no le permitir\u00e1 agregar una m\u00e1s&comma; a menos que adquiera este m\u00f3dulo y salte a la versi\u00f3n requerida&comma; en este caso cliente\/servidor.<\/li>\n<li style='margin-bottom: 5px;'>Ideal para migrar de la versi\u00f3n Securithor v2 STLITE para 200 cuentas&comma; a la versi\u00f3n cliente\/servidor cuantas ilimitadas.<\/li>\n<\/ul><\/div>\n<\/p><\/div>\n<div style='flex: 1 1 250px; border: 1px solid rgba(150&comma; 150&comma; 150&comma; 0.4); border-radius: 8px; overflow: hidden; display: flex; flex-direction: column;'>\n<div style='padding: 15px; border-bottom: 1px solid rgba(150&comma; 150&comma; 150&comma; 0.2); font-weight: bold; font-size: 18px; color: inherit;'>Consideraciones importantes<\/div>\n<div style='padding: 15px; color: inherit;'>\n<ul style='padding-left: 20px; margin: 0; font-size: 14px; list-style-type: disc;'>\n<li style='margin-bottom: 5px;'>Agendar con el departamento de Ingenier\u00eda de SYSCOM la instalaci\u00f3n.<\/li>\n<li style='margin-bottom: 5px;'>Incluye 7 horas de soporte MCDI al facturar esta migraci\u00f3n de versiones.<\/li>\n<li style='margin-bottom: 5px;'>No incluye la estaci\u00f3n de trabajo STW&comma; se adquiere por separado.<\/li>\n<\/ul><\/div>\n<\/p><\/div>\n<\/p><\/div>\n<hr style='border: 0; border-top: 1px solid rgba(150&comma; 150&comma; 150&comma; 0.3); margin: 30px 0;'> <\/div>\n","protected":false},"excerpt":{"rendered":"<p>Licencia, para migrar de versi\u00f3n STLITE de 200 cuentas a STSV2 cuentas ilimitadas, no incluye la estaci\u00f3n de trabajo STW.<\/p>\n","protected":false},"featured_media":6445,"comment_status":"open","ping_status":"closed","template":"","meta":[],"product_brand":[],"product_cat":[476],"product_tag":[40,165,164,477],"class_list":{"0":"post-6446","1":"product","2":"type-product","3":"status-publish","4":"has-post-thumbnail","6":"product_cat-softwares-de-administracion-mcdi","7":"product_tag-centrales-de-monitoreo","8":"product_tag-inc","9":"product_tag-mcdi-security-products","10":"product_tag-softwares-de-administracion-mcdi","12":"first","13":"outofstock","14":"sale","15":"shipping-taxable","16":"purchasable","17":"product-type-simple"},"_links":{"self":[{"href":"https:\/\/soydeaqui.ddns.net\/pachuca\/index.php\/wp-json\/wp\/v2\/product\/6446","targetHints":{"allow":["GET"]}}],"collection":[{"href":"https:\/\/soydeaqui.ddns.net\/pachuca\/index.php\/wp-json\/wp\/v2\/product"}],"about":[{"href":"https:\/\/soydeaqui.ddns.net\/pachuca\/index.php\/wp-json\/wp\/v2\/types\/product"}],"replies":[{"embeddable":true,"href":"https:\/\/soydeaqui.ddns.net\/pachuca\/index.php\/wp-json\/wp\/v2\/comments?post=6446"}],"wp:featuredmedia":[{"embeddable":true,"href":"https:\/\/soydeaqui.ddns.net\/pachuca\/index.php\/wp-json\/wp\/v2\/media\/6445"}],"wp:attachment":[{"href":"https:\/\/soydeaqui.ddns.net\/pachuca\/index.php\/wp-json\/wp\/v2\/media?parent=6446"}],"wp:term":[{"taxonomy":"product_brand","embeddable":true,"href":"https:\/\/soydeaqui.ddns.net\/pachuca\/index.php\/wp-json\/wp\/v2\/product_brand?post=6446"},{"taxonomy":"product_cat","embeddable":true,"href":"https:\/\/soydeaqui.ddns.net\/pachuca\/index.php\/wp-json\/wp\/v2\/product_cat?post=6446"},{"taxonomy":"product_tag","embeddable":true,"href":"https:\/\/soydeaqui.ddns.net\/pachuca\/index.php\/wp-json\/wp\/v2\/product_tag?post=6446"}],"curies":[{"name":"wp","href":"https:\/\/api.w.org\/{rel}","templated":true}]}}