{"id":64454,"date":"2026-03-19T07:48:50","date_gmt":"2026-03-19T07:48:50","guid":{"rendered":"https:\/\/soydeaqui.ddns.net\/pachuca\/index.php\/producto\/extractor-de-soldadura-antiestatica-con-varilla-limpiadora-para-maximo-vacio\/"},"modified":"2026-03-19T07:48:51","modified_gmt":"2026-03-19T07:48:51","slug":"extractor-de-soldadura-antiestatica-con-varilla-limpiadora-para-maximo-vacio","status":"publish","type":"product","link":"https:\/\/soydeaqui.ddns.net\/pachuca\/index.php\/producto\/extractor-de-soldadura-antiestatica-con-varilla-limpiadora-para-maximo-vacio\/","title":{"rendered":"Extractor de Soldadura Antiest\u00e1tica con varilla limpiadora para m\u00e1ximo vac\u00edo."},"content":{"rendered":"<div style='width: 100%; max-width: 1200px; margin: 0 auto; font-family: sans-serif; line-height: 1.6; color: inherit; background-color: transparent;'>\n<div style='display: flex; flex-wrap: wrap; gap: 30px; margin-bottom: 30px;'>\n<div style='flex: 1 1 300px; min-width: 280px;'>\n<h3 style='font-size: 22px; border-bottom: 2px solid currentColor; padding-bottom: 5px; margin-top: 0; color: inherit; opacity: 0.8;'>Caracter\u00edsticas<\/h3>\n<ul style='padding-left: 20px; font-size: 15px; color: inherit;'>\n<li style='margin-bottom: 5px;'><strong>Extractor:<\/strong> Soldadura Antiest\u00e1tica<\/li>\n<li style='margin-bottom: 5px;'><strong>Varilla:<\/strong> Limpiadora para m\u00e1ximo vac\u00edo<\/li>\n<li style='margin-bottom: 5px;'><strong>Disparador:<\/strong> Empuje suave<\/li>\n<li style='margin-bottom: 5px;'><strong>Vac\u00edo:<\/strong> Potente<\/li>\n<li style='margin-bottom: 5px;'><strong>Carga:<\/strong> F\u00e1cil<\/li>\n<li style='margin-bottom: 5px;'><strong>Est\u00e1tica:<\/strong> Baja<\/li>\n<li style='margin-bottom: 5px;'><strong>Material:<\/strong> Aluminio en Az\u00fal<\/li>\n<li style='margin-bottom: 5px;'><strong>Origen:<\/strong> Hecho en U.S.A.<\/li>\n<\/ul><\/div>\n<\/p><\/div>\n<\/p><\/div>\n","protected":false},"excerpt":{"rendered":"<p>Extractor de Soldadura Antiest\u00e1tica con varilla limpiadora para m\u00e1ximo vac\u00edo.<\/p>\n","protected":false},"featured_media":64453,"comment_status":"open","ping_status":"closed","template":"","meta":[],"product_brand":[],"product_cat":[930],"product_tag":[1915,931,932],"class_list":{"0":"post-64454","1":"product","2":"type-product","3":"status-publish","4":"has-post-thumbnail","6":"product_cat-estacion-de-soldar-y-desoldadoras","7":"product_tag-edsyn","8":"product_tag-equipo-de-laboratorio","9":"product_tag-estacion-de-soldar-y-desoldadoras","11":"first","12":"outofstock","13":"sale","14":"shipping-taxable","15":"purchasable","16":"product-type-simple"},"_links":{"self":[{"href":"https:\/\/soydeaqui.ddns.net\/pachuca\/index.php\/wp-json\/wp\/v2\/product\/64454","targetHints":{"allow":["GET"]}}],"collection":[{"href":"https:\/\/soydeaqui.ddns.net\/pachuca\/index.php\/wp-json\/wp\/v2\/product"}],"about":[{"href":"https:\/\/soydeaqui.ddns.net\/pachuca\/index.php\/wp-json\/wp\/v2\/types\/product"}],"replies":[{"embeddable":true,"href":"https:\/\/soydeaqui.ddns.net\/pachuca\/index.php\/wp-json\/wp\/v2\/comments?post=64454"}],"wp:featuredmedia":[{"embeddable":true,"href":"https:\/\/soydeaqui.ddns.net\/pachuca\/index.php\/wp-json\/wp\/v2\/media\/64453"}],"wp:attachment":[{"href":"https:\/\/soydeaqui.ddns.net\/pachuca\/index.php\/wp-json\/wp\/v2\/media?parent=64454"}],"wp:term":[{"taxonomy":"product_brand","embeddable":true,"href":"https:\/\/soydeaqui.ddns.net\/pachuca\/index.php\/wp-json\/wp\/v2\/product_brand?post=64454"},{"taxonomy":"product_cat","embeddable":true,"href":"https:\/\/soydeaqui.ddns.net\/pachuca\/index.php\/wp-json\/wp\/v2\/product_cat?post=64454"},{"taxonomy":"product_tag","embeddable":true,"href":"https:\/\/soydeaqui.ddns.net\/pachuca\/index.php\/wp-json\/wp\/v2\/product_tag?post=64454"}],"curies":[{"name":"wp","href":"https:\/\/api.w.org\/{rel}","templated":true}]}}