{"id":64422,"date":"2026-03-19T07:47:43","date_gmt":"2026-03-19T07:47:43","guid":{"rendered":"https:\/\/soydeaqui.ddns.net\/pachuca\/index.php\/producto\/analizador-de-sistemas-de-comunicacion-de-400-khz-1-ghz\/"},"modified":"2026-03-19T07:47:45","modified_gmt":"2026-03-19T07:47:45","slug":"analizador-de-sistemas-de-comunicacion-de-400-khz-1-ghz","status":"publish","type":"product","link":"https:\/\/soydeaqui.ddns.net\/pachuca\/index.php\/producto\/analizador-de-sistemas-de-comunicacion-de-400-khz-1-ghz\/","title":{"rendered":"Analizador de sistemas de Comunicaci\u00f3n de 400 kHz &#8211; 1 GHz."},"content":{"rendered":"<div style='width: 100%; max-width: 1200px; margin: 0 auto; font-family: sans-serif; line-height: 1.6; color: inherit; background-color: transparent;'> <!-- Descripci\u00f3n general --> <\/p>\n<div style='margin-bottom: 30px;'>\n<p style='font-size: 16px; margin-bottom: 15px;'><strong>Analizador de sistemas de Comunicaci\u00f3n de 400 kHz &#8211; 1 GHz.<\/strong><\/p>\n<p>El 2944B es el Analizador de comunicaciones m\u00e1s ligero y robusto del mercado&comma; combina una serie de instrumentos que satisfacen las necesidades de servicio a sistemas convencionales en laboratorio y en campo.<\/p>\n<\/p><\/div>\n<p> <!-- Secci\u00f3n de caracter\u00edsticas --> <\/p>\n<div style='display: flex; flex-wrap: wrap; gap: 30px; margin-bottom: 30px;'>\n<div style='flex: 1 1 300px; min-width: 280px;'>\n<h3 style='font-size: 22px; border-bottom: 2px solid currentColor; padding-bottom: 5px; margin-top: 0; color: inherit; opacity: 0.8;'>Caracter\u00edsticas principales<\/h3>\n<ul style='padding-left: 20px; font-size: 15px; color: inherit;'>\n<li style='margin-bottom: 5px;'>Rango de frecuencia: 400 kHz &#8211; 1000 MHz (1 GHz)<\/li>\n<li style='margin-bottom: 5px;'>Operaci\u00f3n totalmente Duplex<\/li>\n<li style='margin-bottom: 5px;'>Pantalla LCD a color de 160 x 85 mm<\/li>\n<\/ul><\/div>\n<p> <!-- Secci\u00f3n de instrumentos --> <\/p>\n<div style='flex: 1 1 300px; min-width: 280px;'>\n<h3 style='font-size: 22px; border-bottom: 2px solid currentColor; padding-bottom: 5px; margin-top: 0; color: inherit; opacity: 0.8;'>Instrumentos integrados<\/h3>\n<ul style='padding-left: 20px; font-size: 15px; color: inherit;'>\n<li style='margin-bottom: 5px;'>Analizador de Espectro Profesional con generador de rastreo<\/li>\n<li style='margin-bottom: 5px;'>Medidor de potencia (150 W)<\/li>\n<li style='margin-bottom: 5px;'>Modulaci\u00f3n AM \/ FM<\/li>\n<li style='margin-bottom: 5px;'>Codificador \/ Decodificador de se\u00f1alizaci\u00f3n CTCSS&comma; DCS&comma; DTMF<\/li>\n<li style='margin-bottom: 5px;'>Medidor de Distorsi\u00f3n&comma; SINAD&comma; Relaci\u00f3n Se\u00f1al\/Ruido&comma; Modulaci\u00f3n&comma; Audiofrecuencia&comma; etc.<\/li>\n<\/ul><\/div>\n<\/p><\/div>\n<p> <!-- Secci\u00f3n de especificaciones por categor\u00eda --> <\/p>\n<div style='display: flex; flex-wrap: wrap; gap: 20px; margin-bottom: 30px;'> <!-- Generador de RF --> <\/p>\n<div style='flex: 1 1 250px; border: 1px solid rgba(150&comma; 150&comma; 150&comma; 0.4); border-radius: 8px; overflow: hidden; display: flex; flex-direction: column;'>\n<div style='padding: 15px; border-bottom: 1px solid rgba(150&comma; 150&comma; 150&comma; 0.2); font-weight: bold; font-size: 18px; color: inherit;'>Generador de RF<\/div>\n<div style='padding: 15px; color: inherit;'>\n<ul style='padding-left: 20px; margin: 0; font-size: 14px; list-style-type: disc;'>\n<li style='margin-bottom: 5px;'><strong>Rango de frecuencia:<\/strong> 400 kHz &#8211; 1 GHz<\/li>\n<li style='margin-bottom: 5px;'><strong>Nivel de salida:<\/strong> -141 a +5 dBm<\/li>\n<li style='margin-bottom: 5px;'><strong>Exactitud:<\/strong> \u00b1 2 dB arriba de -127 dBm<\/li>\n<li style='margin-bottom: 5px;'><strong>Modulaci\u00f3n AM:<\/strong> 0 &#8211; 99%<\/li>\n<li style='margin-bottom: 5px;'><strong>Modulaci\u00f3n FM:<\/strong> 0 &#8211; 75 kHz<\/li>\n<\/ul><\/div>\n<\/p><\/div>\n<p> <!-- Volt\u00edmetro de audio frecuencia --> <\/p>\n<div style='flex: 1 1 250px; border: 1px solid rgba(150&comma; 150&comma; 150&comma; 0.4); border-radius: 8px; overflow: hidden; display: flex; flex-direction: column;'>\n<div style='padding: 15px; border-bottom: 1px solid rgba(150&comma; 150&comma; 150&comma; 0.2); font-weight: bold; font-size: 18px; color: inherit;'>Volt\u00edmetro de audio frecuencia<\/div>\n<div style='padding: 15px; color: inherit;'>\n<ul style='padding-left: 20px; margin: 0; font-size: 14px; list-style-type: disc;'>\n<li style='margin-bottom: 5px;'><strong>Rango de frecuencia:<\/strong> 50 Hz &#8211; 50 kHz<\/li>\n<li style='margin-bottom: 5px;'><strong>Nivel de entrada:<\/strong> 0 &#8211; 30 Vrms<\/li>\n<\/ul><\/div>\n<\/p><\/div>\n<p> <!-- Contador de audio frecuencia --> <\/p>\n<div style='flex: 1 1 250px; border: 1px solid rgba(150&comma; 150&comma; 150&comma; 0.4); border-radius: 8px; overflow: hidden; display: flex; flex-direction: column;'>\n<div style='padding: 15px; border-bottom: 1px solid rgba(150&comma; 150&comma; 150&comma; 0.2); font-weight: bold; font-size: 18px; color: inherit;'>Contador de audio frecuencia<\/div>\n<div style='padding: 15px; color: inherit;'>\n<ul style='padding-left: 20px; margin: 0; font-size: 14px; list-style-type: disc;'>\n<li style='margin-bottom: 5px;'><strong>Rango de frecuencia:<\/strong> 20 Hz &#8211; 20 kHz<\/li>\n<li style='margin-bottom: 5px;'><strong>Resoluci\u00f3n:<\/strong> 0.1 Hz&comma; 5 d\u00edgitos<\/li>\n<li style='margin-bottom: 5px;'><strong>Sensibilidad:<\/strong> 50 mV<\/li>\n<\/ul><\/div>\n<\/p><\/div>\n<p> <!-- Medidor de SINAD --> <\/p>\n<div style='flex: 1 1 250px; border: 1px solid rgba(150&comma; 150&comma; 150&comma; 0.4); border-radius: 8px; overflow: hidden; display: flex; flex-direction: column;'>\n<div style='padding: 15px; border-bottom: 1px solid rgba(150&comma; 150&comma; 150&comma; 0.2); font-weight: bold; font-size: 18px; color: inherit;'>Medidor de SINAD<\/div>\n<div style='padding: 15px; color: inherit;'>\n<ul style='padding-left: 20px; margin: 0; font-size: 14px; list-style-type: disc;'>\n<li style='margin-bottom: 5px;'><strong>Rango:<\/strong> 0 &#8211; 18 y 0 &#8211; 50 dB<\/li>\n<li style='margin-bottom: 5px;'><strong>Resoluci\u00f3n:<\/strong> 0.1 dB&comma; 3 d\u00edgitos<\/li>\n<li style='margin-bottom: 5px;'><strong>Exactitud:<\/strong> \u00b1 1 dB<\/li>\n<li style='margin-bottom: 5px;'><strong>Sensibilidad:<\/strong> 50 mV<\/li>\n<\/ul><\/div>\n<\/p><\/div>\n<p> <!-- Medidor de Distorsi\u00f3n --> <\/p>\n<div style='flex: 1 1 250px; border: 1px solid rgba(150&comma; 150&comma; 150&comma; 0.4); border-radius: 8px; overflow: hidden; display: flex; flex-direction: column;'>\n<div style='padding: 15px; border-bottom: 1px solid rgba(150&comma; 150&comma; 150&comma; 0.2); font-weight: bold; font-size: 18px; color: inherit;'>Medidor de Distorsi\u00f3n<\/div>\n<div style='padding: 15px; color: inherit;'>\n<ul style='padding-left: 20px; margin: 0; font-size: 14px; list-style-type: disc;'>\n<li style='margin-bottom: 5px;'><strong>Rango:<\/strong> 0 &#8211; 10 y 0 &#8211; 30 y 0 &#8211; 100 %<\/li>\n<li style='margin-bottom: 5px;'><strong>Resoluci\u00f3n:<\/strong> 0.1 %&comma; 3 d\u00edgitos<\/li>\n<li style='margin-bottom: 5px;'><strong>Exactitud:<\/strong> \u00b10.5 % dB<\/li>\n<li style='margin-bottom: 5px;'><strong>Sensibilidad:<\/strong> 50 mV<\/li>\n<\/ul><\/div>\n<\/p><\/div>\n<p> <!-- Osciloscopio --> <\/p>\n<div style='flex: 1 1 250px; border: 1px solid rgba(150&comma; 150&comma; 150&comma; 0.4); border-radius: 8px; overflow: hidden; display: flex; flex-direction: column;'>\n<div style='padding: 15px; border-bottom: 1px solid rgba(150&comma; 150&comma; 150&comma; 0.2); font-weight: bold; font-size: 18px; color: inherit;'>Osciloscopio<\/div>\n<div style='padding: 15px; color: inherit;'>\n<ul style='padding-left: 20px; margin: 0; font-size: 14px; list-style-type: disc;'>\n<li style='margin-bottom: 5px;'><strong>Rango de frecuencia:<\/strong> DC &#8211; 50 kHz<\/li>\n<li style='margin-bottom: 5px;'><strong>Escala:<\/strong> 10 mV &#8211; 20 Vrms por divisi\u00f3n<\/li>\n<li style='margin-bottom: 5px;'><strong>Base de tiempo:<\/strong> 50 \u00b5V\/div a 5 s\/div<\/li>\n<\/ul><\/div>\n<\/p><\/div>\n<p> <!-- Medidor de Potencia RF --> <\/p>\n<div style='flex: 1 1 250px; border: 1px solid rgba(150&comma; 150&comma; 150&comma; 0.4); border-radius: 8px; overflow: hidden; display: flex; flex-direction: column;'>\n<div style='padding: 15px; border-bottom: 1px solid rgba(150&comma; 150&comma; 150&comma; 0.2); font-weight: bold; font-size: 18px; color: inherit;'>Medidor de Potencia RF<\/div>\n<div style='padding: 15px; color: inherit;'>\n<ul style='padding-left: 20px; margin: 0; font-size: 14px; list-style-type: disc;'>\n<li style='margin-bottom: 5px;'><strong>Rango de Frecuencia:<\/strong> 200 kHz &#8211; 1 GHz<\/li>\n<li style='margin-bottom: 5px;'><strong>Rango din\u00e1mico:<\/strong> 5 mW &#8211; 150 W (puerto N)&comma; 0.05 &#8211; 250 mW (puerto de antena)<\/li>\n<li style='margin-bottom: 5px;'><strong>Resoluci\u00f3n:<\/strong> 0.1 dB<\/li>\n<li style='margin-bottom: 5px;'><strong>Exactitud:<\/strong> \u00b1 10%<\/li>\n<li style='margin-bottom: 5px;'><strong>Ciclo continuo:<\/strong> 50 W a 20\u00baC (puerto N)<\/li>\n<li style='margin-bottom: 5px;'><strong>Ciclo intermitente:<\/strong> 150 W durante 1 minuto a 20\u00baC<\/li>\n<\/ul><\/div>\n<\/p><\/div>\n<p> <!-- Medidor de Modulaci\u00f3n --> <\/p>\n<div style='flex: 1 1 250px; border: 1px solid rgba(150&comma; 150&comma; 150&comma; 0.4); border-radius: 8px; overflow: hidden; display: flex; flex-direction: column;'>\n<div style='padding: 15px; border-bottom: 1px solid rgba(150&comma; 150&comma; 150&comma; 0.2); font-weight: bold; font-size: 18px; color: inherit;'>Medidor de Modulaci\u00f3n<\/div>\n<div style='padding: 15px; color: inherit;'>\n<ul style='padding-left: 20px; margin: 0; font-size: 14px; list-style-type: disc;'>\n<li style='margin-bottom: 5px;'><strong>Modulaci\u00f3n AM:<\/strong> 0 &#8211; 99%<\/li>\n<li style='margin-bottom: 5px;'><strong>Resoluci\u00f3n:<\/strong> 1%<\/li>\n<li style='margin-bottom: 5px;'><strong>Modulaci\u00f3n FM:<\/strong> 0 &#8211; 75 kHz<\/li>\n<li style='margin-bottom: 5px;'><strong>Resoluci\u00f3n:<\/strong> 10 Hz debajo de 2 kHz&comma; 1% arriba de 2 kHz<\/li>\n<\/ul><\/div>\n<\/p><\/div>\n<p> <!-- Analizador de Espectro --> <\/p>\n<div style='flex: 1 1 250px; border: 1px solid rgba(150&comma; 150&comma; 150&comma; 0.4); border-radius: 8px; overflow: hidden; display: flex; flex-direction: column;'>\n<div style='padding: 15px; border-bottom: 1px solid rgba(150&comma; 150&comma; 150&comma; 0.2); font-weight: bold; font-size: 18px; color: inherit;'>Analizador de Espectro<\/div>\n<div style='padding: 15px; color: inherit;'>\n<ul style='padding-left: 20px; margin: 0; font-size: 14px; list-style-type: disc;'>\n<li style='margin-bottom: 5px;'><strong>Rango de frecuencia:<\/strong> 100 kHz &#8211; 1 GHz<\/li>\n<li style='margin-bottom: 5px;'><strong>Span:<\/strong> 1 kHz\/div &#8211; 100 MHz\/div<\/li>\n<li style='margin-bottom: 5px;'><strong>Nivel de referencia:<\/strong> -50 dBm a +52 dBm<\/li>\n<li style='margin-bottom: 5px;'><strong>Rango din\u00e1mico:<\/strong> 80 dB<\/li>\n<li style='margin-bottom: 5px;'><strong>Exactitud:<\/strong> \u00b12 dB<\/li>\n<\/ul><\/div>\n<\/p><\/div>\n<p> <!-- Generador de Audio y Se\u00f1alizaci\u00f3n --> <\/p>\n<div style='flex: 1 1 250px; border: 1px solid rgba(150&comma; 150&comma; 150&comma; 0.4); border-radius: 8px; overflow: hidden; display: flex; flex-direction: column;'>\n<div style='padding: 15px; border-bottom: 1px solid rgba(150&comma; 150&comma; 150&comma; 0.2); font-weight: bold; font-size: 18px; color: inherit;'>Generador de Audio y Se\u00f1alizaci\u00f3n<\/div>\n<div style='padding: 15px; color: inherit;'>\n<ul style='padding-left: 20px; margin: 0; font-size: 14px; list-style-type: disc;'>\n<li style='margin-bottom: 5px;'><strong>Rango de frecuencia:<\/strong> 5 Hz-33 kHz (Onda sinuesoidal o cuadrada)<\/li>\n<li style='margin-bottom: 5px;'><strong>Nivel:<\/strong> 0.1 mV a 4 Vrms<\/li>\n<li style='margin-bottom: 5px;'><strong>Incluye:<\/strong> Codificador \/ Decodificador de tonos CTCSS&comma; DCS&comma; DTMF&comma; 5 Tonos secuenciales&comma; tonos definidos por el usuario y POCSAG<\/li>\n<\/ul><\/div>\n<\/p><\/div>\n<p> <!-- Base de Tiempo --> <\/p>\n<div style='flex: 1 1 250px; border: 1px solid rgba(150&comma; 150&comma; 150&comma; 0.4); border-radius: 8px; overflow: hidden; display: flex; flex-direction: column;'>\n<div style='padding: 15px; border-bottom: 1px solid rgba(150&comma; 150&comma; 150&comma; 0.2); font-weight: bold; font-size: 18px; color: inherit;'>Base de Tiempo<\/div>\n<div style='padding: 15px; color: inherit;'>\n<ul style='padding-left: 20px; margin: 0; font-size: 14px; list-style-type: disc;'>\n<li style='margin-bottom: 5px;'><strong>Oscilador TXCO:<\/strong> 0.5 ppm (0 a 40\u00baC)&comma; 0.6 ppm (0 a 50\u00baC)<\/li>\n<li style='margin-bottom: 5px;'><strong>Deriva:<\/strong> Menor a 1 ppm por a\u00f1o<\/li>\n<li style='margin-bottom: 5px;'><strong>Tiempo de calentamiento:<\/strong> 1 minuto<\/li>\n<\/ul><\/div>\n<\/p><\/div>\n<p> <!-- Generales --> <\/p>\n<div style='flex: 1 1 250px; border: 1px solid rgba(150&comma; 150&comma; 150&comma; 0.4); border-radius: 8px; overflow: hidden; display: flex; flex-direction: column;'>\n<div style='padding: 15px; border-bottom: 1px solid rgba(150&comma; 150&comma; 150&comma; 0.2); font-weight: bold; font-size: 18px; color: inherit;'>Generales<\/div>\n<div style='padding: 15px; color: inherit;'>\n<ul style='padding-left: 20px; margin: 0; font-size: 14px; list-style-type: disc;'>\n<li style='margin-bottom: 5px;'>Interfaz RS-232 para impresi\u00f3n de pantallas y control remoto<\/li>\n<li style='margin-bottom: 5px;'>Alimentaci\u00f3n AC: 100 &#8211; 240 Vca (50-60 Hz)&comma; 190 VA<\/li>\n<li style='margin-bottom: 5px;'>Alimentaci\u00f3n DC: 11 &#8211; 32 Vcc&comma; 100 W<\/li>\n<li style='margin-bottom: 5px;'>Temperatura de Operaci\u00f3n: 0 &#8211; 50\u00baC&comma; humedad relativa 95% a 40\u00baC<\/li>\n<\/ul><\/div>\n<\/p><\/div>\n<p> <!-- Incluye --> <\/p>\n<div style='flex: 1 1 250px; border: 1px solid rgba(150&comma; 150&comma; 150&comma; 0.4); border-radius: 8px; overflow: hidden; display: flex; flex-direction: column;'>\n<div style='padding: 15px; border-bottom: 1px solid rgba(150&comma; 150&comma; 150&comma; 0.2); font-weight: bold; font-size: 18px; color: inherit;'>Incluye<\/div>\n<div style='padding: 15px; color: inherit;'>\n<ul style='padding-left: 20px; margin: 0; font-size: 14px; list-style-type: disc;'>\n<li style='margin-bottom: 5px;'>Cable de alimentaci\u00f3n AC<\/li>\n<li style='margin-bottom: 5px;'>Kit de Conexi\u00f3n DC<\/li>\n<li style='margin-bottom: 5px;'>Manual de Operaci\u00f3n<\/li>\n<li style='margin-bottom: 5px;'>Manual de Programaci\u00f3n<\/li>\n<\/ul><\/div>\n<\/p><\/div>\n<\/p><\/div>\n<p> <!-- Nota de producto obsoleto --> <\/p>\n<div style='margin-top: 30px; padding: 15px; border-left: 4px solid #e67e22; background-color: rgba(230&comma; 126&comma; 34&comma; 0.1); color: inherit;'>\n<p style='margin: 0; font-weight: bold; font-size: 16px;'>*Producto Obsoleto<\/p>\n<\/p><\/div>\n<\/p><\/div>\n","protected":false},"excerpt":{"rendered":"<p>Analizador de sistemas de Comunicaci\u00f3n de 400 kHz &#8211; 1 GHz.<\/p>\n","protected":false},"featured_media":64421,"comment_status":"open","ping_status":"closed","template":"","meta":[],"product_brand":[],"product_cat":[1610],"product_tag":[1611,1914,931],"class_list":{"0":"post-64422","1":"product","2":"type-product","3":"status-publish","4":"has-post-thumbnail","6":"product_cat-analizadores-espectro-y-antenas-monitores-de-servicio-y-softwares","7":"product_tag-analizadores-espectro-y-antenas-monitores-de-servicio-y-softwares","8":"product_tag-cobham","9":"product_tag-equipo-de-laboratorio","11":"first","12":"outofstock","13":"sale","14":"shipping-taxable","15":"purchasable","16":"product-type-simple"},"_links":{"self":[{"href":"https:\/\/soydeaqui.ddns.net\/pachuca\/index.php\/wp-json\/wp\/v2\/product\/64422","targetHints":{"allow":["GET"]}}],"collection":[{"href":"https:\/\/soydeaqui.ddns.net\/pachuca\/index.php\/wp-json\/wp\/v2\/product"}],"about":[{"href":"https:\/\/soydeaqui.ddns.net\/pachuca\/index.php\/wp-json\/wp\/v2\/types\/product"}],"replies":[{"embeddable":true,"href":"https:\/\/soydeaqui.ddns.net\/pachuca\/index.php\/wp-json\/wp\/v2\/comments?post=64422"}],"wp:featuredmedia":[{"embeddable":true,"href":"https:\/\/soydeaqui.ddns.net\/pachuca\/index.php\/wp-json\/wp\/v2\/media\/64421"}],"wp:attachment":[{"href":"https:\/\/soydeaqui.ddns.net\/pachuca\/index.php\/wp-json\/wp\/v2\/media?parent=64422"}],"wp:term":[{"taxonomy":"product_brand","embeddable":true,"href":"https:\/\/soydeaqui.ddns.net\/pachuca\/index.php\/wp-json\/wp\/v2\/product_brand?post=64422"},{"taxonomy":"product_cat","embeddable":true,"href":"https:\/\/soydeaqui.ddns.net\/pachuca\/index.php\/wp-json\/wp\/v2\/product_cat?post=64422"},{"taxonomy":"product_tag","embeddable":true,"href":"https:\/\/soydeaqui.ddns.net\/pachuca\/index.php\/wp-json\/wp\/v2\/product_tag?post=64422"}],"curies":[{"name":"wp","href":"https:\/\/api.w.org\/{rel}","templated":true}]}}