{"id":64384,"date":"2026-03-19T07:46:18","date_gmt":"2026-03-19T07:46:18","guid":{"rendered":"https:\/\/soydeaqui.ddns.net\/pachuca\/index.php\/producto\/amplificador-lineal-de-potencia-para-amplificadores-de-exteriores-celular-850-mhz-up-link\/"},"modified":"2026-03-19T07:46:25","modified_gmt":"2026-03-19T07:46:25","slug":"amplificador-lineal-de-potencia-para-amplificadores-de-exteriores-celular-850-mhz-up-link","status":"publish","type":"product","link":"https:\/\/soydeaqui.ddns.net\/pachuca\/index.php\/producto\/amplificador-lineal-de-potencia-para-amplificadores-de-exteriores-celular-850-mhz-up-link\/","title":{"rendered":"Amplificador Lineal de Potencia para Amplificadores de Exteriores, Celular 850 MHz, Up-Link."},"content":{"rendered":"<div style='width: 100%; max-width: 1200px; margin: 0 auto; font-family: sans-serif; line-height: 1.6; color: inherit; background-color: transparent;'> <!-- Secci\u00f3n de t\u00edtulo y descripci\u00f3n --> <\/p>\n<div style='margin-bottom: 30px;'>\n<h2 style='font-size: 24px; margin-top: 0; color: inherit; opacity: 0.9;'>Amplificador Lineal de Potencia para Amplificadores de Exteriores&comma; Celular 850 MHz&comma; Up-Link<\/h2>\n<p style='font-size: 16px; color: inherit; margin-top: 15px; margin-bottom: 0;'>Modelo: LPA850LD\/PU<\/p>\n<p style='font-size: 16px; color: inherit; margin-top: 5px; margin-bottom: 0;'>Marca: EPCOM<\/p>\n<\/p><\/div>\n<p> <!-- Secci\u00f3n de contenido con flex --> <\/p>\n<div style='display: flex; flex-wrap: wrap; gap: 30px; margin-bottom: 30px;'>\n<div style='flex: 1 1 300px; min-width: 280px;'>\n<h3 style='font-size: 22px; border-bottom: 2px solid currentColor; padding-bottom: 5px; margin-top: 0; color: inherit; opacity: 0.8;'>Descripci\u00f3n<\/h3>\n<p style='font-size: 15px; color: inherit; margin-top: 10px; margin-bottom: 15px;'>Amplificador Lineal de Potencia para Amplificador CRSOG08WB&comma; Celular 850 MHz&comma; Up-Link. REFACCI\u00d3N<\/p>\n<h3 style='font-size: 22px; border-bottom: 2px solid currentColor; padding-bottom: 5px; margin-top: 25px; color: inherit; opacity: 0.8;'>Caracter\u00edsticas Principales<\/h3>\n<ul style='padding-left: 20px; font-size: 15px; color: inherit; margin-top: 10px;'>\n<li style='margin-bottom: 5px;'>Amplificador lineal de potencia altamente eficiente<\/li>\n<li style='margin-bottom: 5px;'>Operaci\u00f3n en banda celular 850 MHz<\/li>\n<li style='margin-bottom: 5px;'>Facilita una subida de enlace robusta<\/li>\n<li style='margin-bottom: 5px;'>Optimizado para amplificador CRSOG08WB<\/li>\n<li style='margin-bottom: 5px;'>Dise\u00f1o resistente para entornos exigentes<\/li>\n<\/ul><\/div>\n<p> <!-- Secci\u00f3n de imagen --> <\/p>\n<div style='flex: 1 1 300px; min-width: 280px;'>\n<h3 style='font-size: 22px; border-bottom: 2px solid currentColor; padding-bottom: 5px; margin-top: 0; color: inherit; opacity: 0.8;'>Imagen del Producto<\/h3>\n<p> <img style='width: 100%; height: auto; border: 1px solid rgba(150&comma;150&comma;150&comma;0.3); border-radius: 8px; margin-top: 15px;' src='http:\/\/ftp3.syscom.mx\/usuarios\/fotos\/_DSC0742\/_DSC0742.png' alt='Amplificador Lineal de Potencia EPCOM LPA850LD\/PU'> <\/div>\n<\/p><\/div>\n<p> <!-- Separador --> <\/p>\n<hr style='border: 0; border-top: 1px solid rgba(150&comma; 150&comma; 150&comma; 0.3); margin: 30px 0;'> <\/div>\n","protected":false},"excerpt":{"rendered":"<p>Amplificador Lineal de Potencia para Amplificadores de Exteriores, Celular 850 MHz, Up-Link.<\/p>\n","protected":false},"featured_media":64383,"comment_status":"open","ping_status":"closed","template":"","meta":[],"product_brand":[],"product_cat":[1529,1531,1532,1528],"product_tag":[1535,1534,1404,1536,1533,935],"class_list":{"0":"post-64384","1":"product","2":"type-product","3":"status-publish","4":"has-post-thumbnail","6":"product_cat-4g","7":"product_cat-antenas-3g-y-voz","8":"product_cat-cables-y-accesorios","9":"product_cat-cobertura-celular-5g","10":"product_tag-3g-y-voz","11":"product_tag-4g","12":"product_tag-antenas","13":"product_tag-cables-y-accesorios","14":"product_tag-cobertura-celular-5g","15":"product_tag-epcom","17":"first","18":"instock","19":"sale","20":"shipping-taxable","21":"purchasable","22":"product-type-simple"},"_links":{"self":[{"href":"https:\/\/soydeaqui.ddns.net\/pachuca\/index.php\/wp-json\/wp\/v2\/product\/64384","targetHints":{"allow":["GET"]}}],"collection":[{"href":"https:\/\/soydeaqui.ddns.net\/pachuca\/index.php\/wp-json\/wp\/v2\/product"}],"about":[{"href":"https:\/\/soydeaqui.ddns.net\/pachuca\/index.php\/wp-json\/wp\/v2\/types\/product"}],"replies":[{"embeddable":true,"href":"https:\/\/soydeaqui.ddns.net\/pachuca\/index.php\/wp-json\/wp\/v2\/comments?post=64384"}],"wp:featuredmedia":[{"embeddable":true,"href":"https:\/\/soydeaqui.ddns.net\/pachuca\/index.php\/wp-json\/wp\/v2\/media\/64383"}],"wp:attachment":[{"href":"https:\/\/soydeaqui.ddns.net\/pachuca\/index.php\/wp-json\/wp\/v2\/media?parent=64384"}],"wp:term":[{"taxonomy":"product_brand","embeddable":true,"href":"https:\/\/soydeaqui.ddns.net\/pachuca\/index.php\/wp-json\/wp\/v2\/product_brand?post=64384"},{"taxonomy":"product_cat","embeddable":true,"href":"https:\/\/soydeaqui.ddns.net\/pachuca\/index.php\/wp-json\/wp\/v2\/product_cat?post=64384"},{"taxonomy":"product_tag","embeddable":true,"href":"https:\/\/soydeaqui.ddns.net\/pachuca\/index.php\/wp-json\/wp\/v2\/product_tag?post=64384"}],"curies":[{"name":"wp","href":"https:\/\/api.w.org\/{rel}","templated":true}]}}