{"id":64277,"date":"2026-03-19T07:42:48","date_gmt":"2026-03-19T07:42:48","guid":{"rendered":"https:\/\/soydeaqui.ddns.net\/pachuca\/index.php\/producto\/protector-de-datos-de-red-cat5e-dvrs-video-ip-voip-routers-switches-etc\/"},"modified":"2026-03-19T07:42:49","modified_gmt":"2026-03-19T07:42:49","slug":"protector-de-datos-de-red-cat5e-dvrs-video-ip-voip-routers-switches-etc","status":"publish","type":"product","link":"https:\/\/soydeaqui.ddns.net\/pachuca\/index.php\/producto\/protector-de-datos-de-red-cat5e-dvrs-video-ip-voip-routers-switches-etc\/","title":{"rendered":"Protector de datos de red CAT5e (DVR?s, Video IP, VoiP, Routers, Switches, etc)"},"content":{"rendered":"<div style='width: 100%; max-width: 1200px; margin: 0 auto; font-family: sans-serif; line-height: 1.6; color: inherit; background-color: transparent;'> <!-- Secci\u00f3n de caracter\u00edsticas principales --> <\/p>\n<div style='display: flex; flex-wrap: wrap; gap: 30px; margin-bottom: 30px;'>\n<div style='flex: 1 1 300px; min-width: 280px;'>\n<h3 style='font-size: 22px; border-bottom: 2px solid currentColor; padding-bottom: 5px; margin-top: 0; color: inherit; opacity: 0.8;'>Caracter\u00edsticas Principales<\/h3>\n<ul style='padding-left: 20px; font-size: 15px; color: inherit;'>\n<li style='margin-bottom: 5px;'>Protecci\u00f3n contra sobretensiones para circuitos PoE (Power over Ethernet)<\/li>\n<li style='margin-bottom: 5px;'>Soporta IEEE 802.3af y 802.3at para alimentaci\u00f3n a trav\u00e9s de Ethernet (PoE)<\/li>\n<li style='margin-bottom: 5px;'>Dise\u00f1o de protecci\u00f3n multietapa con tecnolog\u00eda SAD (Semiconductor Absorption Diode)<\/li>\n<li style='margin-bottom: 5px;'>Velocidad de transmisi\u00f3n de datos Gigabit Ethernet sin degradaci\u00f3n de la se\u00f1al<\/li>\n<li style='margin-bottom: 5px;'>Capacidad para manejar m\u00e1s de 1 amperio en circuitos de potencia<\/li>\n<\/ul><\/div>\n<div style='flex: 1 1 300px; min-width: 280px;'>\n<h3 style='font-size: 22px; border-bottom: 2px solid currentColor; padding-bottom: 5px; margin-top: 0; color: inherit; opacity: 0.8;'>Aplicaciones<\/h3>\n<ul style='padding-left: 20px; font-size: 15px; color: inherit;'>\n<li style='margin-bottom: 5px;'>Protecci\u00f3n de grabadores de v\u00eddeo de red PoE<\/li>\n<li style='margin-bottom: 5px;'>Protecci\u00f3n de sistemas VoIP<\/li>\n<li style='margin-bottom: 5px;'>Protecci\u00f3n de inyectores PoE<\/li>\n<li style='margin-bottom: 5px;'>Protecci\u00f3n de ejes de PoE<\/li>\n<li style='margin-bottom: 5px;'>Protecci\u00f3n de otros equipos de red PoE<\/li>\n<\/ul><\/div>\n<\/p><\/div>\n<p> <!-- Secci\u00f3n de especificaciones t\u00e9cnicas --> <\/p>\n<div style='display: flex; flex-wrap: wrap; gap: 20px; margin-bottom: 30px;'>\n<div style='flex: 1 1 250px; border: 1px solid rgba(150&comma; 150&comma; 150&comma; 0.4); border-radius: 8px; overflow: hidden; display: flex; flex-direction: column;'>\n<div style='padding: 15px; border-bottom: 1px solid rgba(150&comma; 150&comma; 150&comma; 0.2); font-weight: bold; font-size: 18px; color: inherit;'>Especificaciones Generales<\/div>\n<div style='padding: 15px; color: inherit;'>\n<ul style='padding-left: 20px; margin: 0; font-size: 14px; list-style-type: disc;'>\n<li style='margin-bottom: 5px;'><strong>Tipo:<\/strong> Protector de sobretensiones para montaje en bastidor<\/li>\n<li style='margin-bottom: 5px;'><strong>Factor de forma:<\/strong> 1U<\/li>\n<li style='margin-bottom: 5px;'><strong>Conexiones:<\/strong> 12 puertos RJ45 entrada\/salida<\/li>\n<li style='margin-bottom: 5px;'><strong>Est\u00e1ndares:<\/strong> CAT5e&comma; EIA\/TIA568A&comma; EIA\/TIA568B<\/li>\n<li style='margin-bottom: 5px;'><strong>Aprobaci\u00f3n:<\/strong> UL497B<\/li>\n<\/ul><\/div>\n<\/p><\/div>\n<div style='flex: 1 1 250px; border: 1px solid rgba(150&comma; 150&comma; 150&comma; 0.4); border-radius: 8px; overflow: hidden; display: flex; flex-direction: column;'>\n<div style='padding: 15px; border-bottom: 1px solid rgba(150&comma; 150&comma; 150&comma; 0.2); font-weight: bold; font-size: 18px; color: inherit;'>Especificaciones El\u00e9ctricas<\/div>\n<div style='padding: 15px; color: inherit;'>\n<ul style='padding-left: 20px; margin: 0; font-size: 14px; list-style-type: disc;'>\n<li style='margin-bottom: 5px;'><strong>Voltaje de operaci\u00f3n:<\/strong> 48V &#8211; 54V<\/li>\n<li style='margin-bottom: 5px;'><strong>Corriente m\u00e1xima continua:<\/strong> 1.5A<\/li>\n<li style='margin-bottom: 5px;'><strong>Tasa de disipaci\u00f3n:<\/strong> Gigabit Ethernet<\/li>\n<li style='margin-bottom: 5px;'><strong>M\u00e1xima disipaci\u00f3n de energ\u00eda:<\/strong> 3&comma;000W\/par (impulso 10\/1000\u00b5s)<\/li>\n<li style='margin-bottom: 5px;'><strong>Pico de corriente m\u00e1xima:<\/strong> 30A\/par<\/li>\n<\/ul><\/div>\n<\/p><\/div>\n<div style='flex: 1 1 250px; border: 1px solid rgba(150&comma; 150&comma; 150&comma; 0.4); border-radius: 8px; overflow: hidden; display: flex; flex-direction: column;'>\n<div style='padding: 15px; border-bottom: 1px solid rgba(150&comma; 150&comma; 150&comma; 0.2); font-weight: bold; font-size: 18px; color: inherit;'>Especificaciones F\u00edsicas<\/div>\n<div style='padding: 15px; color: inherit;'>\n<ul style='padding-left: 20px; margin: 0; font-size: 14px; list-style-type: disc;'>\n<li style='margin-bottom: 5px;'><strong>Dimensiones:<\/strong> 1.75\u201d x 19.0\u201d x 2.75\u201d (45mm x 483mm x 70mm)<\/li>\n<li style='margin-bottom: 5px;'><strong>Peso:<\/strong> 1.67 lb (0.76 kg)<\/li>\n<li style='margin-bottom: 5px;'><strong>Carcasa:<\/strong> Galvanneal Metal Laminado<\/li>\n<li style='margin-bottom: 5px;'><strong>Temperatura operativa:<\/strong> -40\u00b0F &#8211; 158\u00b0F (-40\u00b0C &#8211; 70\u00b0C)<\/li>\n<li style='margin-bottom: 5px;'><strong>Humedad m\u00e1xima:<\/strong> 95% sin condensaci\u00f3n<\/li>\n<\/ul><\/div>\n<\/p><\/div>\n<\/p><\/div>\n<p> <!-- Separador --> <\/p>\n<hr style='border: 0; border-top: 1px solid rgba(150&comma; 150&comma; 150&comma; 0.3); margin: 30px 0;'> <!-- Secci\u00f3n de garant\u00eda --> <\/p>\n<div style='margin-top: 30px;'>\n<h3 style='font-size: 22px; border-bottom: 2px solid currentColor; padding-bottom: 5px; margin-top: 0; color: inherit; opacity: 0.8;'>Garant\u00eda<\/h3>\n<p style='font-size: 15px; color: inherit;'>El DTK-RM12POE viene con una garant\u00eda limitada de 10 a\u00f1os.<\/p>\n<\/p><\/div>\n<\/p><\/div>\n","protected":false},"excerpt":{"rendered":"<p>Protector de datos de red CAT5e (DVR?s, Video IP, VoiP, Routers, Switches, etc)<\/p>\n","protected":false},"featured_media":64276,"comment_status":"open","ping_status":"closed","template":"","meta":[],"product_brand":[],"product_cat":[953],"product_tag":[534,898,954],"class_list":{"0":"post-64277","1":"product","2":"type-product","3":"status-publish","4":"has-post-thumbnail","6":"product_cat-redes","7":"product_tag-ditek","8":"product_tag-proteccion-contra-descargas","9":"product_tag-redes","11":"first","12":"outofstock","13":"sale","14":"shipping-taxable","15":"purchasable","16":"product-type-simple"},"_links":{"self":[{"href":"https:\/\/soydeaqui.ddns.net\/pachuca\/index.php\/wp-json\/wp\/v2\/product\/64277","targetHints":{"allow":["GET"]}}],"collection":[{"href":"https:\/\/soydeaqui.ddns.net\/pachuca\/index.php\/wp-json\/wp\/v2\/product"}],"about":[{"href":"https:\/\/soydeaqui.ddns.net\/pachuca\/index.php\/wp-json\/wp\/v2\/types\/product"}],"replies":[{"embeddable":true,"href":"https:\/\/soydeaqui.ddns.net\/pachuca\/index.php\/wp-json\/wp\/v2\/comments?post=64277"}],"wp:featuredmedia":[{"embeddable":true,"href":"https:\/\/soydeaqui.ddns.net\/pachuca\/index.php\/wp-json\/wp\/v2\/media\/64276"}],"wp:attachment":[{"href":"https:\/\/soydeaqui.ddns.net\/pachuca\/index.php\/wp-json\/wp\/v2\/media?parent=64277"}],"wp:term":[{"taxonomy":"product_brand","embeddable":true,"href":"https:\/\/soydeaqui.ddns.net\/pachuca\/index.php\/wp-json\/wp\/v2\/product_brand?post=64277"},{"taxonomy":"product_cat","embeddable":true,"href":"https:\/\/soydeaqui.ddns.net\/pachuca\/index.php\/wp-json\/wp\/v2\/product_cat?post=64277"},{"taxonomy":"product_tag","embeddable":true,"href":"https:\/\/soydeaqui.ddns.net\/pachuca\/index.php\/wp-json\/wp\/v2\/product_tag?post=64277"}],"curies":[{"name":"wp","href":"https:\/\/api.w.org\/{rel}","templated":true}]}}