{"id":64108,"date":"2026-03-19T07:36:58","date_gmt":"2026-03-19T07:36:58","guid":{"rendered":"https:\/\/soydeaqui.ddns.net\/pachuca\/index.php\/producto\/kit-de-aterrizaje-para-cables-coaxiales-cobre-o-laton-de-diametro-de-1-4-a-2-1-8\/"},"modified":"2026-03-19T07:36:59","modified_gmt":"2026-03-19T07:36:59","slug":"kit-de-aterrizaje-para-cables-coaxiales-cobre-o-laton-de-diametro-de-1-4-a-2-1-8","status":"publish","type":"product","link":"https:\/\/soydeaqui.ddns.net\/pachuca\/index.php\/producto\/kit-de-aterrizaje-para-cables-coaxiales-cobre-o-laton-de-diametro-de-1-4-a-2-1-8\/","title":{"rendered":"Kit de Aterrizaje Para Cables Coaxiales (Cobre o Lat\u00f3n) de Diametro de 1\/4&#8243; a 2-1\/8&#8243;"},"content":{"rendered":"<div style='width: 100%; max-width: 1200px; margin: 0 auto; font-family: sans-serif; line-height: 1.6; color: inherit; background-color: transparent;'> <!-- Secci\u00f3n de descripci\u00f3n principal --> <\/p>\n<div style='margin-bottom: 30px;'>\n<p style='margin-top: 0; margin-bottom: 15px;'><strong style='color: inherit;'>APLICACI\u00d3N:<\/strong> Proteger el sistema de radiocomunicaci\u00f3n mediante el aterrizaje del cableado coaxial para disminuir el flujo de corriente el\u00e9ctrica que pueda da\u00f1ar el sistema de radio. Integrando una correa de cobre proporciona una mejor conexi\u00f3n del protector y una eficiente reducci\u00f3n de inductancia.<\/p>\n<\/p><\/div>\n<p> <!-- Secci\u00f3n de caracter\u00edsticas --> <\/p>\n<div style='display: flex; flex-wrap: wrap; gap: 20px; margin-bottom: 30px;'>\n<div style='flex: 1 1 300px; min-width: 280px;'>\n<h3 style='font-size: 22px; border-bottom: 2px solid currentColor; padding-bottom: 5px; margin-top: 0; color: inherit; opacity: 0.8;'>Caracter\u00edsticas<\/h3>\n<ul style='padding-left: 20px; font-size: 15px; color: inherit; list-style-type: disc;'>\n<li style='margin-bottom: 5px;'>Aterrizaje \u00f3ptimo menos de la mitad de resistencia el\u00e9ctrica<\/li>\n<li style='margin-bottom: 5px;'>Muy baja inductancia<\/li>\n<li style='margin-bottom: 5px;'>Previene problemas de corrosi\u00f3n<\/li>\n<li style='margin-bottom: 5px;'>Alta resistencia al viento y vibraci\u00f3n<\/li>\n<li style='margin-bottom: 5px;'>R\u00e1pida instalaci\u00f3n<\/li>\n<li style='margin-bottom: 5px;'>\u00c1ngulo ajustable entre el cable y la l\u00e1mina a tierra<\/li>\n<\/ul><\/div>\n<p> <!-- Secci\u00f3n de especificaciones --> <\/p>\n<div style='flex: 1 1 300px; min-width: 280px;'>\n<h3 style='font-size: 22px; border-bottom: 2px solid currentColor; padding-bottom: 5px; margin-top: 0; color: inherit; opacity: 0.8;'>Especificaciones<\/h3>\n<ul style='padding-left: 20px; font-size: 15px; color: inherit; list-style-type: disc;'>\n<li style='margin-bottom: 5px;'><strong style='color: inherit;'>Material abrazadera superior:<\/strong> Cobre o Lat\u00f3n<\/li>\n<li style='margin-bottom: 5px;'><strong style='color: inherit;'>Material abrazadera inferior:<\/strong> Aluminio o Galvanizado<\/li>\n<li style='margin-bottom: 5px;'><strong style='color: inherit;'>Inductancia:<\/strong> 0.3 \u03bcH<\/li>\n<li style='margin-bottom: 5px;'><strong style='color: inherit;'>Resistencia:<\/strong> 680 \u03bc\u03a9<\/li>\n<li style='margin-bottom: 5px;'><strong style='color: inherit;'>Di\u00e1metro de cable:<\/strong> 1\/4&#8242; a 2-1\/8&#8242;<\/li>\n<\/ul><\/div>\n<\/p><\/div>\n<p> <!-- Informaci\u00f3n comercial --> <\/p>\n<div style='margin-bottom: 30px;'>\n<p style='margin: 10px 0;'><strong style='color: inherit;'>Pregunte por tiempo de entrega<\/strong><\/p>\n<p style='margin: 10px 0;'><strong style='color: inherit;'>Producto solo bajo pedido<\/strong><\/p>\n<\/p><\/div>\n<\/p><\/div>\n","protected":false},"excerpt":{"rendered":"<p>Kit de Aterrizaje Para Cables Coaxiales (Cobre o Lat\u00f3n) de Diametro de 1\/4&#8243; a 2-1\/8&#8243;<\/p>\n","protected":false},"featured_media":64107,"comment_status":"open","ping_status":"closed","template":"","meta":[],"product_brand":[],"product_cat":[1334],"product_tag":[545,549,898],"class_list":{"0":"post-64108","1":"product","2":"type-product","3":"status-publish","4":"has-post-thumbnail","6":"product_cat-coaxial-proteccion-contra-descargas","7":"product_tag-coaxial","8":"product_tag-polyphaser","9":"product_tag-proteccion-contra-descargas","11":"first","12":"outofstock","13":"sale","14":"shipping-taxable","15":"purchasable","16":"product-type-simple"},"_links":{"self":[{"href":"https:\/\/soydeaqui.ddns.net\/pachuca\/index.php\/wp-json\/wp\/v2\/product\/64108","targetHints":{"allow":["GET"]}}],"collection":[{"href":"https:\/\/soydeaqui.ddns.net\/pachuca\/index.php\/wp-json\/wp\/v2\/product"}],"about":[{"href":"https:\/\/soydeaqui.ddns.net\/pachuca\/index.php\/wp-json\/wp\/v2\/types\/product"}],"replies":[{"embeddable":true,"href":"https:\/\/soydeaqui.ddns.net\/pachuca\/index.php\/wp-json\/wp\/v2\/comments?post=64108"}],"wp:featuredmedia":[{"embeddable":true,"href":"https:\/\/soydeaqui.ddns.net\/pachuca\/index.php\/wp-json\/wp\/v2\/media\/64107"}],"wp:attachment":[{"href":"https:\/\/soydeaqui.ddns.net\/pachuca\/index.php\/wp-json\/wp\/v2\/media?parent=64108"}],"wp:term":[{"taxonomy":"product_brand","embeddable":true,"href":"https:\/\/soydeaqui.ddns.net\/pachuca\/index.php\/wp-json\/wp\/v2\/product_brand?post=64108"},{"taxonomy":"product_cat","embeddable":true,"href":"https:\/\/soydeaqui.ddns.net\/pachuca\/index.php\/wp-json\/wp\/v2\/product_cat?post=64108"},{"taxonomy":"product_tag","embeddable":true,"href":"https:\/\/soydeaqui.ddns.net\/pachuca\/index.php\/wp-json\/wp\/v2\/product_tag?post=64108"}],"curies":[{"name":"wp","href":"https:\/\/api.w.org\/{rel}","templated":true}]}}