{"id":63902,"date":"2026-03-19T07:29:54","date_gmt":"2026-03-19T07:29:54","guid":{"rendered":"https:\/\/soydeaqui.ddns.net\/pachuca\/index.php\/producto\/kit-de-microfono-audifono-plus-de-1-cable-para-kenwood-nx-340-320-420-tkd-340-tk-3230-3000-3402-3312-3360-3170\/"},"modified":"2026-03-19T07:29:55","modified_gmt":"2026-03-19T07:29:55","slug":"kit-de-microfono-audifono-plus-de-1-cable-para-kenwood-nx-340-320-420-tkd-340-tk-3230-3000-3402-3312-3360-3170","status":"publish","type":"product","link":"https:\/\/soydeaqui.ddns.net\/pachuca\/index.php\/producto\/kit-de-microfono-audifono-plus-de-1-cable-para-kenwood-nx-340-320-420-tkd-340-tk-3230-3000-3402-3312-3360-3170\/","title":{"rendered":"Kit de Micr\u00f3fono-Aud\u00edfono PLUS de 1 cable para KENWOOD NX-340\/320\/420, TKD-340, TK-3230\/3000\/3402\/3312\/3360\/3170"},"content":{"rendered":"<div style='width: 100%; max-width: 1200px; margin: 0 auto; font-family: sans-serif; line-height: 1.6; color: inherit; background-color: transparent;'>\n<div style='display: flex; flex-wrap: wrap; gap: 30px; margin-bottom: 30px;'>\n<div style='flex: 1 1 300px; min-width: 280px;'>\n<h3 style='font-size: 22px; border-bottom: 2px solid currentColor; padding-bottom: 5px; margin-top: 0; color: inherit; opacity: 0.8;'>Caracter\u00edsticas principales<\/h3>\n<ul style='padding-left: 20px; font-size: 15px; color: inherit;'>\n<li style='margin-bottom: 5px;'>Compatible con radios Kenwood NX-340\/320\/420<\/li>\n<li style='margin-bottom: 5px;'>Tubo ac\u00fastico de desconexi\u00f3n r\u00e1pida<\/li>\n<li style='margin-bottom: 5px;'>Kit de solapa de 1 cable<\/li>\n<li style='margin-bottom: 5px;'>Clip duradero mini PTT con micr\u00f3fono<\/li>\n<li style='margin-bottom: 5px;'>Inserto de o\u00eddo de alta calidad<\/li>\n<\/ul><\/div>\n<div style='flex: 1 1 300px; min-width: 280px;'>\n<h3 style='font-size: 22px; border-bottom: 2px solid currentColor; padding-bottom: 5px; margin-top: 0; color: inherit; opacity: 0.8;'>Aplicaciones<\/h3>\n<ul style='padding-left: 20px; font-size: 15px; color: inherit;'>\n<li style='margin-bottom: 5px;'>Control de multitudes<\/li>\n<li style='margin-bottom: 5px;'>Personal de hoteles y restaurantes<\/li>\n<li style='margin-bottom: 5px;'>Trabajadores minoristas<\/li>\n<li style='margin-bottom: 5px;'>Profesionales en entornos que requieren comunicaciones discretas<\/li>\n<\/ul><\/div>\n<\/p><\/div>\n<div style='display: flex; flex-wrap: wrap; gap: 20px; margin-bottom: 30px;'>\n<div style='flex: 1 1 250px; border: 1px solid rgba(150&comma; 150&comma; 150&comma; 0.4); border-radius: 8px; overflow: hidden; display: flex; flex-direction: column;'>\n<div style='padding: 15px; border-bottom: 1px solid rgba(150&comma; 150&comma; 150&comma; 0.2); font-weight: bold; font-size: 18px; color: inherit;'>Especificaciones Mec\u00e1nicas<\/div>\n<div style='padding: 15px; color: inherit;'>\n<ul style='padding-left: 20px; margin: 0; font-size: 14px; list-style-type: disc;'>\n<li style='margin-bottom: 5px;'><strong>Cable de extracci\u00f3n desde el auricular (axial):<\/strong> 10 lbs<\/li>\n<li style='margin-bottom: 5px;'><strong>Cable de extracci\u00f3n desde UDC (axial):<\/strong> 40 lbs<\/li>\n<li style='margin-bottom: 5px;'><strong>Cable flexible en el auricular:<\/strong> 2&comma;000 ciclos<\/li>\n<li style='margin-bottom: 5px;'><strong>Cable flexible en UDC:<\/strong> 25&comma;000 ciclos<\/li>\n<\/ul><\/div>\n<\/p><\/div>\n<div style='flex: 1 1 250px; border: 1px solid rgba(150&comma; 150&comma; 150&comma; 0.4); border-radius: 8px; overflow: hidden; display: flex; flex-direction: column;'>\n<div style='padding: 15px; border-bottom: 1px solid rgba(150&comma; 150&comma; 150&comma; 0.2); font-weight: bold; font-size: 18px; color: inherit;'>Especificaciones Ambientales<\/div>\n<div style='padding: 15px; color: inherit;'>\n<ul style='padding-left: 20px; margin: 0; font-size: 14px; list-style-type: disc;'>\n<li style='margin-bottom: 5px;'><strong>Temperatura de operaci\u00f3n:<\/strong> -20\u00b0 C a +60\u00b0 C<\/li>\n<li style='margin-bottom: 5px;'><strong>Temperatura de almacenamiento:<\/strong> -40\u00b0 C a +80\u00b0 C<\/li>\n<\/ul><\/div>\n<\/p><\/div>\n<div style='flex: 1 1 250px; border: 1px solid rgba(150&comma; 150&comma; 150&comma; 0.4); border-radius: 8px; overflow: hidden; display: flex; flex-direction: column;'>\n<div style='padding: 15px; border-bottom: 1px solid rgba(150&comma; 150&comma; 150&comma; 0.2); font-weight: bold; font-size: 18px; color: inherit;'>Caracter\u00edsticas de Desempe\u00f1o<\/div>\n<div style='padding: 15px; color: inherit;'>\n<ul style='padding-left: 20px; margin: 0; font-size: 14px; list-style-type: disc;'>\n<li style='margin-bottom: 5px;'>Dise\u00f1o liviano y duradero<\/li>\n<li style='margin-bottom: 5px;'>Transmisiones de radio bidireccionales con alta claridad<\/li>\n<li style='margin-bottom: 5px;'>Tubo ac\u00fastico transparente y flexible de bajo perfil<\/li>\n<li style='margin-bottom: 5px;'>Comunicaci\u00f3n discreta<\/li>\n<li style='margin-bottom: 5px;'>Garant\u00eda del fabricante: 24 meses<\/li>\n<\/ul><\/div>\n<\/p><\/div>\n<\/p><\/div>\n<hr style='border: 0; border-top: 1px solid rgba(150&comma; 150&comma; 150&comma; 0.3); margin: 30px 0;'>\n<div style='display: flex; flex-wrap: wrap; gap: 30px; margin-bottom: 30px;'>\n<div style='flex: 1 1 300px; min-width: 280px;'>\n<h3 style='font-size: 22px; border-bottom: 2px solid currentColor; padding-bottom: 5px; margin-top: 0; color: inherit; opacity: 0.8;'>Compatibilidad<\/h3>\n<ul style='padding-left: 20px; font-size: 15px; color: inherit;'>\n<li style='margin-bottom: 5px;'>KENWOOD NX-340\/320\/420<\/li>\n<li style='margin-bottom: 5px;'>KENWOOD TKD-340<\/li>\n<li style='margin-bottom: 5px;'>KENWOOD TK-3230\/3000\/3402\/3312\/3360\/3170<\/li>\n<\/ul><\/div>\n<div style='flex: 1 1 300px; min-width: 280px;'>\n<h3 style='font-size: 22px; border-bottom: 2px solid currentColor; padding-bottom: 5px; margin-top: 0; color: inherit; opacity: 0.8;'>Caracter\u00edsticas Adicionales<\/h3>\n<ul style='padding-left: 20px; font-size: 15px; color: inherit;'>\n<li style='margin-bottom: 5px;'>Tubo ac\u00fastico de desconexi\u00f3n r\u00e1pida para compartir equipo<\/li>\n<li style='margin-bottom: 5px;'>Mantenimiento de higiene en m\u00faltiples turnos de trabajo<\/li>\n<li style='margin-bottom: 5px;'>Calidad de audio excelente<\/li>\n<li style='margin-bottom: 5px;'>Clip de alta durabilidad<\/li>\n<li style='margin-bottom: 5px;'>Partes reemplazables<\/li>\n<\/ul><\/div>\n<\/p><\/div>\n<\/p><\/div>\n","protected":false},"excerpt":{"rendered":"<p>Kit de Micr\u00f3fono-Aud\u00edfono PLUS de 1 cable para KENWOOD NX-340\/320\/420, TKD-340, TK-3230\/3000\/3402\/3312\/3360\/3170<\/p>\n","protected":false},"featured_media":63901,"comment_status":"open","ping_status":"closed","template":"","meta":[],"product_brand":[],"product_cat":[1586],"product_tag":[1579,1518,1585],"class_list":{"0":"post-63902","1":"product","2":"type-product","3":"status-publish","4":"has-post-thumbnail","6":"product_cat-microfono-audifono-accesorios-para-kenwood","7":"product_tag-accesorios-para-kenwood","8":"product_tag-microfono-audifono","9":"product_tag-otto","11":"first","12":"instock","13":"sale","14":"shipping-taxable","15":"purchasable","16":"product-type-simple"},"_links":{"self":[{"href":"https:\/\/soydeaqui.ddns.net\/pachuca\/index.php\/wp-json\/wp\/v2\/product\/63902","targetHints":{"allow":["GET"]}}],"collection":[{"href":"https:\/\/soydeaqui.ddns.net\/pachuca\/index.php\/wp-json\/wp\/v2\/product"}],"about":[{"href":"https:\/\/soydeaqui.ddns.net\/pachuca\/index.php\/wp-json\/wp\/v2\/types\/product"}],"replies":[{"embeddable":true,"href":"https:\/\/soydeaqui.ddns.net\/pachuca\/index.php\/wp-json\/wp\/v2\/comments?post=63902"}],"wp:featuredmedia":[{"embeddable":true,"href":"https:\/\/soydeaqui.ddns.net\/pachuca\/index.php\/wp-json\/wp\/v2\/media\/63901"}],"wp:attachment":[{"href":"https:\/\/soydeaqui.ddns.net\/pachuca\/index.php\/wp-json\/wp\/v2\/media?parent=63902"}],"wp:term":[{"taxonomy":"product_brand","embeddable":true,"href":"https:\/\/soydeaqui.ddns.net\/pachuca\/index.php\/wp-json\/wp\/v2\/product_brand?post=63902"},{"taxonomy":"product_cat","embeddable":true,"href":"https:\/\/soydeaqui.ddns.net\/pachuca\/index.php\/wp-json\/wp\/v2\/product_cat?post=63902"},{"taxonomy":"product_tag","embeddable":true,"href":"https:\/\/soydeaqui.ddns.net\/pachuca\/index.php\/wp-json\/wp\/v2\/product_tag?post=63902"}],"curies":[{"name":"wp","href":"https:\/\/api.w.org\/{rel}","templated":true}]}}