{"id":63670,"date":"2026-03-19T07:22:04","date_gmt":"2026-03-19T07:22:04","guid":{"rendered":"https:\/\/soydeaqui.ddns.net\/pachuca\/index.php\/producto\/sujetador-para-1-cable-de-1-2-instalacin-en-ngulo-soporte-de-acero-inoxidable\/"},"modified":"2026-03-19T07:22:05","modified_gmt":"2026-03-19T07:22:05","slug":"sujetador-para-1-cable-de-1-2-instalacin-en-ngulo-soporte-de-acero-inoxidable","status":"publish","type":"product","link":"https:\/\/soydeaqui.ddns.net\/pachuca\/index.php\/producto\/sujetador-para-1-cable-de-1-2-instalacin-en-ngulo-soporte-de-acero-inoxidable\/","title":{"rendered":"Sujetador para 1 Cable de 1\/2. Instalaci?n en ?ngulo. Soporte de Acero Inoxidable."},"content":{"rendered":"<div style='width: 100%; max-width: 1200px; margin: 0 auto; font-family: sans-serif; line-height: 1.6; color: inherit; background-color: transparent;'> <!-- Secci\u00f3n de caracter\u00edsticas principales --> <\/p>\n<div style='display: flex; flex-wrap: wrap; gap: 30px; margin-bottom: 30px;'>\n<div style='flex: 1 1 300px; min-width: 280px;'>\n<h3 style='font-size: 22px; border-bottom: 2px solid currentColor; padding-bottom: 5px; margin-top: 0; color: inherit; opacity: 0.8;'>Caracter\u00edsticas Principales<\/h3>\n<ul style='padding-left: 20px; font-size: 15px; color: inherit;'>\n<li style='margin-bottom: 5px;'>Acero inoxidable para m\u00e1xima durabilidad<\/li>\n<li style='margin-bottom: 5px;'>Compatible con cable de 1\/2 pulgada<\/li>\n<li style='margin-bottom: 5px;'>Instalaci\u00f3n en \u00e1ngulo de hasta 1.0&#8242; de espesor<\/li>\n<li style='margin-bottom: 5px;'>Sometido a vibraci\u00f3n en frecuencia de resonancia<\/li>\n<li style='margin-bottom: 5px;'>Resistencia testada a exposici\u00f3n UV<\/li>\n<\/ul><\/div>\n<\/p><\/div>\n<p> <!-- Secci\u00f3n de especificaciones t\u00e9cnicas --> <\/p>\n<div style='display: flex; flex-wrap: wrap; gap: 20px; margin-bottom: 30px;'>\n<div style='flex: 1 1 250px; border: 1px solid rgba(150&comma; 150&comma; 150&comma; 0.4); border-radius: 8px; overflow: hidden; display: flex; flex-direction: column;'>\n<div style='padding: 15px; border-bottom: 1px solid rgba(150&comma; 150&comma; 150&comma; 0.2); font-weight: bold; font-size: 18px; color: inherit;'>Especificaciones T\u00e9cnicas<\/div>\n<div style='padding: 15px; color: inherit;'>\n<ul style='padding-left: 20px; margin: 0; font-size: 14px; list-style-type: disc;'>\n<li style='margin-bottom: 5px;'><strong>Di\u00e1metro Compatible:<\/strong> M\u00e1ximo 16.256 mm | 0.640 in \/ M\u00ednimo 15.240 mm | 0.600 in<\/li>\n<li style='margin-bottom: 5px;'><strong>Altura:<\/strong> 26.00 mm | 1.02 in<\/li>\n<li style='margin-bottom: 5px;'><strong>Largo:<\/strong> 46.29 mm | 1.82 in<\/li>\n<li style='margin-bottom: 5px;'><strong>Ancho:<\/strong> 25.82 mm | 1.02 in<\/li>\n<li style='margin-bottom: 5px;'><strong>Peso Empaquetado:<\/strong> 0.45 kg | 1.00 lb<\/li>\n<li style='margin-bottom: 5px;'><strong>Temperatura de Operaci\u00f3n:<\/strong> -40 \u00b0C a +85 \u00b0C (-40 \u00b0F a +185 \u00b0F)<\/li>\n<\/ul><\/div>\n<\/p><\/div>\n<div style='flex: 1 1 250px; border: 1px solid rgba(150&comma; 150&comma; 150&comma; 0.4); border-radius: 8px; overflow: hidden; display: flex; flex-direction: column;'>\n<div style='padding: 15px; border-bottom: 1px solid rgba(150&comma; 150&comma; 150&comma; 0.2); font-weight: bold; font-size: 18px; color: inherit;'>Pruebas Mec\u00e1nicas<\/div>\n<div style='padding: 15px; color: inherit;'>\n<ul style='padding-left: 20px; margin: 0; font-size: 14px; list-style-type: disc;'>\n<li style='margin-bottom: 5px;'>Resistencia a la corrosi\u00f3n: M\u00ednimo 500 horas sin degradaci\u00f3n en c\u00e1mara de niebla salina<\/li>\n<li style='margin-bottom: 5px;'>Resistencia UV: M\u00ednimo 100 horas sin degradaci\u00f3n en c\u00e1mara de vida UV acelerada<\/li>\n<li style='margin-bottom: 5px;'>Resistencia a vibraci\u00f3n: 4 horas a frecuencia de resonancia<\/li>\n<\/ul><\/div>\n<\/p><\/div>\n<div style='flex: 1 1 250px; border: 1px solid rgba(150&comma; 150&comma; 150&comma; 0.4); border-radius: 8px; overflow: hidden; display: flex; flex-direction: column;'>\n<div style='padding: 15px; border-bottom: 1px solid rgba(150&comma; 150&comma; 150&comma; 0.2); font-weight: bold; font-size: 18px; color: inherit;'>Detalles del Kit<\/div>\n<div style='padding: 15px; color: inherit;'>\n<ul style='padding-left: 20px; margin: 0; font-size: 14px; list-style-type: disc;'>\n<li style='margin-bottom: 5px;'><strong>Tipo de Sujetador:<\/strong> Abrazadera compuesta<\/li>\n<li style='margin-bottom: 5px;'><strong>Material:<\/strong> Pl\u00e1stico ingenieril | Acero inoxidable<\/li>\n<li style='margin-bottom: 5px;'><strong>Color:<\/strong> Negro<\/li>\n<li style='margin-bottom: 5px;'><strong>Incluye:<\/strong> Adaptador de \u00e1ngulo | Hardware<\/li>\n<li style='margin-bottom: 5px;'><strong>Cantidad por Paquete:<\/strong> 1<\/li>\n<\/ul><\/div>\n<\/p><\/div>\n<\/p><\/div>\n<p> <!-- Separador --> <\/p>\n<hr style='border: 0; border-top: 1px solid rgba(150&comma; 150&comma; 150&comma; 0.3); margin: 30px 0;'> <\/div>\n","protected":false},"excerpt":{"rendered":"<p>Sujetador para 1 Cable de 1\/2. Instalaci?n en ?ngulo. Soporte de Acero Inoxidable.<\/p>\n","protected":false},"featured_media":63669,"comment_status":"open","ping_status":"closed","template":"","meta":[],"product_brand":[],"product_cat":[1675],"product_tag":[93,1330,138],"class_list":{"0":"post-63670","1":"product","2":"type-product","3":"status-publish","4":"has-post-thumbnail","6":"product_cat-accesorios-cables-radiocomunicacion","7":"product_tag-accesorios","8":"product_tag-andrew-commscope","9":"product_tag-cables","11":"first","12":"instock","13":"sale","14":"shipping-taxable","15":"purchasable","16":"product-type-simple"},"_links":{"self":[{"href":"https:\/\/soydeaqui.ddns.net\/pachuca\/index.php\/wp-json\/wp\/v2\/product\/63670","targetHints":{"allow":["GET"]}}],"collection":[{"href":"https:\/\/soydeaqui.ddns.net\/pachuca\/index.php\/wp-json\/wp\/v2\/product"}],"about":[{"href":"https:\/\/soydeaqui.ddns.net\/pachuca\/index.php\/wp-json\/wp\/v2\/types\/product"}],"replies":[{"embeddable":true,"href":"https:\/\/soydeaqui.ddns.net\/pachuca\/index.php\/wp-json\/wp\/v2\/comments?post=63670"}],"wp:featuredmedia":[{"embeddable":true,"href":"https:\/\/soydeaqui.ddns.net\/pachuca\/index.php\/wp-json\/wp\/v2\/media\/63669"}],"wp:attachment":[{"href":"https:\/\/soydeaqui.ddns.net\/pachuca\/index.php\/wp-json\/wp\/v2\/media?parent=63670"}],"wp:term":[{"taxonomy":"product_brand","embeddable":true,"href":"https:\/\/soydeaqui.ddns.net\/pachuca\/index.php\/wp-json\/wp\/v2\/product_brand?post=63670"},{"taxonomy":"product_cat","embeddable":true,"href":"https:\/\/soydeaqui.ddns.net\/pachuca\/index.php\/wp-json\/wp\/v2\/product_cat?post=63670"},{"taxonomy":"product_tag","embeddable":true,"href":"https:\/\/soydeaqui.ddns.net\/pachuca\/index.php\/wp-json\/wp\/v2\/product_tag?post=63670"}],"curies":[{"name":"wp","href":"https:\/\/api.w.org\/{rel}","templated":true}]}}