{"id":63597,"date":"2026-03-19T07:19:30","date_gmt":"2026-03-19T07:19:30","guid":{"rendered":"https:\/\/soydeaqui.ddns.net\/pachuca\/index.php\/producto\/cargador-rapido-de-escritorio-para-radios-r2-ep450-dep450-cp080-cp140-cp150-cp160-cp180-cp200-cp250-pr400-gp3688\/"},"modified":"2026-03-19T07:19:39","modified_gmt":"2026-03-19T07:19:39","slug":"cargador-rapido-de-escritorio-para-radios-r2-ep450-dep450-cp080-cp140-cp150-cp160-cp180-cp200-cp250-pr400-gp3688","status":"publish","type":"product","link":"https:\/\/soydeaqui.ddns.net\/pachuca\/index.php\/producto\/cargador-rapido-de-escritorio-para-radios-r2-ep450-dep450-cp080-cp140-cp150-cp160-cp180-cp200-cp250-pr400-gp3688\/","title":{"rendered":"Cargador r\u00e1pido de escritorio para Radios R2, EP450, DEP450, CP080, CP140, CP150, CP160, CP180, CP200, CP250, PR400, GP3688"},"content":{"rendered":"<div style='width: 100%; max-width: 1200px; margin: 0 auto; font-family: sans-serif; line-height: 1.6; color: inherit; background-color: transparent;'>\n<div style='display: flex; flex-wrap: wrap; gap: 30px; margin-bottom: 30px;'>\n<div style='flex: 1 1 300px; min-width: 280px;'>\n<h3 style='font-size: 22px; border-bottom: 2px solid currentColor; padding-bottom: 5px; margin-top: 0; color: inherit; opacity: 0.8;'>Descripci\u00f3n<\/h3>\n<p style='font-size: 15px; color: inherit; margin-bottom: 15px;'> Este cargador es de alta calidad&comma; con el que puede contar para cargar correctamente su bater\u00eda de radio de 2 v\u00edas cada vez que sea necesario. <\/p>\n<p style='font-size: 15px; color: inherit; margin-bottom: 15px;'> Los cargadores TXPRO son inteligentes porque evitan la sobrecarga&comma; mientras que proveen una recarga autom\u00e1tica cuando una radio permanece encendida. <\/p>\n<p style='font-size: 15px; color: inherit; margin-bottom: 15px;'> Son vers\u00e1tiles por que cargan las bater\u00edas originales y gen\u00e9ricas de cualquier marca. <\/p>\n<p style='font-size: 15px; color: inherit; margin-bottom: 15px;'> Los cargadores TXPRO son confiables como lo demuestra su fuerte aceptaci\u00f3n y popularidad entre los profesionales de la comunicaci\u00f3n. <\/p>\n<p style='font-size: 15px; color: inherit; margin-bottom: 15px;'> Cargador r\u00e1pido recomendaci\u00f3n ideal para cargar bater\u00edas de alta capacidad (arriba de 1200 mAh). <\/p>\n<\/p><\/div>\n<\/p><\/div>\n<div style='display: flex; flex-wrap: wrap; gap: 20px; margin-bottom: 30px;'>\n<div style='flex: 1 1 250px; border: 1px solid rgba(150&comma; 150&comma; 150&comma; 0.4); border-radius: 8px; overflow: hidden; display: flex; flex-direction: column;'>\n<div style='padding: 15px; border-bottom: 1px solid rgba(150&comma; 150&comma; 150&comma; 0.2); font-weight: bold; font-size: 18px; color: inherit;'>Caracter\u00edsticas principales<\/div>\n<div style='padding: 15px; color: inherit;'>\n<ul style='padding-left: 20px; margin: 0; font-size: 14px; list-style-type: disc;'>\n<li style='margin-bottom: 5px;'>Carga bater\u00edas con o sin radio<\/li>\n<li style='margin-bottom: 5px;'>Dise\u00f1o robusto&comma; y vers\u00e1til que ocupa poco espacio<\/li>\n<li style='margin-bottom: 5px;'>Incluye fuente de poder de 120 VCA a Vcc<\/li>\n<li style='margin-bottom: 5px;'>Compatible con adaptador con encendedor de cigarros para conectarlo en el veh\u00edculo<\/li>\n<li style='margin-bottom: 5px;'>Corriente de carga: 800 mA<\/li>\n<li style='margin-bottom: 5px;'>Temperatura de funcionamiento -20 \u00b0C ~ 45 \u00b0C<\/li>\n<li style='margin-bottom: 5px;'>Temperatura de almacenamiento -20 \u00b0C ~ 70 \u00b0C<\/li>\n<\/ul><\/div>\n<\/p><\/div>\n<div style='flex: 1 1 250px; border: 1px solid rgba(150&comma; 150&comma; 150&comma; 0.4); border-radius: 8px; overflow: hidden; display: flex; flex-direction: column;'>\n<div style='padding: 15px; border-bottom: 1px solid rgba(150&comma; 150&comma; 150&comma; 0.2); font-weight: bold; font-size: 18px; color: inherit;'>Indicaci\u00f3n LED<\/div>\n<div style='padding: 15px; color: inherit;'>\n<ul style='padding-left: 20px; margin: 0; font-size: 14px; list-style-type: disc;'>\n<li style='margin-bottom: 5px;'>LED enciende en verde por que la detecta<\/li>\n<li style='margin-bottom: 5px;'>LED cambia y enciende en rojo por que esta cargando<\/li>\n<li style='margin-bottom: 5px;'>LED enciende en color verde por que ya est\u00e1 lista<\/li>\n<li style='margin-bottom: 5px;'>LED parpadea en color rojo en caso de bater\u00eda abierta<\/li>\n<\/ul><\/div>\n<\/p><\/div>\n<div style='flex: 1 1 250px; border: 1px solid rgba(150&comma; 150&comma; 150&comma; 0.4); border-radius: 8px; overflow: hidden; display: flex; flex-direction: column;'>\n<div style='padding: 15px; border-bottom: 1px solid rgba(150&comma; 150&comma; 150&comma; 0.2); font-weight: bold; font-size: 18px; color: inherit;'>Protecciones<\/div>\n<div style='padding: 15px; color: inherit;'>\n<ul style='padding-left: 20px; margin: 0; font-size: 14px; list-style-type: disc;'>\n<li style='margin-bottom: 5px;'>Corta la corriente al detectar calentamiento<\/li>\n<li style='margin-bottom: 5px;'>Corta la corriente al detectar sobretensi\u00f3n<\/li>\n<li style='margin-bottom: 5px;'>Corta la corriente al detectar tensi\u00f3n m\u00e1xima<\/li>\n<li style='margin-bottom: 5px;'>Corta la corriente al detectar temperatura m\u00e1xima<\/li>\n<li style='margin-bottom: 5px;'>Corta la corriente al detectar tiempo de carga m\u00e1ximo<\/li>\n<\/ul><\/div>\n<\/p><\/div>\n<\/p><\/div>\n<div style='display: flex; flex-wrap: wrap; gap: 30px; margin-bottom: 30px;'>\n<div style='flex: 1 1 300px; min-width: 280px;'>\n<h3 style='font-size: 22px; border-bottom: 2px solid currentColor; padding-bottom: 5px; margin-top: 0; color: inherit; opacity: 0.8;'>Notas<\/h3>\n<ul style='padding-left: 20px; font-size: 15px; color: inherit;'>\n<li style='margin-bottom: 5px;'>Los accesorios para instalaci\u00f3n en veh\u00edculo se venden por separado<\/li>\n<li style='margin-bottom: 5px;'>Pregunte a su ejecutivo de ventas o al departamento de ingenier\u00eda<\/li>\n<\/ul><\/div>\n<\/p><\/div>\n<hr style='border: 0; border-top: 1px solid rgba(150&comma; 150&comma; 150&comma; 0.3); margin: 30px 0;'> <\/div>\n","protected":false},"excerpt":{"rendered":"<p>Cargador r\u00e1pido de escritorio para Radios R2, EP450, DEP450, CP080, CP140, CP150, CP160, CP180, CP200, CP250, PR400, GP3688<\/p>\n","protected":false},"featured_media":63596,"comment_status":"open","ping_status":"closed","template":"","meta":[],"product_brand":[],"product_cat":[1703],"product_tag":[1614,1704,560],"class_list":{"0":"post-63597","1":"product","2":"type-product","3":"status-publish","4":"has-post-thumbnail","6":"product_cat-cargadores-de-bateria","7":"product_tag-accesorios-para-motorola","8":"product_tag-cargadores-de-bateria","9":"product_tag-txpro","11":"first","12":"instock","13":"sale","14":"shipping-taxable","15":"purchasable","16":"product-type-simple"},"_links":{"self":[{"href":"https:\/\/soydeaqui.ddns.net\/pachuca\/index.php\/wp-json\/wp\/v2\/product\/63597","targetHints":{"allow":["GET"]}}],"collection":[{"href":"https:\/\/soydeaqui.ddns.net\/pachuca\/index.php\/wp-json\/wp\/v2\/product"}],"about":[{"href":"https:\/\/soydeaqui.ddns.net\/pachuca\/index.php\/wp-json\/wp\/v2\/types\/product"}],"replies":[{"embeddable":true,"href":"https:\/\/soydeaqui.ddns.net\/pachuca\/index.php\/wp-json\/wp\/v2\/comments?post=63597"}],"wp:featuredmedia":[{"embeddable":true,"href":"https:\/\/soydeaqui.ddns.net\/pachuca\/index.php\/wp-json\/wp\/v2\/media\/63596"}],"wp:attachment":[{"href":"https:\/\/soydeaqui.ddns.net\/pachuca\/index.php\/wp-json\/wp\/v2\/media?parent=63597"}],"wp:term":[{"taxonomy":"product_brand","embeddable":true,"href":"https:\/\/soydeaqui.ddns.net\/pachuca\/index.php\/wp-json\/wp\/v2\/product_brand?post=63597"},{"taxonomy":"product_cat","embeddable":true,"href":"https:\/\/soydeaqui.ddns.net\/pachuca\/index.php\/wp-json\/wp\/v2\/product_cat?post=63597"},{"taxonomy":"product_tag","embeddable":true,"href":"https:\/\/soydeaqui.ddns.net\/pachuca\/index.php\/wp-json\/wp\/v2\/product_tag?post=63597"}],"curies":[{"name":"wp","href":"https:\/\/api.w.org\/{rel}","templated":true}]}}