{"id":63586,"date":"2026-03-19T07:19:07","date_gmt":"2026-03-19T07:19:07","guid":{"rendered":"https:\/\/soydeaqui.ddns.net\/pachuca\/index.php\/producto\/cargador-rapido-de-escritorio-para-radios-kenwood-tk2100-tk3100-tk2102a-tk3102a\/"},"modified":"2026-03-19T07:19:14","modified_gmt":"2026-03-19T07:19:14","slug":"cargador-rapido-de-escritorio-para-radios-kenwood-tk2100-tk3100-tk2102a-tk3102a","status":"publish","type":"product","link":"https:\/\/soydeaqui.ddns.net\/pachuca\/index.php\/producto\/cargador-rapido-de-escritorio-para-radios-kenwood-tk2100-tk3100-tk2102a-tk3102a\/","title":{"rendered":"Cargador r\u00e1pido de escritorio para radios Kenwood TK2100, TK3100, TK2102A, TK3102A"},"content":{"rendered":"<div style='width: 100%; max-width: 1200px; margin: 0 auto; font-family: sans-serif; line-height: 1.6; color: inherit; background-color: transparent;'>\n<div style='display: flex; flex-wrap: wrap; gap: 30px; margin-bottom: 30px;'>\n<div style='flex: 1 1 300px; min-width: 280px;'>\n<h3 style='font-size: 22px; border-bottom: 2px solid currentColor; padding-bottom: 5px; margin-top: 0; color: inherit; opacity: 0.8;'>Modelos compatibles<\/h3>\n<ul style='padding-left: 20px; font-size: 15px; color: inherit;'>\n<li style='margin-bottom: 5px;'>TK2100<\/li>\n<li style='margin-bottom: 5px;'>TK3100<\/li>\n<li style='margin-bottom: 5px;'>TK2102A<\/li>\n<li style='margin-bottom: 5px;'>TK3102A<\/li>\n<li style='margin-bottom: 5px;'>TK2102G<\/li>\n<li style='margin-bottom: 5px;'>TK3102G<\/li>\n<li style='margin-bottom: 5px;'>TK260<\/li>\n<li style='margin-bottom: 5px;'>TK270<\/li>\n<li style='margin-bottom: 5px;'>TK280<\/li>\n<li style='margin-bottom: 5px;'>TK360<\/li>\n<li style='margin-bottom: 5px;'>TK370<\/li>\n<li style='margin-bottom: 5px;'>TK480<\/li>\n<li style='margin-bottom: 5px;'>TK481<\/li>\n<\/ul><\/div>\n<div style='flex: 1 1 300px; min-width: 280px;'>\n<h3 style='font-size: 22px; border-bottom: 2px solid currentColor; padding-bottom: 5px; margin-top: 0; color: inherit; opacity: 0.8;'>Bater\u00edas compatibles<\/h3>\n<ul style='padding-left: 20px; font-size: 15px; color: inherit;'>\n<li style='margin-bottom: 5px;'>KNB14<\/li>\n<li style='margin-bottom: 5px;'>KNB15A<\/li>\n<li style='margin-bottom: 5px;'>KNB16A<\/li>\n<li style='margin-bottom: 5px;'>KNB17A<\/li>\n<li style='margin-bottom: 5px;'>KNB20N<\/li>\n<li style='margin-bottom: 5px;'>KNB21N<\/li>\n<li style='margin-bottom: 5px;'>KNB52N<\/li>\n<li style='margin-bottom: 5px;'>KNB20N<\/li>\n<li style='margin-bottom: 5px;'>KNB22NC<\/li>\n<li style='margin-bottom: 5px;'>KNB22N<\/li>\n<\/ul><\/div>\n<\/p><\/div>\n<div style='margin-bottom: 30px;'>\n<p style='font-size: 15px; margin-bottom: 15px; color: inherit;'>Este cargador es de alta calidad&comma; con el que puede contar para cargar correctamente su bater\u00eda de radio de 2 v\u00edas cada vez que sea necesario.<\/p>\n<p style='font-size: 15px; margin-bottom: 15px; color: inherit;'>Los cargadores TXPRO son inteligentes porque evitan la sobrecarga&comma; mientras que proveen una recarga autom\u00e1tica cuando una radio permanece apagada.<\/p>\n<p style='font-size: 15px; margin-bottom: 15px; color: inherit;'>Son vers\u00e1tiles por que cargan las bater\u00edas originales y gen\u00e9ricas de cualquier marca.<\/p>\n<p style='font-size: 15px; margin-bottom: 15px; color: inherit;'>Los cargadores TXPRO son confiables como lo demuestra su fuerte aceptaci\u00f3n y popularidad entre los profesionales de la comunicaci\u00f3n.<\/p>\n<\/p><\/div>\n<div style='display: flex; flex-wrap: wrap; gap: 20px; margin-bottom: 30px;'>\n<div style='flex: 1 1 250px; border: 1px solid rgba(150&comma; 150&comma; 150&comma; 0.4); border-radius: 8px; overflow: hidden; display: flex; flex-direction: column;'>\n<div style='padding: 15px; border-bottom: 1px solid rgba(150&comma; 150&comma; 150&comma; 0.2); font-weight: bold; font-size: 18px; color: inherit;'>Caracter\u00edsticas del producto<\/div>\n<div style='padding: 15px; color: inherit;'>\n<ul style='padding-left: 20px; margin: 0; font-size: 14px; list-style-type: disc;'>\n<li style='margin-bottom: 5px;'>Carga bater\u00edas con o sin radio<\/li>\n<li style='margin-bottom: 5px;'>LED indicador de estado de carga de la bater\u00eda<\/li>\n<li style='margin-bottom: 5px;'>Para cada posici\u00f3n confirma carga en curso&comma; falla de bater\u00eda&comma; y completamente cargada<\/li>\n<li style='margin-bottom: 5px;'>Dise\u00f1o robusto&comma; y vers\u00e1til que ocupa poco espacio<\/li>\n<li style='margin-bottom: 5px;'>Incluye fuente de poder de 120 VCA a 12 Vcc<\/li>\n<li style='margin-bottom: 5px;'>Los accesorios disponibles para la instalaci\u00f3n en el veh\u00edculo se venden por separado<\/li>\n<\/ul><\/div>\n<\/p><\/div>\n<div style='flex: 1 1 250px; border: 1px solid rgba(150&comma; 150&comma; 150&comma; 0.4); border-radius: 8px; overflow: hidden; display: flex; flex-direction: column;'>\n<div style='padding: 15px; border-bottom: 1px solid rgba(150&comma; 150&comma; 150&comma; 0.2); font-weight: bold; font-size: 18px; color: inherit;'>Caracter\u00edsticas del cargador inteligente<\/div>\n<div style='padding: 15px; color: inherit;'>\n<ul style='padding-left: 20px; margin: 0; font-size: 14px; list-style-type: disc;'>\n<li style='margin-bottom: 5px;'>Corta la corriente en cuanto detecta calentamiento y sobretensi\u00f3n<\/li>\n<li style='margin-bottom: 5px;'>El LED enciende en verde por que la detecta<\/li>\n<li style='margin-bottom: 5px;'>Inmediatamente cambia el LED y enciende en rojo por que esta cargando<\/li>\n<li style='margin-bottom: 5px;'>Cuando termina de cargar el LED enciende en color verde por que ya est\u00e1 lista<\/li>\n<li style='margin-bottom: 5px;'>En caso de que la bater\u00eda est\u00e9 abierta el LED parpadea en color rojo<\/li>\n<\/ul><\/div>\n<\/p><\/div>\n<div style='flex: 1 1 250px; border: 1px solid rgba(150&comma; 150&comma; 150&comma; 0.4); border-radius: 8px; overflow: hidden; display: flex; flex-direction: column;'>\n<div style='padding: 15px; border-bottom: 1px solid rgba(150&comma; 150&comma; 150&comma; 0.2); font-weight: bold; font-size: 18px; color: inherit;'>Especificaciones t\u00e9cnicas<\/div>\n<div style='padding: 15px; color: inherit;'>\n<ul style='padding-left: 20px; margin: 0; font-size: 14px; list-style-type: disc;'>\n<li style='margin-bottom: 5px;'><strong>Corriente de carga:<\/strong> 800 mA<\/li>\n<li style='margin-bottom: 5px;'><strong>Temperatura de funcionamiento:<\/strong> -20 \u00b0C ~ 45 \u00b0C<\/li>\n<li style='margin-bottom: 5px;'><strong>Temperatura de almacenamiento:<\/strong> -20 \u00b0C ~ 70 \u00b0C<\/li>\n<li style='margin-bottom: 5px;'><strong>Funciones de seguridad:<\/strong> Interrumpe la carga al detectar: incremento de temperatura&comma; tensi\u00f3n m\u00e1xima&comma; temperatura m\u00e1xima y tiempo de carga m\u00e1ximo<\/li>\n<li style='margin-bottom: 5px;'><strong>Compatibilidad:<\/strong> Adaptador con encendedor de cigarros para conectarlo en el veh\u00edculo<\/li>\n<\/ul><\/div>\n<\/p><\/div>\n<\/p><\/div>\n<div style='margin-bottom: 30px;'>\n<p style='font-size: 15px; margin-bottom: 15px; color: inherit;'>Cargador r\u00e1pido recomendaci\u00f3n ideal para cargar bater\u00edas de alta capacidad (arriba de 1200 mAh).<\/p>\n<p style='font-size: 15px; margin-bottom: 15px; color: inherit;'>Pregunte a su ejecutivo de ventas o al departamento de ingenier\u00eda.<\/p>\n<\/p><\/div>\n<\/p><\/div>\n","protected":false},"excerpt":{"rendered":"<p>Cargador r\u00e1pido de escritorio para radios Kenwood TK2100, TK3100, TK2102A, TK3102A<\/p>\n","protected":false},"featured_media":63585,"comment_status":"open","ping_status":"closed","template":"","meta":[],"product_brand":[],"product_cat":[1702],"product_tag":[1579,1109,560],"class_list":{"0":"post-63586","1":"product","2":"type-product","3":"status-publish","4":"has-post-thumbnail","6":"product_cat-cargadores-de-baterias-accesorios-para-kenwood","7":"product_tag-accesorios-para-kenwood","8":"product_tag-cargadores-de-baterias","9":"product_tag-txpro","11":"first","12":"instock","13":"sale","14":"shipping-taxable","15":"purchasable","16":"product-type-simple"},"_links":{"self":[{"href":"https:\/\/soydeaqui.ddns.net\/pachuca\/index.php\/wp-json\/wp\/v2\/product\/63586","targetHints":{"allow":["GET"]}}],"collection":[{"href":"https:\/\/soydeaqui.ddns.net\/pachuca\/index.php\/wp-json\/wp\/v2\/product"}],"about":[{"href":"https:\/\/soydeaqui.ddns.net\/pachuca\/index.php\/wp-json\/wp\/v2\/types\/product"}],"replies":[{"embeddable":true,"href":"https:\/\/soydeaqui.ddns.net\/pachuca\/index.php\/wp-json\/wp\/v2\/comments?post=63586"}],"wp:featuredmedia":[{"embeddable":true,"href":"https:\/\/soydeaqui.ddns.net\/pachuca\/index.php\/wp-json\/wp\/v2\/media\/63585"}],"wp:attachment":[{"href":"https:\/\/soydeaqui.ddns.net\/pachuca\/index.php\/wp-json\/wp\/v2\/media?parent=63586"}],"wp:term":[{"taxonomy":"product_brand","embeddable":true,"href":"https:\/\/soydeaqui.ddns.net\/pachuca\/index.php\/wp-json\/wp\/v2\/product_brand?post=63586"},{"taxonomy":"product_cat","embeddable":true,"href":"https:\/\/soydeaqui.ddns.net\/pachuca\/index.php\/wp-json\/wp\/v2\/product_cat?post=63586"},{"taxonomy":"product_tag","embeddable":true,"href":"https:\/\/soydeaqui.ddns.net\/pachuca\/index.php\/wp-json\/wp\/v2\/product_tag?post=63586"}],"curies":[{"name":"wp","href":"https:\/\/api.w.org\/{rel}","templated":true}]}}