{"id":63212,"date":"2026-03-19T07:06:49","date_gmt":"2026-03-19T07:06:49","guid":{"rendered":"https:\/\/soydeaqui.ddns.net\/pachuca\/index.php\/producto\/antena-base-direccional-rango-de-frecuencia-890-960-mhz\/"},"modified":"2026-03-19T07:06:49","modified_gmt":"2026-03-19T07:06:49","slug":"antena-base-direccional-rango-de-frecuencia-890-960-mhz","status":"publish","type":"product","link":"https:\/\/soydeaqui.ddns.net\/pachuca\/index.php\/producto\/antena-base-direccional-rango-de-frecuencia-890-960-mhz\/","title":{"rendered":"Antena Base, Direccional, Rango de Frecuencia 890 &#8211; 960 MHz."},"content":{"rendered":"<div style='width: 100%; max-width: 1200px; margin: 0 auto; font-family: sans-serif; line-height: 1.6; color: inherit; background-color: transparent;'>\n<div style='display: flex; flex-wrap: wrap; gap: 30px; margin-bottom: 30px;'>\n<div style='flex: 1 1 300px; min-width: 280px;'>\n<h3 style='font-size: 22px; border-bottom: 2px solid currentColor; padding-bottom: 5px; margin-top: 0; color: inherit; opacity: 0.8;'>Caracter\u00edsticas principales<\/h3>\n<ul style='padding-left: 20px; font-size: 15px; color: inherit;'>\n<li style='margin-bottom: 5px;'>Antena Yagi de 7 elementos para mejor se\u00f1al<\/li>\n<li style='margin-bottom: 5px;'>Rango de frecuencia: 890-960 MHz<\/li>\n<li style='margin-bottom: 5px;'>Ganancia: 10 dB<\/li>\n<li style='margin-bottom: 5px;'>Resistencia al viento: 202 km\/h<\/li>\n<li style='margin-bottom: 5px;'>Aluminio anodizado para resistencia a la corrosi\u00f3n<\/li>\n<\/ul><\/div>\n<div style='flex: 1 1 300px; min-width: 280px;'>\n<h3 style='font-size: 22px; border-bottom: 2px solid currentColor; padding-bottom: 5px; margin-top: 0; color: inherit; opacity: 0.8;'>Especificaciones t\u00e9cnicas<\/h3>\n<ul style='padding-left: 20px; font-size: 15px; color: inherit;'>\n<li style='margin-bottom: 5px;'><strong>Modelo:<\/strong> BMYD890K<\/li>\n<li style='margin-bottom: 5px;'><strong>Tipo:<\/strong> Yagi \/ 7 elementos<\/li>\n<li style='margin-bottom: 5px;'><strong>Rango de Frecuencia:<\/strong> 890-960 MHz<\/li>\n<li style='margin-bottom: 5px;'><strong>Ganancia:<\/strong> 10 dBd<\/li>\n<li style='margin-bottom: 5px;'><strong>Ancho de Banda:<\/strong> 70 MHz<\/li>\n<li style='margin-bottom: 5px;'><strong>Potencia M\u00e1xima:<\/strong> 200 Watts<\/li>\n<li style='margin-bottom: 5px;'><strong>Conector:<\/strong> N Hembra<\/li>\n<li style='margin-bottom: 5px;'><strong>Longitud:<\/strong> 23.75&#8242; (60.3 cm)<\/li>\n<li style='margin-bottom: 5px;'><strong>Peso:<\/strong> 6.8 lbs (3.1 kg)<\/li>\n<li style='margin-bottom: 5px;'><strong>Resistencia al viento:<\/strong> 125 mph (202 km\/h)<\/li>\n<\/ul><\/div>\n<\/p><\/div>\n<div style='display: flex; flex-wrap: wrap; gap: 20px; margin-bottom: 30px;'>\n<div style='flex: 1 1 250px; border: 1px solid rgba(150&comma; 150&comma; 150&comma; 0.4); border-radius: 8px; overflow: hidden; display: flex; flex-direction: column;'>\n<div style='padding: 15px; border-bottom: 1px solid rgba(150&comma; 150&comma; 150&comma; 0.2); font-weight: bold; font-size: 18px; color: inherit;'>Especificaciones El\u00e9ctricas<\/div>\n<div style='padding: 15px; color: inherit;'>\n<ul style='padding-left: 20px; margin: 0; font-size: 14px; list-style-type: disc;'>\n<li style='margin-bottom: 5px;'><strong>-3dB Horizontal:<\/strong> 56\u00b0<\/li>\n<li style='margin-bottom: 5px;'><strong>-3dB Vertical:<\/strong> 46\u00b0<\/li>\n<li style='margin-bottom: 5px;'><strong>Relaci\u00f3n Front to Back:<\/strong> 20 dB<\/li>\n<li style='margin-bottom: 5px;'><strong>Impedancia:<\/strong> 50 ohms<\/li>\n<\/ul><\/div>\n<\/p><\/div>\n<div style='flex: 1 1 250px; border: 1px solid rgba(150&comma; 150&comma; 150&comma; 0.4); border-radius: 8px; overflow: hidden; display: flex; flex-direction: column;'>\n<div style='padding: 15px; border-bottom: 1px solid rgba(150&comma; 150&comma; 150&comma; 0.2); font-weight: bold; font-size: 18px; color: inherit;'>Construcci\u00f3n<\/div>\n<div style='padding: 15px; color: inherit;'>\n<ul style='padding-left: 20px; margin: 0; font-size: 14px; list-style-type: disc;'>\n<li style='margin-bottom: 5px;'><strong>Material:<\/strong> Aluminio 6061-T6<\/li>\n<li style='margin-bottom: 5px;'><strong>Elementos:<\/strong> Soldados al m\u00e1stil<\/li>\n<li style='margin-bottom: 5px;'><strong>Acabado:<\/strong> Anodizado<\/li>\n<li style='margin-bottom: 5px;'><strong>Cable:<\/strong> 2&#8242; RG213<\/li>\n<li style='margin-bottom: 5px;'><strong>Conector:<\/strong> N Hembra<\/li>\n<\/ul><\/div>\n<\/p><\/div>\n<div style='flex: 1 1 250px; border: 1px solid rgba(150&comma; 150&comma; 150&comma; 0.4); border-radius: 8px; overflow: hidden; display: flex; flex-direction: column;'>\n<div style='padding: 15px; border-bottom: 1px solid rgba(150&comma; 150&comma; 150&comma; 0.2); font-weight: bold; font-size: 18px; color: inherit;'>Montaje<\/div>\n<div style='padding: 15px; color: inherit;'>\n<ul style='padding-left: 20px; margin: 0; font-size: 14px; list-style-type: disc;'>\n<li style='margin-bottom: 5px;'><strong>M\u00e9todo:<\/strong> Incluye hardware de montaje<\/li>\n<li style='margin-bottom: 5px;'><strong>\u00c1rea de secci\u00f3n transversal:<\/strong> 0.19 sq ft<\/li>\n<li style='margin-bottom: 5px;'><strong>Esfuerzo lateral @ 100 mph:<\/strong> 6.8 lbs<\/li>\n<li style='margin-bottom: 5px;'><strong>N\u00famero de elementos:<\/strong> 7<\/li>\n<\/ul><\/div>\n<\/p><\/div>\n<\/p><\/div>\n<hr style='border: 0; border-top: 1px solid rgba(150&comma; 150&comma; 150&comma; 0.3); margin: 30px 0;'>\n<div style='display: flex; flex-wrap: wrap; gap: 30px; margin-bottom: 30px;'>\n<div style='flex: 1 1 300px; min-width: 280px;'>\n<h3 style='font-size: 22px; border-bottom: 2px solid currentColor; padding-bottom: 5px; margin-top: 0; color: inherit; opacity: 0.8;'>Aplicaciones<\/h3>\n<ul style='padding-left: 20px; font-size: 15px; color: inherit;'>\n<li style='margin-bottom: 5px;'>Sistemas de comunicaci\u00f3n celular<\/li>\n<li style='margin-bottom: 5px;'>Estaciones base<\/li>\n<li style='margin-bottom: 5px;'>Sistemas de radio profesional<\/li>\n<li style='margin-bottom: 5px;'>Enlaces punto a punto<\/li>\n<\/ul><\/div>\n<div style='flex: 1 1 300px; min-width: 280px;'>\n<h3 style='font-size: 22px; border-bottom: 2px solid currentColor; padding-bottom: 5px; margin-top: 0; color: inherit; opacity: 0.8;'>Ventajas<\/h3>\n<ul style='padding-left: 20px; font-size: 15px; color: inherit;'>\n<li style='margin-bottom: 5px;'>Dise\u00f1o robusto para condiciones clim\u00e1ticas extremas<\/li>\n<li style='margin-bottom: 5px;'>Alta resistencia mec\u00e1nica<\/li>\n<li style='margin-bottom: 5px;'>Conductividad el\u00e9ctrica mejorada<\/li>\n<li style='margin-bottom: 5px;'>F\u00e1cil instalaci\u00f3n con polarizaci\u00f3n horizontal\/vertical<\/li>\n<\/ul><\/div>\n<\/p><\/div>\n<\/p><\/div>\n","protected":false},"excerpt":{"rendered":"<p>Antena Base, Direccional, Rango de Frecuencia 890 &#8211; 960 MHz.<\/p>\n","protected":false},"featured_media":63211,"comment_status":"open","ping_status":"closed","template":"","meta":[],"product_brand":[],"product_cat":[1686],"product_tag":[1404,1687,1701],"class_list":{"0":"post-63212","1":"product","2":"type-product","3":"status-publish","4":"has-post-thumbnail","6":"product_cat-estaciones-base-y-repetidores","7":"product_tag-antenas","8":"product_tag-estaciones-base-y-repetidores","9":"product_tag-pctel","11":"first","12":"instock","13":"sale","14":"shipping-taxable","15":"purchasable","16":"product-type-simple"},"_links":{"self":[{"href":"https:\/\/soydeaqui.ddns.net\/pachuca\/index.php\/wp-json\/wp\/v2\/product\/63212","targetHints":{"allow":["GET"]}}],"collection":[{"href":"https:\/\/soydeaqui.ddns.net\/pachuca\/index.php\/wp-json\/wp\/v2\/product"}],"about":[{"href":"https:\/\/soydeaqui.ddns.net\/pachuca\/index.php\/wp-json\/wp\/v2\/types\/product"}],"replies":[{"embeddable":true,"href":"https:\/\/soydeaqui.ddns.net\/pachuca\/index.php\/wp-json\/wp\/v2\/comments?post=63212"}],"wp:featuredmedia":[{"embeddable":true,"href":"https:\/\/soydeaqui.ddns.net\/pachuca\/index.php\/wp-json\/wp\/v2\/media\/63211"}],"wp:attachment":[{"href":"https:\/\/soydeaqui.ddns.net\/pachuca\/index.php\/wp-json\/wp\/v2\/media?parent=63212"}],"wp:term":[{"taxonomy":"product_brand","embeddable":true,"href":"https:\/\/soydeaqui.ddns.net\/pachuca\/index.php\/wp-json\/wp\/v2\/product_brand?post=63212"},{"taxonomy":"product_cat","embeddable":true,"href":"https:\/\/soydeaqui.ddns.net\/pachuca\/index.php\/wp-json\/wp\/v2\/product_cat?post=63212"},{"taxonomy":"product_tag","embeddable":true,"href":"https:\/\/soydeaqui.ddns.net\/pachuca\/index.php\/wp-json\/wp\/v2\/product_tag?post=63212"}],"curies":[{"name":"wp","href":"https:\/\/api.w.org\/{rel}","templated":true}]}}