{"id":63188,"date":"2026-03-19T07:06:03","date_gmt":"2026-03-19T07:06:03","guid":{"rendered":"https:\/\/soydeaqui.ddns.net\/pachuca\/index.php\/producto\/software-de-programacion-para-radios-ic-f621tr-incluye-software-de-ajuste-cs-f620tr-adj\/"},"modified":"2026-03-19T07:06:04","modified_gmt":"2026-03-19T07:06:04","slug":"software-de-programacion-para-radios-ic-f621tr-incluye-software-de-ajuste-cs-f620tr-adj","status":"publish","type":"product","link":"https:\/\/soydeaqui.ddns.net\/pachuca\/index.php\/producto\/software-de-programacion-para-radios-ic-f621tr-incluye-software-de-ajuste-cs-f620tr-adj\/","title":{"rendered":"Software de programaci\u00f3n para radios IC-F621TR. Incluye software de ajuste (CS-F620TR ADJ)."},"content":{"rendered":"<div style='width: 100%; max-width: 1200px; margin: 0 auto; font-family: sans-serif; line-height: 1.6; color: inherit; background-color: transparent;'>\n<div style='display: flex; flex-wrap: wrap; gap: 30px; margin-bottom: 30px;'>\n<div style='flex: 1 1 300px; min-width: 280px;'>\n<h3 style='font-size: 22px; border-bottom: 2px solid currentColor; padding-bottom: 5px; margin-top: 0; color: inherit; opacity: 0.8;'>Descripci\u00f3n<\/h3>\n<p style='font-size: 15px; color: inherit; margin-bottom: 15px;'>Este software de programaci\u00f3n Icom est\u00e1 dise\u00f1ado para realizar la entrada&comma; configuraci\u00f3n y clonaci\u00f3n de datos. En el CD se incluye un archivo de ayuda para describir funciones y operaciones.<\/p>\n<p style='font-size: 15px; color: inherit; margin-bottom: 15px;'>Es para las radios m\u00f3viles IC-F620TR e IC-F621TR con pantalla<\/p>\n<\/p><\/div>\n<\/p><\/div>\n<div style='display: flex; flex-wrap: wrap; gap: 20px; margin-bottom: 30px;'>\n<div style='flex: 1 1 250px; border: 1px solid rgba(150&comma; 150&comma; 150&comma; 0.4); border-radius: 8px; overflow: hidden; display: flex; flex-direction: column;'>\n<div style='padding: 15px; border-bottom: 1px solid rgba(150&comma; 150&comma; 150&comma; 0.2); font-weight: bold; font-size: 18px; color: inherit;'>Requisitos<\/div>\n<div style='padding: 15px; color: inherit;'>\n<p style='margin-bottom: 15px; font-size: 15px; color: inherit;'>Para usar este software de clonaci\u00f3n&comma; se requiere el siguiente hardware y software:<\/p>\n<ul style='padding-left: 20px; margin: 0; font-size: 14px; list-style-type: disc; color: inherit;'>\n<li style='margin-bottom: 5px; color: inherit;'>Sistema operativo (OS) Microsoft\u00ae Windows\u00ae XP&comma; Microsoft\u00ae Windows Vista\u00ae o Microsoft Windows\u00ae 7 u 8.<\/li>\n<li style='margin-bottom: 5px; color: inherit;'>Una PC con uno de los siguientes:<\/li>\n<li style='margin-bottom: 5px; color: inherit;'>Puerto serie RS-232C (D-sub de 9 pines)<\/li>\n<li style='margin-bottom: 5px; color: inherit;'>Puerto USB<\/li>\n<\/ul><\/div>\n<\/p><\/div>\n<div style='flex: 1 1 250px; border: 1px solid rgba(150&comma; 150&comma; 150&comma; 0.4); border-radius: 8px; overflow: hidden; display: flex; flex-direction: column;'>\n<div style='padding: 15px; border-bottom: 1px solid rgba(150&comma; 150&comma; 150&comma; 0.2); font-weight: bold; font-size: 18px; color: inherit;'>Accesorios requeridos<\/div>\n<div style='padding: 15px; color: inherit;'>\n<p style='margin-bottom: 15px; font-size: 15px; color: inherit; font-weight: bold;'>Necesita el cable de clonaci\u00f3n ICOM: OPC-1122U cable de programaci\u00f3n para radios con conector USB o el OPC-1122 para radios con conector tipo RS-232C.<\/p>\n<\/p><\/div>\n<\/p><\/div>\n<\/p><\/div>\n<hr style='border: 0; border-top: 1px solid rgba(150&comma; 150&comma; 150&comma; 0.3); margin: 30px 0;'> <\/div>\n","protected":false},"excerpt":{"rendered":"<p>Software de programaci\u00f3n para radios IC-F621TR. Incluye software de ajuste (CS-F620TR ADJ).<\/p>\n","protected":false},"featured_media":63187,"comment_status":"open","ping_status":"closed","template":"","meta":[],"product_brand":[],"product_cat":[1629],"product_tag":[1517,1288,1602],"class_list":{"0":"post-63188","1":"product","2":"type-product","3":"status-publish","4":"has-post-thumbnail","6":"product_cat-programacion-y-software-accesorios-para-icom","7":"product_tag-accesorios-para-icom","8":"product_tag-icom","9":"product_tag-programacion-y-software","11":"first","12":"outofstock","13":"sale","14":"shipping-taxable","15":"purchasable","16":"product-type-simple"},"_links":{"self":[{"href":"https:\/\/soydeaqui.ddns.net\/pachuca\/index.php\/wp-json\/wp\/v2\/product\/63188","targetHints":{"allow":["GET"]}}],"collection":[{"href":"https:\/\/soydeaqui.ddns.net\/pachuca\/index.php\/wp-json\/wp\/v2\/product"}],"about":[{"href":"https:\/\/soydeaqui.ddns.net\/pachuca\/index.php\/wp-json\/wp\/v2\/types\/product"}],"replies":[{"embeddable":true,"href":"https:\/\/soydeaqui.ddns.net\/pachuca\/index.php\/wp-json\/wp\/v2\/comments?post=63188"}],"wp:featuredmedia":[{"embeddable":true,"href":"https:\/\/soydeaqui.ddns.net\/pachuca\/index.php\/wp-json\/wp\/v2\/media\/63187"}],"wp:attachment":[{"href":"https:\/\/soydeaqui.ddns.net\/pachuca\/index.php\/wp-json\/wp\/v2\/media?parent=63188"}],"wp:term":[{"taxonomy":"product_brand","embeddable":true,"href":"https:\/\/soydeaqui.ddns.net\/pachuca\/index.php\/wp-json\/wp\/v2\/product_brand?post=63188"},{"taxonomy":"product_cat","embeddable":true,"href":"https:\/\/soydeaqui.ddns.net\/pachuca\/index.php\/wp-json\/wp\/v2\/product_cat?post=63188"},{"taxonomy":"product_tag","embeddable":true,"href":"https:\/\/soydeaqui.ddns.net\/pachuca\/index.php\/wp-json\/wp\/v2\/product_tag?post=63188"}],"curies":[{"name":"wp","href":"https:\/\/api.w.org\/{rel}","templated":true}]}}