{"id":63169,"date":"2026-03-19T07:05:26","date_gmt":"2026-03-19T07:05:26","guid":{"rendered":"https:\/\/soydeaqui.ddns.net\/pachuca\/index.php\/producto\/repetidor-de-senal-celular-de-alta-potencia-especial-para-crear-una-zona-celular-en-areas-rurales-o-comunidades-alejadas-95-db-de-ganancia-20-watts-de-potencia-1900-mhz-banda-de-frecuencia-hasta\/"},"modified":"2026-03-19T07:05:27","modified_gmt":"2026-03-19T07:05:27","slug":"repetidor-de-senal-celular-de-alta-potencia-especial-para-crear-una-zona-celular-en-areas-rurales-o-comunidades-alejadas-95-db-de-ganancia-20-watts-de-potencia-1900-mhz-banda-de-frecuencia-hasta","status":"publish","type":"product","link":"https:\/\/soydeaqui.ddns.net\/pachuca\/index.php\/producto\/repetidor-de-senal-celular-de-alta-potencia-especial-para-crear-una-zona-celular-en-areas-rurales-o-comunidades-alejadas-95-db-de-ganancia-20-watts-de-potencia-1900-mhz-banda-de-frecuencia-hasta\/","title":{"rendered":"Repetidor de Se\u00f1al Celular de Alta Potencia. Especial para Crear una Zona Celular en \u00c1reas Rurales o Comunidades Alejadas. 95 dB de Ganancia, 20 Watts de Potencia, 1900 MHz Banda de Frecuencia. Hasta 5 Km Lineales de Cobertura."},"content":{"rendered":"<div style='width: 100%; max-width: 1200px; margin: 0 auto; font-family: sans-serif; line-height: 1.6; color: inherit; background-color: transparent;'> <!-- Secci\u00f3n de descripci\u00f3n --> <\/p>\n<div style='margin-bottom: 30px;'>\n<p style='font-size: 15px; margin-bottom: 15px; color: inherit;'>Repetidor dise\u00f1ado para brindar coberturas de Voz y 3G o 2G de 500 metros a 5 kil\u00f3metros. Su alcance depende de varios factores (intensidad de se\u00f1al&comma; orograf\u00eda&comma; etc).<\/p>\n<p style='font-size: 15px; margin-bottom: 15px; color: inherit;'><strong>Se requiere de un estudio previo en el sitio de instalaci\u00f3n para validar su alcance. Consulte los documentos en la secci\u00f3n Recursos para mayor informaci\u00f3n.<\/strong><\/p>\n<\/p><\/div>\n<p> <!-- Secci\u00f3n de especificaciones --> <\/p>\n<div style='margin-bottom: 30px;'>\n<h3 style='font-size: 22px; border-bottom: 2px solid currentColor; padding-bottom: 5px; margin-top: 0; color: inherit; opacity: 0.8;'>Especificaciones Principales<\/h3>\n<div style='display: flex; flex-wrap: wrap; gap: 20px; margin-top: 20px;'>\n<div style='flex: 1 1 300px; min-width: 280px;'>\n<ul style='padding-left: 20px; font-size: 15px; color: inherit; list-style-type: none; margin: 0;'>\n<li style='margin-bottom: 10px;'><strong style='color: inherit;'>Rango de frecuencia:<\/strong> Uplink 1850-1895 MHz \/ Downlink 1930-1975 MHz.<\/li>\n<li style='margin-bottom: 10px;'><strong style='color: inherit;'>Ganancia:<\/strong> 95 dB.<\/li>\n<li style='margin-bottom: 10px;'><strong style='color: inherit;'>M\u00e1xima de salida:<\/strong> Downlink 43 dBm (20 Watts)\/Uplink 33 dBm (2 Watts).<\/li>\n<li style='margin-bottom: 10px;'><strong style='color: inherit;'>Conectores:<\/strong> N Hembra.<\/li>\n<\/ul><\/div>\n<div style='flex: 1 1 300px; min-width: 280px;'>\n<ul style='padding-left: 20px; font-size: 15px; color: inherit; list-style-type: none; margin: 0;'>\n<li style='margin-bottom: 10px;'><strong style='color: inherit;'>Alimentaci\u00f3n:<\/strong> 110-220 Vca.<\/li>\n<li style='margin-bottom: 10px;'><strong style='color: inherit;'>Consumo:<\/strong> 150 Watts<\/li>\n<li style='margin-bottom: 10px;'><strong style='color: inherit;'>Peso:<\/strong> 35 kg<\/li>\n<li style='margin-bottom: 10px;'><strong style='color: inherit;'>Dimensiones:<\/strong> 630 x 410 x 234 mm<\/li>\n<\/ul><\/div>\n<\/p><\/div>\n<\/p><\/div>\n<p> <!-- Secci\u00f3n de imagen --> <\/p>\n<div style='margin-bottom: 30px;'> <img style='width: 100%; height: auto; border: 1px solid rgba(150&comma;150&comma;150&comma;0.3); border-radius: 8px;' src='https:\/\/ftp3.syscom.mx\/usuarios\/fotos\/CRSOG08WB\/13965-diagrama_de_funcionamiento..png' alt=''> <\/div>\n<p> <!-- Separador --> <\/p>\n<hr style='border: 0; border-top: 1px solid rgba(150&comma; 150&comma; 150&comma; 0.3); margin: 30px 0;'> <\/div>\n","protected":false},"excerpt":{"rendered":"<p>Repetidor de Se\u00f1al Celular de Alta Potencia. Especial para Crear una Zona Celular en \u00c1reas Rurales o Comunidades Alejadas. 95 dB de Ganancia, 20 Watts de Potencia, 1900 MHz Banda de Frecuencia. Hasta 5 Km Lineales de Cobertura.<\/p>\n","protected":false},"featured_media":63167,"comment_status":"open","ping_status":"closed","template":"","meta":[],"product_brand":[],"product_cat":[1570,1552],"product_tag":[1535,1571,1553,935],"class_list":{"0":"post-63169","1":"product","2":"type-product","3":"status-publish","4":"has-post-thumbnail","6":"product_cat-amplificadores-de-senal-celular-adsc","7":"product_cat-cobertura-para-celular-4g-lte","8":"product_tag-3g-y-voz","9":"product_tag-amplificadores-de-senal-celular-adsc","10":"product_tag-cobertura-para-celular-4g-lte","11":"product_tag-epcom","13":"first","14":"outofstock","15":"sale","16":"shipping-taxable","17":"purchasable","18":"product-type-simple"},"_links":{"self":[{"href":"https:\/\/soydeaqui.ddns.net\/pachuca\/index.php\/wp-json\/wp\/v2\/product\/63169","targetHints":{"allow":["GET"]}}],"collection":[{"href":"https:\/\/soydeaqui.ddns.net\/pachuca\/index.php\/wp-json\/wp\/v2\/product"}],"about":[{"href":"https:\/\/soydeaqui.ddns.net\/pachuca\/index.php\/wp-json\/wp\/v2\/types\/product"}],"replies":[{"embeddable":true,"href":"https:\/\/soydeaqui.ddns.net\/pachuca\/index.php\/wp-json\/wp\/v2\/comments?post=63169"}],"wp:featuredmedia":[{"embeddable":true,"href":"https:\/\/soydeaqui.ddns.net\/pachuca\/index.php\/wp-json\/wp\/v2\/media\/63167"}],"wp:attachment":[{"href":"https:\/\/soydeaqui.ddns.net\/pachuca\/index.php\/wp-json\/wp\/v2\/media?parent=63169"}],"wp:term":[{"taxonomy":"product_brand","embeddable":true,"href":"https:\/\/soydeaqui.ddns.net\/pachuca\/index.php\/wp-json\/wp\/v2\/product_brand?post=63169"},{"taxonomy":"product_cat","embeddable":true,"href":"https:\/\/soydeaqui.ddns.net\/pachuca\/index.php\/wp-json\/wp\/v2\/product_cat?post=63169"},{"taxonomy":"product_tag","embeddable":true,"href":"https:\/\/soydeaqui.ddns.net\/pachuca\/index.php\/wp-json\/wp\/v2\/product_tag?post=63169"}],"curies":[{"name":"wp","href":"https:\/\/api.w.org\/{rel}","templated":true}]}}