{"id":63053,"date":"2026-03-19T07:01:46","date_gmt":"2026-03-19T07:01:46","guid":{"rendered":"https:\/\/soydeaqui.ddns.net\/pachuca\/index.php\/producto\/antena-sectorial-para-celular-en-850-mhz-806-960-mhz-18-dbi-de-ganancia-antena-de-servicio-que-se-utiliza-para-los-amplificadores-de-senal-celular-para-cubrir-comunidades-alejadas\/"},"modified":"2026-03-19T07:01:47","modified_gmt":"2026-03-19T07:01:47","slug":"antena-sectorial-para-celular-en-850-mhz-806-960-mhz-18-dbi-de-ganancia-antena-de-servicio-que-se-utiliza-para-los-amplificadores-de-senal-celular-para-cubrir-comunidades-alejadas","status":"publish","type":"product","link":"https:\/\/soydeaqui.ddns.net\/pachuca\/index.php\/producto\/antena-sectorial-para-celular-en-850-mhz-806-960-mhz-18-dbi-de-ganancia-antena-de-servicio-que-se-utiliza-para-los-amplificadores-de-senal-celular-para-cubrir-comunidades-alejadas\/","title":{"rendered":"Antena Sectorial para Celular en 850 MHz | 806-960 MHz | 18 dBi de Ganancia.  Antena de Servicio que se utiliza para los amplificadores de se\u00f1al celular para cubrir comunidades alejadas."},"content":{"rendered":"<div style='width: 100%; max-width: 1200px; margin: 0 auto; font-family: sans-serif; line-height: 1.6; color: inherit; background-color: transparent;'>\n<div style='display: flex; flex-wrap: wrap; gap: 30px; margin-bottom: 30px;'>\n<div style='flex: 1 1 300px; min-width: 280px;'>\n<h3 style='font-size: 22px; border-bottom: 2px solid currentColor; padding-bottom: 5px; margin-top: 0; color: inherit; opacity: 0.8;'>Caracter\u00edsticas Principales<\/h3>\n<ul style='padding-left: 20px; font-size: 15px; color: inherit;'>\n<li style='margin-bottom: 5px;'>Rango de frecuencia de 806-960 MHz<\/li>\n<li style='margin-bottom: 5px;'>Ganancia de 18 dBi para se\u00f1al potente<\/li>\n<li style='margin-bottom: 5px;'>Apertura de 65\u00b0 horizontal&comma; 7.5\u00b0 vertical<\/li>\n<li style='margin-bottom: 5px;'>Conector N hembra para f\u00e1cil instalaci\u00f3n<\/li>\n<li style='margin-bottom: 5px;'>Dimensiones compactas: 258 x 28 x 8.5 cm<\/li>\n<\/ul><\/div>\n<div style='flex: 1 1 300px; min-width: 280px;'>\n<h3 style='font-size: 22px; border-bottom: 2px solid currentColor; padding-bottom: 5px; margin-top: 0; color: inherit; opacity: 0.8;'>Especificaciones El\u00e9ctricas<\/h3>\n<ul style='padding-left: 20px; font-size: 15px; color: inherit;'>\n<li style='margin-bottom: 5px;'><strong>Tipo:<\/strong> Sectorial<\/li>\n<li style='margin-bottom: 5px;'><strong>Frecuencia:<\/strong> 806-960 MHz<\/li>\n<li style='margin-bottom: 5px;'><strong>Polarizaci\u00f3n:<\/strong> Vertical<\/li>\n<li style='margin-bottom: 5px;'><strong>Ganancia:<\/strong> 18 dBi<\/li>\n<li style='margin-bottom: 5px;'><strong>Ancho de haz (3dB):<\/strong> 65\u00b0 horizontal \/ 7.5\u00b0 vertical<\/li>\n<li style='margin-bottom: 5px;'><strong>Relaci\u00f3n frente-atr\u00e1s:<\/strong> >30 dB<\/li>\n<li style='margin-bottom: 5px;'><strong>Impedancia:<\/strong> 50\u03a9<\/li>\n<li style='margin-bottom: 5px;'><strong>VSWR:<\/strong> \u22641.5<\/li>\n<li style='margin-bottom: 5px;'><strong>Potencia m\u00e1xima:<\/strong> 200W<\/li>\n<li style='margin-bottom: 5px;'><strong>Protecci\u00f3n contra rayos:<\/strong> DC Ground<\/li>\n<\/ul><\/div>\n<div style='flex: 1 1 300px; min-width: 280px;'>\n<h3 style='font-size: 22px; border-bottom: 2px solid currentColor; padding-bottom: 5px; margin-top: 0; color: inherit; opacity: 0.8;'>Especificaciones Mec\u00e1nicas<\/h3>\n<ul style='padding-left: 20px; font-size: 15px; color: inherit;'>\n<li style='margin-bottom: 5px;'><strong>Conector:<\/strong> N Hembra<\/li>\n<li style='margin-bottom: 5px;'><strong>Posici\u00f3n:<\/strong> Inferior<\/li>\n<li style='margin-bottom: 5px;'><strong>Dimensiones:<\/strong> 2580\u00d7280\u00d785 mm<\/li>\n<li style='margin-bottom: 5px;'><strong>Peso:<\/strong> 19.5 Kg<\/li>\n<li style='margin-bottom: 5px;'><strong>Material del reflector:<\/strong> Aleaci\u00f3n de aluminio<\/li>\n<li style='margin-bottom: 5px;'><strong>Material del radomo:<\/strong> PVC con protecci\u00f3n UV<\/li>\n<li style='margin-bottom: 5px;'><strong>Color del radomo:<\/strong> Gris Pantone Cool Gray 3U<\/li>\n<li style='margin-bottom: 5px;'><strong>Inclinaci\u00f3n mec\u00e1nica:<\/strong> 0-10\u00b0<\/li>\n<li style='margin-bottom: 5px;'><strong>Temperatura de operaci\u00f3n:<\/strong> -40\u00b0C a 60\u00b0C<\/li>\n<li style='margin-bottom: 5px;'><strong>Resistencia al viento:<\/strong> 60 m\/s<\/li>\n<li style='margin-bottom: 5px;'><strong>Montaje:<\/strong> Tubo de 50-115 mm de di\u00e1metro<\/li>\n<\/ul><\/div>\n<\/p><\/div>\n<div style='margin-bottom: 30px;'>\n<h3 style='font-size: 22px; border-bottom: 2px solid currentColor; padding-bottom: 5px; margin-top: 0; color: inherit; opacity: 0.8;'>Aplicaciones<\/h3>\n<p style='font-size: 15px; color: inherit; margin-bottom: 15px;'>Antena especial para sistemas en banda de frecuencia de 850 MHz (Banda 5)&comma; altamente utilizada como antena de servicio en amplificadores de se\u00f1al celular tipo exterior para cubrir comunidades alejadas.<\/p>\n<p style='font-size: 15px; color: inherit; margin-bottom: 15px;'>Dise\u00f1ada para instalaci\u00f3n en exteriores con material de construcci\u00f3n resistente a condiciones clim\u00e1ticas extremas&comma; incluyendo protecci\u00f3n UV en el radomo y estructura de aluminio para soportar vientos de hasta 60 m\/s.<\/p>\n<\/p><\/div>\n<p> <!-- Separador --> <\/p>\n<hr style='border: 0; border-top: 1px solid rgba(150&comma; 150&comma; 150&comma; 0.3); margin: 30px 0;'> <\/div>\n","protected":false},"excerpt":{"rendered":"<p>Antena Sectorial para Celular en 850 MHz | 806-960 MHz | 18 dBi de Ganancia.  Antena de Servicio que se utiliza para los amplificadores de se\u00f1al celular para cubrir comunidades alejadas.<\/p>\n","protected":false},"featured_media":63052,"comment_status":"open","ping_status":"closed","template":"","meta":[],"product_brand":[],"product_cat":[1523],"product_tag":[1404,935,1524],"class_list":{"0":"post-63053","1":"product","2":"type-product","3":"status-publish","4":"has-post-thumbnail","6":"product_cat-para-cobertura-celular","7":"product_tag-antenas","8":"product_tag-epcom","9":"product_tag-para-cobertura-celular","11":"first","12":"instock","13":"sale","14":"shipping-taxable","15":"purchasable","16":"product-type-simple"},"_links":{"self":[{"href":"https:\/\/soydeaqui.ddns.net\/pachuca\/index.php\/wp-json\/wp\/v2\/product\/63053","targetHints":{"allow":["GET"]}}],"collection":[{"href":"https:\/\/soydeaqui.ddns.net\/pachuca\/index.php\/wp-json\/wp\/v2\/product"}],"about":[{"href":"https:\/\/soydeaqui.ddns.net\/pachuca\/index.php\/wp-json\/wp\/v2\/types\/product"}],"replies":[{"embeddable":true,"href":"https:\/\/soydeaqui.ddns.net\/pachuca\/index.php\/wp-json\/wp\/v2\/comments?post=63053"}],"wp:featuredmedia":[{"embeddable":true,"href":"https:\/\/soydeaqui.ddns.net\/pachuca\/index.php\/wp-json\/wp\/v2\/media\/63052"}],"wp:attachment":[{"href":"https:\/\/soydeaqui.ddns.net\/pachuca\/index.php\/wp-json\/wp\/v2\/media?parent=63053"}],"wp:term":[{"taxonomy":"product_brand","embeddable":true,"href":"https:\/\/soydeaqui.ddns.net\/pachuca\/index.php\/wp-json\/wp\/v2\/product_brand?post=63053"},{"taxonomy":"product_cat","embeddable":true,"href":"https:\/\/soydeaqui.ddns.net\/pachuca\/index.php\/wp-json\/wp\/v2\/product_cat?post=63053"},{"taxonomy":"product_tag","embeddable":true,"href":"https:\/\/soydeaqui.ddns.net\/pachuca\/index.php\/wp-json\/wp\/v2\/product_tag?post=63053"}],"curies":[{"name":"wp","href":"https:\/\/api.w.org\/{rel}","templated":true}]}}