{"id":63000,"date":"2026-03-19T07:00:03","date_gmt":"2026-03-19T07:00:03","guid":{"rendered":"https:\/\/soydeaqui.ddns.net\/pachuca\/index.php\/producto\/conector-n-hembra-para-cable-fxl-780-ava5-50-lp550-y-ava5-50fx\/"},"modified":"2026-03-19T07:00:09","modified_gmt":"2026-03-19T07:00:09","slug":"conector-n-hembra-para-cable-fxl-780-ava5-50-lp550-y-ava5-50fx","status":"publish","type":"product","link":"https:\/\/soydeaqui.ddns.net\/pachuca\/index.php\/producto\/conector-n-hembra-para-cable-fxl-780-ava5-50-lp550-y-ava5-50fx\/","title":{"rendered":"Conector N Hembra  para cable FXL-780, AVA5-50, LP550 y AVA5-50FX"},"content":{"rendered":"<div style='width: 100%; max-width: 1200px; margin: 0 auto; font-family: sans-serif; line-height: 1.6; color: inherit; background-color: transparent;'> <!-- Introducci\u00f3n --> <\/p>\n<div style='margin-bottom: 30px;'>\n<p style='text-align: justify; font-size: 15px; margin: 0; color: inherit;'>El conector <strong>78EZNF<\/strong> de Andrew \/ CommScope representa el pin\u00e1culo de la conectividad RF con su dise\u00f1o avanzado y especificaciones de alto rendimiento. Este conector tipo N hembra est\u00e1 optimizado para cables FXL-780&comma; AVA5-50 y AVA5-50FX&comma; ofreciendo una soluci\u00f3n robusta y eficiente para diversas aplicaciones en telecomunicaciones y radiocomunicaciones.<\/p>\n<\/p><\/div>\n<p> <!-- Secci\u00f3n de cards con especificaciones --> <\/p>\n<div style='display: flex; flex-wrap: wrap; gap: 20px; margin-bottom: 30px;'>\n<div style='flex: 1 1 250px; border: 1px solid rgba(150&comma; 150&comma; 150&comma; 0.4); border-radius: 8px; overflow: hidden; display: flex; flex-direction: column;'>\n<div style='padding: 15px; border-bottom: 1px solid rgba(150&comma; 150&comma; 150&comma; 0.2); font-weight: bold; font-size: 18px; color: inherit;'>General<\/div>\n<div style='padding: 15px; color: inherit;'>\n<ul style='padding-left: 20px; margin: 0; font-size: 14px; list-style-type: disc;'>\n<li style='margin-bottom: 5px;'><strong>Tipo de Conector:<\/strong> N Hembra<\/li>\n<li style='margin-bottom: 5px;'><strong>Estilo del Cuerpo:<\/strong> Recto<\/li>\n<li style='margin-bottom: 5px;'><strong>Marca:<\/strong> EZfit\u00ae<\/li>\n<li style='margin-bottom: 5px;'><strong>\u00c1ngulo de Montaje:<\/strong> Recto<\/li>\n<li style='margin-bottom: 5px;'><strong>Nota de Pedido:<\/strong> Producto est\u00e1ndar de CommScope [Global]<\/li>\n<\/ul><\/div>\n<\/p><\/div>\n<div style='flex: 1 1 250px; border: 1px solid rgba(150&comma; 150&comma; 150&comma; 0.4); border-radius: 8px; overflow: hidden; display: flex; flex-direction: column;'>\n<div style='padding: 15px; border-bottom: 1px solid rgba(150&comma; 150&comma; 150&comma; 0.2); font-weight: bold; font-size: 18px; color: inherit;'>El\u00e9ctrico<\/div>\n<div style='padding: 15px; color: inherit;'>\n<ul style='padding-left: 20px; margin: 0; font-size: 14px; list-style-type: disc;'>\n<li style='margin-bottom: 5px;'><strong>Impedancia del Conector:<\/strong> 50 ohm<\/li>\n<li style='margin-bottom: 5px;'><strong>Banda de Frecuencia Operativa:<\/strong> 0 \u2013 5000 MHz<\/li>\n<li style='margin-bottom: 5px;'><strong>Impedancia del Cable:<\/strong> 50 ohm<\/li>\n<li style='margin-bottom: 5px;'><strong>IMD de 3er Orden&comma; t\u00edpico:<\/strong> -116 dBm @ 1800 MHz<\/li>\n<li style='margin-bottom: 5px;'><strong>M\u00e9todo de Prueba de IMD de 3er Orden:<\/strong> Dos portadoras de +43 dBm<\/li>\n<li style='margin-bottom: 5px;'><strong>Voltaje de Operaci\u00f3n RF&comma; m\u00e1ximo:<\/strong> 707.00 V<\/li>\n<li style='margin-bottom: 5px;'><strong>Voltaje de Prueba:<\/strong> 2000 V<\/li>\n<li style='margin-bottom: 5px;'><strong>Resistencia del Contacto Exterior&comma; m\u00e1ximo:<\/strong> 0.30 mOhm<\/li>\n<li style='margin-bottom: 5px;'><strong>Resistencia del Contacto Interior&comma; m\u00e1ximo:<\/strong> 2.00 mOhm<\/li>\n<li style='margin-bottom: 5px;'><strong>Resistencia de Aislamiento&comma; m\u00ednimo:<\/strong> 5000 MOhm<\/li>\n<li style='margin-bottom: 5px;'><strong>Potencia de Pico&comma; m\u00e1ximo:<\/strong> 10.00 kW<\/li>\n<li style='margin-bottom: 5px;'><strong>P\u00e9rdida de Inserci\u00f3n&comma; t\u00edpica:<\/strong> 0.05 dB<\/li>\n<\/ul><\/div>\n<\/p><\/div>\n<div style='flex: 1 1 250px; border: 1px solid rgba(150&comma; 150&comma; 150&comma; 0.4); border-radius: 8px; overflow: hidden; display: flex; flex-direction: column;'>\n<div style='padding: 15px; border-bottom: 1px solid rgba(150&comma; 150&comma; 150&comma; 0.2); font-weight: bold; font-size: 18px; color: inherit;'>Mec\u00e1nico<\/div>\n<div style='padding: 15px; color: inherit;'>\n<ul style='padding-left: 20px; margin: 0; font-size: 14px; list-style-type: disc;'>\n<li style='margin-bottom: 5px;'><strong>M\u00e9todo de Fijaci\u00f3n del Contacto Exterior:<\/strong> Abrazadera<\/li>\n<li style='margin-bottom: 5px;'><strong>M\u00e9todo de Fijaci\u00f3n del Contacto Interior:<\/strong> Cautivo<\/li>\n<li style='margin-bottom: 5px;'><strong>Recubrimiento del Contacto Exterior:<\/strong> Trimetal<\/li>\n<li style='margin-bottom: 5px;'><strong>Recubrimiento del Contacto Interior:<\/strong> Plata<\/li>\n<li style='margin-bottom: 5px;'><strong>Durabilidad de Uni\u00f3n:<\/strong> 25 ciclos<\/li>\n<li style='margin-bottom: 5px;'><strong>Durabilidad de la Interfaz:<\/strong> 500 ciclos<\/li>\n<li style='margin-bottom: 5px;'><strong>M\u00e9todo de Durabilidad de la Interfaz:<\/strong> IEC 61169-16:9.5<\/li>\n<li style='margin-bottom: 5px;'><strong>Fuerza de Retenci\u00f3n del Conector:<\/strong> 1334 N (300 lbf)<\/li>\n<li style='margin-bottom: 5px;'><strong>Torque de Retenci\u00f3n del Conector:<\/strong> 8.13 Nm (72.00 in lb)<\/li>\n<li style='margin-bottom: 5px;'><strong>Fuerza de Inserci\u00f3n:<\/strong> 66.72 N (15.00 lbf)<\/li>\n<li style='margin-bottom: 5px;'><strong>M\u00e9todo de Fuerza de Inserci\u00f3n:<\/strong> MIL-C-39012C-3.12&comma; 4.6.9<\/li>\n<li style='margin-bottom: 5px;'><strong>Presurizable:<\/strong> No<\/li>\n<\/ul><\/div>\n<\/p><\/div>\n<div style='flex: 1 1 250px; border: 1px solid rgba(150&comma; 150&comma; 150&comma; 0.4); border-radius: 8px; overflow: hidden; display: flex; flex-direction: column;'>\n<div style='padding: 15px; border-bottom: 1px solid rgba(150&comma; 150&comma; 150&comma; 0.2); font-weight: bold; font-size: 18px; color: inherit;'>Dimensiones<\/div>\n<div style='padding: 15px; color: inherit;'>\n<ul style='padding-left: 20px; margin: 0; font-size: 14px; list-style-type: disc;'>\n<li style='margin-bottom: 5px;'><strong>Tama\u00f1o Nominal:<\/strong> 7\/8 in<\/li>\n<li style='margin-bottom: 5px;'><strong>Di\u00e1metro:<\/strong> 37.21 mm (1.47 in)<\/li>\n<li style='margin-bottom: 5px;'><strong>Longitud:<\/strong> 51.20 mm (2.02 in)<\/li>\n<li style='margin-bottom: 5px;'><strong>Peso:<\/strong> 136.00 g (0.30 lb)<\/li>\n<\/ul><\/div>\n<\/p><\/div>\n<div style='flex: 1 1 250px; border: 1px solid rgba(150&comma; 150&comma; 150&comma; 0.4); border-radius: 8px; overflow: hidden; display: flex; flex-direction: column;'>\n<div style='padding: 15px; border-bottom: 1px solid rgba(150&comma; 150&comma; 150&comma; 0.2); font-weight: bold; font-size: 18px; color: inherit;'>Ambiental<\/div>\n<div style='padding: 15px; color: inherit;'>\n<ul style='padding-left: 20px; margin: 0; font-size: 14px; list-style-type: disc;'>\n<li style='margin-bottom: 5px;'><strong>Temperatura Operativa:<\/strong> -40 \u00b0C a +85 \u00b0C (-40 \u00b0F a +185 \u00b0F)<\/li>\n<li style='margin-bottom: 5px;'><strong>Temperatura de Almacenamiento:<\/strong> -55 \u00b0C a +85 \u00b0C (-67 \u00b0F a +185 \u00b0F)<\/li>\n<li style='margin-bottom: 5px;'><strong>Profundidad de Inmersi\u00f3n:<\/strong> 1 m<\/li>\n<li style='margin-bottom: 5px;'><strong>M\u00e9todo de Prueba de Inmersi\u00f3n:<\/strong> IEC 60529:2001&comma; IP68<\/li>\n<li style='margin-bottom: 5px;'><strong>M\u00e9todo de Prueba de Chorro de Agua:<\/strong> IEC 60529:2001&comma; IP66<\/li>\n<li style='margin-bottom: 5px;'><strong>M\u00e9todo de Prueba de Resistencia a la Humedad:<\/strong> MIL-STD-202F&comma; M\u00e9todo 106F<\/li>\n<li style='margin-bottom: 5px;'><strong>M\u00e9todo de Prueba de Choque Mec\u00e1nico:<\/strong> MIL-STD-202F&comma; M\u00e9todo 213B&comma; Condici\u00f3n de Prueba C<\/li>\n<li style='margin-bottom: 5px;'><strong>M\u00e9todo de Prueba de Choque T\u00e9rmico:<\/strong> MIL-STD-202F&comma; M\u00e9todo 107G&comma; Condici\u00f3n de Prueba A-1<\/li>\n<li style='margin-bottom: 5px;'><strong>M\u00e9todo de Prueba de Vibraci\u00f3n:<\/strong> IEC 60068-2-6<\/li>\n<li style='margin-bottom: 5px;'><strong>M\u00e9todo de Prueba de Corrosi\u00f3n:<\/strong> MIL-STD-1344A&comma; M\u00e9todo 1001.1&comma; Condici\u00f3n de Prueba A<\/li>\n<\/ul><\/div>\n<\/p><\/div>\n<div style='flex: 1 1 250px; border: 1px solid rgba(150&comma; 150&comma; 150&comma; 0.4); border-radius: 8px; overflow: hidden; display: flex; flex-direction: column;'>\n<div style='padding: 15px; border-bottom: 1px solid rgba(150&comma; 150&comma; 150&comma; 0.2); font-weight: bold; font-size: 18px; color: inherit;'>Certificaciones<\/div>\n<div style='padding: 15px; color: inherit;'>\n<ul style='padding-left: 20px; margin: 0; font-size: 14px; list-style-type: disc;'>\n<li style='margin-bottom: 5px;'><strong>RoHS 2011\/65\/EU:<\/strong> Conforme por excepci\u00f3n<\/li>\n<li style='margin-bottom: 5px;'><strong>China RoHS SJ\/T 11364-2006:<\/strong> Sobre el Valor M\u00e1ximo de Concentraci\u00f3n (MCV)<\/li>\n<li style='margin-bottom: 5px;'><strong>ISO 9001:2008:<\/strong> Dise\u00f1ado&comma; fabricado y\/o distribuido bajo este sistema de gesti\u00f3n de calidad<\/li>\n<\/ul><\/div>\n<\/p><\/div>\n<\/p><\/div>\n<p> <!-- Conclusi\u00f3n --> <\/p>\n<div style='margin-bottom: 30px;'>\n<p style='text-align: justify; font-size: 15px; margin: 0; color: inherit;'>El conector <strong>78EZNF<\/strong> es indiscutiblemente una de las mejores opciones en el mercado por su rendimiento superior&comma; durabilidad y dise\u00f1o robusto. Es ideal para instalaciones exigentes que requieren la m\u00e1xima fiabilidad.<\/p>\n<\/p><\/div>\n<\/p><\/div>\n","protected":false},"excerpt":{"rendered":"<p>Conector N Hembra  para cable FXL-780, AVA5-50, LP550 y AVA5-50FX<\/p>\n","protected":false},"featured_media":62999,"comment_status":"open","ping_status":"closed","template":"","meta":[],"product_brand":[],"product_cat":[1708],"product_tag":[1330,616,1709],"class_list":{"0":"post-63000","1":"product","2":"type-product","3":"status-publish","4":"has-post-thumbnail","6":"product_cat-heliax","7":"product_tag-andrew-commscope","8":"product_tag-conectores","9":"product_tag-heliax","11":"first","12":"instock","13":"sale","14":"shipping-taxable","15":"purchasable","16":"product-type-simple"},"_links":{"self":[{"href":"https:\/\/soydeaqui.ddns.net\/pachuca\/index.php\/wp-json\/wp\/v2\/product\/63000","targetHints":{"allow":["GET"]}}],"collection":[{"href":"https:\/\/soydeaqui.ddns.net\/pachuca\/index.php\/wp-json\/wp\/v2\/product"}],"about":[{"href":"https:\/\/soydeaqui.ddns.net\/pachuca\/index.php\/wp-json\/wp\/v2\/types\/product"}],"replies":[{"embeddable":true,"href":"https:\/\/soydeaqui.ddns.net\/pachuca\/index.php\/wp-json\/wp\/v2\/comments?post=63000"}],"wp:featuredmedia":[{"embeddable":true,"href":"https:\/\/soydeaqui.ddns.net\/pachuca\/index.php\/wp-json\/wp\/v2\/media\/62999"}],"wp:attachment":[{"href":"https:\/\/soydeaqui.ddns.net\/pachuca\/index.php\/wp-json\/wp\/v2\/media?parent=63000"}],"wp:term":[{"taxonomy":"product_brand","embeddable":true,"href":"https:\/\/soydeaqui.ddns.net\/pachuca\/index.php\/wp-json\/wp\/v2\/product_brand?post=63000"},{"taxonomy":"product_cat","embeddable":true,"href":"https:\/\/soydeaqui.ddns.net\/pachuca\/index.php\/wp-json\/wp\/v2\/product_cat?post=63000"},{"taxonomy":"product_tag","embeddable":true,"href":"https:\/\/soydeaqui.ddns.net\/pachuca\/index.php\/wp-json\/wp\/v2\/product_tag?post=63000"}],"curies":[{"name":"wp","href":"https:\/\/api.w.org\/{rel}","templated":true}]}}