{"id":62979,"date":"2026-03-19T06:59:21","date_gmt":"2026-03-19T06:59:21","guid":{"rendered":"https:\/\/soydeaqui.ddns.net\/pachuca\/index.php\/producto\/carga-terminal-coaxial-de-rf-150-watt-continuos-refrigerada-por-aceite-refinado-n-hembra\/"},"modified":"2026-03-19T06:59:22","modified_gmt":"2026-03-19T06:59:22","slug":"carga-terminal-coaxial-de-rf-150-watt-continuos-refrigerada-por-aceite-refinado-n-hembra","status":"publish","type":"product","link":"https:\/\/soydeaqui.ddns.net\/pachuca\/index.php\/producto\/carga-terminal-coaxial-de-rf-150-watt-continuos-refrigerada-por-aceite-refinado-n-hembra\/","title":{"rendered":"Carga Terminal Coaxial de RF, 150 Watt Continuos, Refrigerada por Aceite Refinado, N Hembra."},"content":{"rendered":"<div style='width: 100%; max-width: 1200px; margin: 0 auto; font-family: sans-serif; line-height: 1.6; color: inherit; background-color: transparent;'>\n<div style='display: flex; flex-wrap: wrap; gap: 30px; margin-bottom: 30px;'>\n<div style='flex: 1 1 300px; min-width: 280px;'>\n<h3 style='font-size: 22px; border-bottom: 2px solid currentColor; padding-bottom: 5px; margin-top: 0; color: inherit; opacity: 0.8;'>Caracter\u00edsticas principales<\/h3>\n<ul style='padding-left: 20px; font-size: 15px; color: inherit;'>\n<li style='margin-bottom: 5px;'>Terminaci\u00f3n refrigerada por aceite es una terminaci\u00f3n de l\u00ednea de transmisi\u00f3n coaxial port\u00e1til de 50 ohm.<\/li>\n<li style='margin-bottom: 5px;'>Es una unidad aut\u00f3noma que no requiere fuente de alimentaci\u00f3n externa ni equipo adicional.<\/li>\n<li style='margin-bottom: 5px;'>Esta resistencia de carga coaxial proporciona una terminaci\u00f3n precisa&comma; confiable y pr\u00e1cticamente no reflejante para el ajuste&comma; el modo de espera y la prueba de transmisores en condiciones no radiantes.<\/li>\n<li style='margin-bottom: 5px;'>Carga de banco port\u00e1til est\u00e1ndar de la industria para pruebas de RF de estaciones base y m\u00f3viles de uso general hasta 4 GHz.<\/li>\n<\/ul><\/div>\n<div style='flex: 1 1 300px; min-width: 280px;'>\n<h3 style='font-size: 22px; border-bottom: 2px solid currentColor; padding-bottom: 5px; margin-top: 0; color: inherit; opacity: 0.8;'>Especificaciones t\u00e9cnicas<\/h3>\n<ul style='padding-left: 20px; font-size: 15px; color: inherit;'>\n<li style='margin-bottom: 5px;'><strong>Rango de frecuencia (VSWR):<\/strong> DC-1 GHz (1.1:1)&comma; 1-2.5 GHz (1.2:1) y 2.5-4 GHz (1.3:1)<\/li>\n<li style='margin-bottom: 5px;'><strong>Rango de temperatura:<\/strong> -40\u00baC a +45\u00baC.<\/li>\n<li style='margin-bottom: 5px;'><strong>Conector:<\/strong> N Hembra.<\/li>\n<li style='margin-bottom: 5px;'><strong>Enfriamiento:<\/strong> 380 ml de Aceite Mineral Refinado.<\/li>\n<li style='margin-bottom: 5px;'><strong>Posici\u00f3n de operaci\u00f3n:<\/strong> Solamente horizontal.<\/li>\n<li style='margin-bottom: 5px;'><strong>Potencia:<\/strong> 150 Watt Continuos.<\/li>\n<li style='margin-bottom: 5px;'><strong>Refrigeraci\u00f3n:<\/strong> Convecci\u00f3n asistida por aceite para funcionamiento seguro y continuo.<\/li>\n<\/ul><\/div>\n<div style='flex: 1 1 300px; min-width: 280px;'>\n<h3 style='font-size: 22px; border-bottom: 2px solid currentColor; padding-bottom: 5px; margin-top: 0; color: inherit; opacity: 0.8;'>Caracter\u00edsticas adicionales<\/h3>\n<ul style='padding-left: 20px; font-size: 15px; color: inherit;'>\n<li style='margin-bottom: 5px;'>Conectores de cambio r\u00e1pido (QC) opcionales para minimizar la necesidad de adaptadores al realizar mediciones cr\u00edticas.<\/li>\n<li style='margin-bottom: 5px;'>Carcasa resistente con mango y patas de goma para un funcionamiento sin problemas en los entornos m\u00e1s exigentes.<\/li>\n<\/ul>\n<p style='font-size: 14px; color: inherit; opacity: 0.8; margin-top: 20px;'> *Pregunte por tiempo de entrega. <\/p>\n<\/p><\/div>\n<\/p><\/div>\n<\/p><\/div>\n","protected":false},"excerpt":{"rendered":"<p>Carga Terminal Coaxial de RF, 150 Watt Continuos, Refrigerada por Aceite Refinado, N Hembra.<\/p>\n","protected":false},"featured_media":62978,"comment_status":"open","ping_status":"closed","template":"","meta":[],"product_brand":[],"product_cat":[1635],"product_tag":[1641,1636,931],"class_list":{"0":"post-62979","1":"product","2":"type-product","3":"status-publish","4":"has-post-thumbnail","6":"product_cat-cargas-fantasma","7":"product_tag-bird-technologies","8":"product_tag-cargas-fantasma","9":"product_tag-equipo-de-laboratorio","11":"first","12":"outofstock","13":"sale","14":"shipping-taxable","15":"purchasable","16":"product-type-simple"},"_links":{"self":[{"href":"https:\/\/soydeaqui.ddns.net\/pachuca\/index.php\/wp-json\/wp\/v2\/product\/62979","targetHints":{"allow":["GET"]}}],"collection":[{"href":"https:\/\/soydeaqui.ddns.net\/pachuca\/index.php\/wp-json\/wp\/v2\/product"}],"about":[{"href":"https:\/\/soydeaqui.ddns.net\/pachuca\/index.php\/wp-json\/wp\/v2\/types\/product"}],"replies":[{"embeddable":true,"href":"https:\/\/soydeaqui.ddns.net\/pachuca\/index.php\/wp-json\/wp\/v2\/comments?post=62979"}],"wp:featuredmedia":[{"embeddable":true,"href":"https:\/\/soydeaqui.ddns.net\/pachuca\/index.php\/wp-json\/wp\/v2\/media\/62978"}],"wp:attachment":[{"href":"https:\/\/soydeaqui.ddns.net\/pachuca\/index.php\/wp-json\/wp\/v2\/media?parent=62979"}],"wp:term":[{"taxonomy":"product_brand","embeddable":true,"href":"https:\/\/soydeaqui.ddns.net\/pachuca\/index.php\/wp-json\/wp\/v2\/product_brand?post=62979"},{"taxonomy":"product_cat","embeddable":true,"href":"https:\/\/soydeaqui.ddns.net\/pachuca\/index.php\/wp-json\/wp\/v2\/product_cat?post=62979"},{"taxonomy":"product_tag","embeddable":true,"href":"https:\/\/soydeaqui.ddns.net\/pachuca\/index.php\/wp-json\/wp\/v2\/product_tag?post=62979"}],"curies":[{"name":"wp","href":"https:\/\/api.w.org\/{rel}","templated":true}]}}