{"id":62898,"date":"2026-03-19T06:56:40","date_gmt":"2026-03-19T06:56:40","guid":{"rendered":"https:\/\/soydeaqui.ddns.net\/pachuca\/index.php\/producto\/fusible-10-amp-250-v-tipo-americano\/"},"modified":"2026-03-19T06:56:42","modified_gmt":"2026-03-19T06:56:42","slug":"fusible-10-amp-250-v-tipo-americano","status":"publish","type":"product","link":"https:\/\/soydeaqui.ddns.net\/pachuca\/index.php\/producto\/fusible-10-amp-250-v-tipo-americano\/","title":{"rendered":"Fusible 10 Amp, 250 V Tipo Americano."},"content":{"rendered":"<p style='text-align: center;'><img src='data:image\/png;base64&comma;iVBORw0KGgoAAAANSUhEUgAAAUwAAACDCAYAAADmpyKKAAAAAXNSR0IArs4c6QAAAARnQU1BAACxjwv8YQUAAAAJcEhZcwAAEnQAABJ0Ad5mH3gAABs1SURBVHhe7Z0HmBRVtsfPzDAz5JyTCIhxxbCGNSwKumb9VHw+AyJrxBz2gT73Y02rrjmtCXUVs2sOq2t+BlxzBBOKEiXnDNOvfpfuobv6Vk\/NdLfC8P99XzFDdVfVvbfq\/u85555bU5IIMCGEEDVSmvwphBCiBiSYQggREwmmEELERIIphBAxkWAKIURMapwlr6qqMr6iyXQhxNpKSUmJ20pLi2sDRgomu1NiKYQQ6wIp0eRnMYiUY4mlEGJdI2XoFQuvYEoshRDrKsUUTa9gSiyFEOsyxdIwCaYQot7xiwqmEEKIbCSYQggREwmmEELERIIphBAxkWAKIURMJJhCCBETCaYQQsREgimEEDGRYAohREwkmEIIERMJphBCxESCKYQQMZFgCiFETCSYQggREwmmEELERIIphBAxkWAKIURMJJhCCBETCaYQQsREgimEEDGRYAohREwkmEIIERMJphBCxESCKYQQMZFgCiFETCSYQggREwmmEELERIIphBAxkWAKIURMJJhCCBETCaYQQsREgimEEDGRYAohRExKEgHJ36tZuXJl8jcBVVVVtnz5ctcu\/J4vDRo0sMrKSisrK3PnXbZsmXluQzXl5eXWqFGj5P\/8cDzn4XxRlJSUWJMmTay0NHOc5FjqtmLFClu1alXOssSB61RUVLg6RsE1uF7qmvlAO9I+4Xql4PxcpxD3j2twP6gf9fRB3RYvXpx3veqKr4yUiWeDduBzPuM5rM8Uo34SzBzQuRChCRMm2N13320ff\/yxzZ8\/P69OxwPcvXt3u\/32261Nmzb29NNP29VXX21Lly5NfiMTHu69997bRowY4YTBB7dwwYIFds0119gLL7zgFTzO06VLF7vrrrusZcuW1R2JTkTnfu655+yZZ56xKVOmuDrnQ+PGje2cc86xgw46KLlnDamOO3fuXHvooYfs5ZdfttmzZ+f1zG2zzTZ2ww03WMOGDZN7VoNg0a5jxoyx+++\/37788ktbuHCht33iQBs2a9bMdtppJzvrrLNcO7IvDHUbOHCgzZs3L7nnl4P7Shn33HNPO\/nkk6158+aujNzja6+91r766is3kJ199tm22WabRT5T9QEJ5i8Ine2HH36w8847z1566aVIQastdOp\/\/vOftscee7gb+vXXX9u+++5rEydOTH4jEzpAu3bt7LvvvnNCFIbbh4gPGzbMiYLPwqTD9OrVy5588knr06ePOyfHUadbb73VbQwKhbCeudZ+++3nhLlVq1bJvavh\/Aj75Zdf7gYghKWu4pUCyxLR\/e1vf5vR+bGk3nvvPbvkkkvs7bffzml51xbqSDs+++yz1qNHj+TeNbz55pt28MEHu\/vya8JAwkDYtm1bNyhz37nPG264oU2bNs3OPfdc92zVV4ohmIphekAsn3rqKdt1111dpyiUWPLAHn744c5CSd3Mrl272u677+5+94GgTJ8+3V599VWvizdnzhwbOnSojRo1yisKiMhWW21lL774om288cauDDBjxgw77LDD7M9\/\/rP9+OOPBRFL6Ny5sw0fPtwrlt98843179\/fWcKUO1+xpC6nnHKKbb311llieeONN9qhhx5qr732WkHFEqjL999\/b+eff35yTyZ33nmnLVmyJPm\/Xw88oosvvtgWLVpk77zzjnXs2NE9d\/x\/gw02cHUQtUOCGQLr+uGHH7ZBgwbZrFmz8u7U6SCOl156qXOTUhBTHDBgQJY7GQarNGz5T5061Y4++mh74oknvF4BnWOXXXZxbj9hgBQ\/\/\/yzHXDAAfbKK684cSkUxMXOOOMMZ9mkkxJLLM8vvvgiuTc\/EEsGAESL66agHbAqEQpc\/WJBuzGIha1ILDfCIoVs13zAuqZNsCSxjLfbbjsXmuHZJiQkaocEMw0suE8\/\/dR1+kI\/8AThiSGFH1I6\/vbbb+9G\/1zgdqZbuuPHj3cW4uuvv+61PBER3P5HHnnEOnTokNxrLj550kknOeHyHZcPu+22mxNw6poOwoVlPWnSpIINQNTvpptucvG6dB5\/\/HG77bbbfhELj7qE472444W2aPOB8jFgXXTRRfbGG2\/YuHHj3DPOAOoLJ4jcKIaZBk1BjAcLrNDQwTfffPMMaygF4ky8lJheFAjrFltsUR3H\/Omnn2zmzJmR9woXlTgbgpJywwEhIfBfDAuoZ8+ebkDAkkkHK+zbb78tqEBjkdMe6a4492\/s2LHO5fQ81gUHC55wR3oZiEXz\/BQqxJEvxHiZ3OEZ4J7zvFBeyh4e2OobqbBXIZFghqA5ivGw88CGhSQdrllTJ+f4lPjV9H2+l9rS4ZjUVmjSy5cO1yp0m3IdX3vGacdC4StDqp6\/VBlqIqqd1gckmEIIERMJZhEh7sSsIrPHhQBXiPQNAuzkvfksr3S4Dbhzn332WXJP7WAiicmWcEwvHWbbP\/zww4K4xtSHGXFmW1u0aOF9OHGN33\/\/fZf76IPYKmUuxINN\/ujnn3\/uDTXQ\/kwQUda4UPaPPvrIm0tJ3akzWRQpsCxJP4sKdTDhRwgh7AbT14hHk17mg+\/vuOOOLuczDKEOUqeisji6devmrlkM4VgXkGAWER66U0891c0oFwI6FTPgxLiuu+46F2RPj3WF4TYg2IcccojrrLWBuCGzwhybKy6FoDBTXagJER5IRJNJMiagqG86TC6QvB5VH45jlrsQsTTOc88993gFq1OnTu6+EmONC21FWhLpT2GIn5L4TR4jcO8++eQTl0\/r6zu00wUXXOBSoMLPAG1DRgaTRT4oOxN+4UlBBPqDDz5w+Z5Rk0xXXnmlHXPMMRLMQoJghgkeuvVuCwQzMXbs2ETQ8RPByJwILIhE0JEZTPLaSktLE\/369UsEHc973fRtwoQJiV69ennPE7UFHSkxatSoxNy5c73nTN+Czpm44oorEltuuWWiXbt2icaNG7vy+c5bm61169aJF154IREIcfW1AqsycfXVVycCgfAeQ9sGIpNYtmxZRhnrsk2bNi0RCLe3LsHAlQiELFb7pzbKdOKJJyYCyzTrfGy03ZgxY6q\/z7MzbNiwyLq2bds2EQhixjXYAqFLTJo0yX3uO47t+OOP995b9gUDjquf77hWrVq554lrhI9dX7ZiIAszDUZt3EdcV9IvcJVIhcFV5iduH59jjbIFN6U6yJ8LRjoSx8mJzGVlYvlhjV544YU1ThpgweLmsSSQ9KGa1pqnIM2E2Xhm5akfs+2TJ0929eMndec71I+fcZ8FrKv77ruvOseUmeIDDzzQWV5hKPsOO+zgLKea8k\/j8O9\/\/9ulLfksWaxe8jJPO+00d904YFXibjOzH74P3L9gwHEpOqmMBZYdbrvtti4R3HffWNrKwoJwMj\/ti1V8+umne4\/j\/G+99ZbLrgg\/N9y\/P\/zhD+7++cCyZ+VXIdp3XaUYFqYEswZoi5R4sJGYjICmBIdVMqxRRiBy5d+xNI0VOb60ohSIL52UlUAsIYyCjs9SR\/INEZ58OgXXpNwpkeS61I+OSP3YKBNLM3Mt9SNei4jgovNIIYZHHHGE9xhmbQNL1wlFvg811xo8eLA99thjXnecdnr++efdz7iQ7E14w+eOI8CXXXaZc6+BeDD13meffbyix\/2+5ZZb7Mgjj8wKPTBw7bXXXi4U42PTTTd15w4s+OSe1XBNQgzHHnusN7zC88HgxXr2XAN0facYgrl+5hvUAhq9adOmLk6IGLAMD8uJly+QiM6DycPbt2\/f5BF+6Dg1WTgICSsyciUU8x0mMFiN9Lvf\/S5vC4LzcQ4mMZiE6d27t1uqSWfE0h05cqSrH7\/z3Shop9TnCC8J9b7JHtoAaxhBKkRnZrUTK2t8gzzlwaonDhgXznP99ddHxl25P+kvFeH7Dz74oFcsAbFjnXtYLBmoWG2DJxMFbeTzHCgb9yRKLNu3b+8EPNf9EnVDLZoHdHhcUKyr\/fffP7k3G8SEThPnAUa8mJiJgs7ASzSikuALCZ2PGWauiYWU63oMJKlJHzINWIvvC1dwTkSMGdyaBpA4sLwT4fAJFmLDslPfS0uiwIP4z3\/+4\/UWuI+bbLKJe5kFcE3cccoQBaufqGsYLHpc5iirnWyH4447zvuKPLwa1sj74BljQKfOhWhfkcl6LZg88FgIdI66blhTdLJHH300edZsWGmBexXHoqI8xK2iwF3HYorrbuC++cpdmw03nSWW1NUHIs+SSASKNn333XcjV0vRiZmtRjB818q14XKHhdG3xj4FVh2zy3GvRT1x7aPCIXgaxx9\/fLWIcV1i08S2ffA9LPVw9gCQroR3EgVxUt\/r47gmL9KIWifPM4YrLuuyOKy3MUyqTQyJWJsv9hUX4ly8yozlhr78Rjrt3\/\/+d+8a6zCUidgheXe4a2HoDOT6IZpxBJN6kXdJvLWuYCXykgksRp+bSsfE2kU4sER5dngDEuEKz6PlBBPridfmIfy1sYIQZKzvlGAh4IQRsPJ80N60Jak1cdoeS5F6cr5w2Wnvfv36uVBIKieS9mCyiUknH0zKEYMM53\/SpsQtCX34BiHahHXyQ4YMybLqed6oD+0dhuPwdnj\/Z9wBtT5TlDYIHowsgo5W77fAFUpccsklBUkditqCG5Y46KCDEoHF4i1DeAs6YGLkyJGRqSJ9+vRJBELqPTa8BVZVInDdXLqN71yF2CgnKUWBKLvUGq5Luw4ePNj7\/Xy2YLBI9O3bNxGImbtOYBEmxo8fnwgExfv9Qm7BoOBSzUaPHl3dvlx\/8uTJLv3Mdwxtc\/rpp0emBJ188sne49ho06lTp3pTggJXPDINiWc5GKyyjllft2KwXtrtjPCskLj55pvzsi5zkbJueLO6Lw7lg3gW1mhwX5J7MuEt2nHjlky4kEoT5S7mC9YMliLvfkwPNzCqE+Pj80KCdUmieMpS5PxMqBQ7josFzYQf7\/AkdSgFLjxvjI96qzr3HAvRFz8lXMGLfaP4\/e9\/79z4cBtiveNh+GbvgbbhtX2ieKyXgslbfkhrIfZYaHjI6SysEuFVY3S2uOJBOk\/US13puEwCxBEIBgHcyyhXMV8QR9xp3FNyDNPLRKclhzH9nZ+FgFl8XOJ0ECMEohiuF\/eMem600UZ27733uomU9LggrjT1j4KVXcRPw\/eewZo0tKhnj++TjpUaGNJBKKNe50fZyJ5gZZkoHuudYDJKE3PMNbFSV+hgxPNIxaGThfPncsHEBPHUqAkHZqFJ+UnvtFEgvGeeeWZRrGdE6oQTTnAzySTM+zo2M9MsHYxrWdcE7crEme+doeREMkESp11qA9YzSzcZdLDsUxY04AEw6YLwRUHM2reun\/uL0EbdG+rIIOQbBPCKeBGzDwYtBtRCt4PIZL2b9GFkZ+VHIa1LhIHAPkLBhAwPb20fXFxo1oOTKO6DtKWjjjqqRmsKV5GZXiYvolz72oLVg\/jjkmJpYTUjILksZwSBF4mQPcA7Rn1WUVyYheelx6QjhaGOTL4wWz569GjnIte13twz6sYLnWlvJnd89aRu5H5GzXJzDOEen3dB3ig5rVGz3DvvvLMLpYTvM3Xi7yDhkvvStWgj3uZfmxeM1HeK4nkEN2K9EkweNupX104VBZ2NLd0SqQ2Uh3L5OgNw3jgPAOdBnPIRKB90\/FT9cgllOtSFckTVqTZQ91xtm2q7fO9rnHpyjdRzFAWWN+cJkzouqpwc47PageOi7itlpY1811xfkWAKIURMiiGYGo6EECImEkwhhIiJXPJ6RmL5Cls5f6GtKsBLgksrKqy8TUsCa7aKcy5abIk6xiNLysqsrFFDW7mwdi9H9uHijCzDXLbMEqtWuaztfCgNXLeSYKvifLWMgRLlLCkvd+3ET7H2oBimqJGlP022MYefYivnRb+KLRYlpdaoRxfb9L4bbMrtD9icl9+y5TNmBwJVt2ejtLLSOh13uE2+ZVRyT91B3LqccoxNue1+q1qe75+0LbGW\/XawlXPn28LPv2JGJ7k\/PmWBeDfbbkvrefl5Vt6qRXDKeJNiorhIMEVOsLZm\/et1+\/rYcwJrKT8hKQ2swS4nHWXLp82wGU+\/bFWL626xYl023LCbVXbpYHP\/773k3jqCdVlZYZ1PPNIm3fiP5M48CM7X9fRjbcodD65uszoIJlDHTiccYb0uG24lFbI01wY06SNyUrVoic147Pm8xRIaNGtiFV062oynXspLLAEB6XDUwbZozLfJPXWnpKw0sOb62sLPAmswXwKxLGvW1P1MYCTUUSyBwQornJ+i\/iLBrEcs+WmSzX3rg+T\/kmCRNay0hht0zdgqAzFkP5+HQZTKO7az6Q8\/Y1VL\/K90A46v6NTeSspzj+Sl5eXO5V0xM7QGurTUKrt2yixb9y5W1rypK4MP3PHWe+5q8z\/I\/uuaJQ3KXHkyzhdsFR3auuPClJSWWKv+OzmrN1GVLZaljRtaRdAODTfoUn2uyq4dA5HNfl0b+K4h6hdyyesJWEg\/3\/uYjfvTXy2RtuwOEWmz\/wDrPvyUDPEra9zIpox80KY98JRVLV2W3LuasiaNrcPRB9v0R5+zlXP8L5coDaxGztvl1ME25rChtmL23OQnmSAijTfp5ay3sIXZsEdX2+yBG4PyrqyeTOK8C7\/42saPuNZWzAi94g6LsGkTaz9wX5v6j+z3jyJkm957rZW3bePqh6XNRA6xyR+GX55leVO2bn860SZedXuWZdigZTPrOGigtd53dxcCSEEbfnfmhbZk3I\/JPWvoOHig9b5uhJssE78+imGKSFYGgvXVkHNtzqvvJPeshljkJnddZbOefcXmvftRtdvZeq9+1mHQIfbFgcdlimIgSggZojThmjsChci2vJgNxjLrfu6J1mijHvbpgCNsyfiJXpcWa7Hnpf9jP1xwla1akPknKzr98XBrtu1vbOJ1d1aLfHm71tb7mhH2w\/lX2LzRQXnTQExb772bLZs4xRZ8Mia5dw3UlUmXis4drPdVF9j4v1zjJsFWLVxkK6hjel0C67K8dStre\/BeNvXOh7PK3i2oW+PePWzSjXfbqtSAEnwH0cVaDlveJYG1\/Jtn77YWu2wfaR2LXxbFMEUki8Z+ZwvDIoI7HohIk802spnPvWrLf55hy6fNdK4x1tWsZ17Jsi75fptAlBZ\/O94vloHF2qrfjm6WeuzgswPLrCoQzQ29IoGrzrWZIUe00mGSpMMRB9rk2+93ArhsyjRXvlULFjtrdcn3ob+GGAhcWfNm1mXoIFsSiKAPRIzzNOq1gS346ItAVMc6wVwxK7B+Q3XBCux65h9tKULvodWAnW3pxMlucMDixrJFMH1i6QaZDbtZ8x23lljWc3R36wG4tHPeeNdWzst80xGC1e7QfWzWi29Yy123t26BQHQ744\/W48Kzrc0Be9jUux\/JEsxGPbu7Y5ZNmprcswbEssUu21mXM4c4t5RjESasPkQxDELT7azjbPHXoT\/0FQhM40BIiWEyUdVqwC7WZt\/+1m7gfrbR9X+xyTffE4hcZryTXEmEHAuP+kbBBFO7wDqe89o7Lm\/US3D9Bq1bOncbgfUx7qyLgosGoh5Y4Z2OPcwJ9RaP32FNt948+Y01YF22O2QfNwiJ+o0Esx6wcu48m\/PK21lxOESs7QF72qzAuqzs3tnNCJdUVti8t953uZou7hh2o6uq7Of7nnBCmA5iwOx092FD7fthlwXiO8SJW4NWza1lIKKIYzYlgfU4dXXuZfp1SszaHrinzX7pTWu8SW9rvv1WzsXv+ddhLgww9833LLEyNNsciBxxzu\/OvijLtU+nol0ba9C8qbO4qYsX5rmC8vx06U22mO9llG31JBkDxqRrR9qPf7nWxo+4xiZceast+WGCLZ86PfnFNTCQMMggnKJ+oxhmPWDWc6\/YNyedn2lhBh2fmfDNH77ZPun\/324FUE3gJjORs+jLbzJd4kAImvXdzHpeNsy+Gfq\/zs1NiQzuL9cYO+iswJJMe\/kxVuTGvazJFn1sxmP\/Su5cDcKyzegn7cv\/GuoElXMRCvjN03fZwo+\/tPEXXZfl9jZo2dx6jDjTTWpFCmEA+ZnlbVvbpOvvslUR6VAMJF3PGGI\/j3rc5ZmmU9qo0ja542\/BQNAiuQcCEW3SyKY\/9LSzyjPEnLbZZgvb+vVHXJ3F2oMmfUQWWJXj\/nRp9sRF0HmZQKlo39YJYBzKAze17aH72rQHnszIvURIm\/bd1MUYwy4sM8hYnou++CZjdRExwtb79bcFH362WhTTSB0zf\/RHGUstXXJ754628NMxme404t+pvTXq09PmvvFucqcfxGvphCm2Yqb\/fZPADHqX0wYHVuNtyT1rQLhb7LB1RvI5Arnk+x\/deTPaOICJqJ6XD7fOJx2d3CPWFiSYIgtiet+ecoFNf+TZ5J4QWD3Zt9hL80AoyFmc+czLyT1p5DqP5zPyIVn1gvu+PJweBFHn8+wvDQSu46BDbMbjL+QUQkcN9WVSplHvDV09cf29cI4wEecsCyzPbd9\/1uVoirULzZKLLLBwmmy56eokdB85xCMdJoiIJy4IXGIvuc7j+azpFhtbs+23soa9I94AHnU+z35WHZHqtGK2\/49\/ZVBDfRu0amk9rxiee6UQ5whvHohdNt9lO5dsL9YPJJjrOoE11GnIYdZ+4H6RK1DigDtuVatsxYwaLLgYYBG2HLCzWzve58aLrUkgnsT66kRwXHlgDToL2pPmFBdcbdJ+iLcuHjvOVs73\/+2k2lBSUWGdBh3qt0hFvUQueX2gqsql+PBatxVzmPlO7q8FCAqxShc7jLCo4oLlVdm5g8tdJP63avFiWzF9dt3eLBSIEW4v5wmnQMUmOAcJ7czkl1SWu0EhnIJVF3DvK7t1djFRsfahGKbITfJW1kXvUkZSnlrpWH2u4J90wys4cZ3KVf1P3ctWbQCmVbJg9aw+uVjbkGAKIURMNOkjhBC\/IhJMIYSIiQRTCCFiIsEUQoiYSDCFECImEkwhhIiJBFMIIWIiwRRCiJhIMIUQIiYSTCGEiIkEUwghYiLBFEKImEgwhRAiJhJMIYSIiQRTCCFiIsEUQoiYSDCFECImEkwhhIiJBFMIIWIiwRRCiJhIMIUQIiYSTCGEiIkEUwghYiLBFEKImEgwhRAiJhJMIYSIiQRTCCFiIsEUQoiYSDCFECImEkwhhIiJBFMIIWIiwRRCiJh4BbOkpCT5mxBCrHsUS8MkmEKIescvKpilpaUSTSHEOgnahYYVg8izSjSFEOsaxRRLKEkEJH\/3UlVVZXylhq8JIcSvBkJZbLGEGgVTCCHEaoorx0IIUY+QYAohREwkmEIIEQuz\/wdJuiApFLVrNgAAAABJRU5ErkJggg==' alt='' class='fr-fic fr-dii'><\/p>\n<\/p>\n<p style='box-sizing: border-box; margin-top: 0px; margin-bottom: 1rem; color: #212529; font-family: Satoshi-Variable&comma; sans-serif; font-size: 16px; background-color: #ffffff;'><span style='box-sizing: border-box; font-family: arial&comma; helvetica&comma; sans-serif; color: #2880b9; font-size: 14pt;'><span style='box-sizing: border-box; font-weight: bolder;'>Descripci\u00f3n:<\/span><\/span><\/p>\n<p style='box-sizing: border-box; margin-top: 0px; margin-bottom: 1rem; color: #212529; font-family: Satoshi-Variable&comma; sans-serif; font-size: 16px; background-color: #ffffff;'><span style='box-sizing: border-box; font-family: arial&comma; helvetica&comma; sans-serif;'>La corriente el\u00e9ctrica que transita por nuestros dispositivos electr\u00f3nicos siempre genera calor&comma; por lo que si tenemos alg\u00fan elemento electr\u00f3nico que s\u00f3lo resiste cierta corriente y de repente por cualquier raz\u00f3n (aunque sea por un momento)&comma; la corriente en nuestro circuito aumenta de valor&comma; ese elemento puede resultar quemado. Debido a esta situaci\u00f3n es que existen elementos de protecci\u00f3n como el fusible con encapsulado de cristal&comma; cuya funci\u00f3n es resistir el paso de corriente hasta cierto punto. El cuerpo de cristal es un est\u00e1ndar para asegurar la fiabilidad y el rendimiento a un precio rentable en la protecci\u00f3n de circuitos.<\/span><\/p>\n<p style='box-sizing: border-box; margin-top: 0px; margin-bottom: 1rem; color: #212529; font-family: Satoshi-Variable&comma; sans-serif; font-size: 16px; background-color: #ffffff;'><span style='box-sizing: border-box; font-size: 14pt;'><span style='box-sizing: border-box; font-weight: bolder;'><span style='box-sizing: border-box; font-family: arial&comma; helvetica&comma; sans-serif; color: #2880b9;'>Especificaciones:<\/span><\/span><\/span><\/p>\n<ul style='box-sizing: border-box; padding-left: 2rem; margin-top: 0px; margin-bottom: 1rem; color: #212529; font-family: Satoshi-Variable&comma; sans-serif; font-size: 16px; background-color: #ffffff;'>\n<li style='box-sizing: border-box;'><span style='box-sizing: border-box; font-family: arial&comma; helvetica&comma; sans-serif;'>Fusible de cristal.<\/span><\/li>\n<li style='box-sizing: border-box;'><span style='box-sizing: border-box; font-family: arial&comma; helvetica&comma; sans-serif;'>Voltaje m\u00e1ximo: 250VAC\/125VDC.<\/span><\/li>\n<li style='box-sizing: border-box;'><span style='box-sizing: border-box; font-family: arial&comma; helvetica&comma; sans-serif;'>Corriente m\u00e1xima: 10A.<\/span><\/li>\n<li style='box-sizing: border-box;'><span style='box-sizing: border-box; font-family: arial&comma; helvetica&comma; sans-serif;'>Longitud: 31.75 mm.<\/span><\/li>\n<li style='box-sizing: border-box;'><span style='box-sizing: border-box; font-family: arial&comma; helvetica&comma; sans-serif;'>Di\u00e1metro: 6.35 mm.<\/span><\/li>\n<li style='box-sizing: border-box;'><span style='box-sizing: border-box; font-family: arial&comma; helvetica&comma; sans-serif;'>Serie: 312\/318 (3AG).<\/span><\/li>\n<\/ul>\n","protected":false},"excerpt":{"rendered":"<p>Fusible 10 Amp, 250 V Tipo Americano.<\/p>\n","protected":false},"featured_media":62897,"comment_status":"open","ping_status":"closed","template":"","meta":[],"product_brand":[],"product_cat":[1501],"product_tag":[1502,751,547],"class_list":{"0":"post-62898","1":"product","2":"type-product","3":"status-publish","4":"has-post-thumbnail","6":"product_cat-miscelaneo","7":"product_tag-miscelaneo","8":"product_tag-refacciones","9":"product_tag-syscom-parts","11":"first","12":"outofstock","13":"sale","14":"shipping-taxable","15":"purchasable","16":"product-type-simple"},"_links":{"self":[{"href":"https:\/\/soydeaqui.ddns.net\/pachuca\/index.php\/wp-json\/wp\/v2\/product\/62898","targetHints":{"allow":["GET"]}}],"collection":[{"href":"https:\/\/soydeaqui.ddns.net\/pachuca\/index.php\/wp-json\/wp\/v2\/product"}],"about":[{"href":"https:\/\/soydeaqui.ddns.net\/pachuca\/index.php\/wp-json\/wp\/v2\/types\/product"}],"replies":[{"embeddable":true,"href":"https:\/\/soydeaqui.ddns.net\/pachuca\/index.php\/wp-json\/wp\/v2\/comments?post=62898"}],"wp:featuredmedia":[{"embeddable":true,"href":"https:\/\/soydeaqui.ddns.net\/pachuca\/index.php\/wp-json\/wp\/v2\/media\/62897"}],"wp:attachment":[{"href":"https:\/\/soydeaqui.ddns.net\/pachuca\/index.php\/wp-json\/wp\/v2\/media?parent=62898"}],"wp:term":[{"taxonomy":"product_brand","embeddable":true,"href":"https:\/\/soydeaqui.ddns.net\/pachuca\/index.php\/wp-json\/wp\/v2\/product_brand?post=62898"},{"taxonomy":"product_cat","embeddable":true,"href":"https:\/\/soydeaqui.ddns.net\/pachuca\/index.php\/wp-json\/wp\/v2\/product_cat?post=62898"},{"taxonomy":"product_tag","embeddable":true,"href":"https:\/\/soydeaqui.ddns.net\/pachuca\/index.php\/wp-json\/wp\/v2\/product_tag?post=62898"}],"curies":[{"name":"wp","href":"https:\/\/api.w.org\/{rel}","templated":true}]}}