{"id":62765,"date":"2026-03-19T06:52:33","date_gmt":"2026-03-19T06:52:33","guid":{"rendered":"https:\/\/soydeaqui.ddns.net\/pachuca\/index.php\/producto\/cable-coaxial-heliax-de-1-2-cobre-corrugado-blindado-50-ohms\/"},"modified":"2026-03-19T06:52:34","modified_gmt":"2026-03-19T06:52:34","slug":"cable-coaxial-heliax-de-1-2-cobre-corrugado-blindado-50-ohms","status":"publish","type":"product","link":"https:\/\/soydeaqui.ddns.net\/pachuca\/index.php\/producto\/cable-coaxial-heliax-de-1-2-cobre-corrugado-blindado-50-ohms\/","title":{"rendered":"Cable Coaxial Heliax de 1\/2, Cobre Corrugado, Blindado, 50 Ohms"},"content":{"rendered":"<div style='width: 100%; max-width: 1200px; margin: 0 auto; font-family: sans-serif; line-height: 1.6; color: inherit; background-color: transparent;'>\n<div style='display: flex; flex-direction: column; gap: 20px;'>\n<div style='width: 100%;'>\n<p style='text-align: center; font-size: 18px; margin: 0; color: inherit; opacity: 0.8; font-weight: bold;'>Cable Coaxial HELIAX\u00ae LDF450A de 1\/2&#8242; &#8211; CommScope<\/p>\n<\/p><\/div>\n<div style='width: 100%;'>\n<h3 style='font-size: 20px; border-bottom: 2px solid currentColor; padding-bottom: 5px; margin-top: 0; color: inherit; opacity: 0.8;'>Introducci\u00f3n<\/h3>\n<p style='text-align: justify; margin: 0; font-size: 14px; color: inherit;'> El <strong>Cable Coaxial HELIAX\u00ae LDF4-50A<\/strong> de CommScope es una soluci\u00f3n de conectividad superior&comma; ideal para aplicaciones inal\u00e1mbricas que requieren m\u00e1xima eficiencia y fiabilidad. Fabricado con materiales de alta calidad&comma; incluyendo cobre corrugado y una cubierta de PE negra&comma; este cable garantiza un rendimiento el\u00e9ctrico \u00f3ptimo y una durabilidad excepcional&comma; adapt\u00e1ndose a diversas condiciones ambientales. <\/p>\n<p style='text-align: center; margin: 20px 0 0 0; font-size: 16px; color: inherit; font-weight: bold;'>******Venta por metro******<\/p>\n<\/p><\/div>\n<div style='width: 100%;'>\n<h3 style='font-size: 20px; border-bottom: 2px solid currentColor; padding-bottom: 5px; margin-top: 0; color: inherit; opacity: 0.8;'>Especificaciones T\u00e9cnicas<\/h3>\n<div style='display: flex; flex-wrap: wrap; gap: 20px; margin-top: 15px;'>\n<div style='flex: 1 1 250px; border: 1px solid rgba(150&comma; 150&comma; 150&comma; 0.4); border-radius: 8px; overflow: hidden; display: flex; flex-direction: column;'>\n<div style='padding: 15px; border-bottom: 1px solid rgba(150&comma; 150&comma; 150&comma; 0.2); font-weight: bold; font-size: 16px; color: inherit;'>Clasificaci\u00f3n del Producto<\/div>\n<div style='padding: 15px; color: inherit;'>\n<ul style='padding-left: 20px; margin: 0; font-size: 14px; list-style-type: disc;'>\n<li style='margin-bottom: 5px;'><strong>Tipo de Producto:<\/strong> Cable coaxial inal\u00e1mbrico<\/li>\n<li style='margin-bottom: 5px;'><strong>Marca del Producto:<\/strong> HELIAX\u00ae<\/li>\n<li style='margin-bottom: 5px;'><strong>Serie del Producto:<\/strong> LDF4-50A<\/li>\n<li style='margin-bottom: 5px;'><strong>Nota de Pedido:<\/strong> Producto est\u00e1ndar de CommScope\u00ae [Global]<\/li>\n<\/ul><\/div>\n<\/p><\/div>\n<div style='flex: 1 1 250px; border: 1px solid rgba(150&comma; 150&comma; 150&comma; 0.4); border-radius: 8px; overflow: hidden; display: flex; flex-direction: column;'>\n<div style='padding: 15px; border-bottom: 1px solid rgba(150&comma; 150&comma; 150&comma; 0.2); font-weight: bold; font-size: 16px; color: inherit;'>Especificaciones Generales<\/div>\n<div style='padding: 15px; color: inherit;'>\n<ul style='padding-left: 20px; margin: 0; font-size: 14px; list-style-type: disc;'>\n<li style='margin-bottom: 5px;'><strong>Flexibilidad:<\/strong> Est\u00e1ndar<\/li>\n<li style='margin-bottom: 5px;'><strong>Color de la Cubierta:<\/strong> Negro<\/li>\n<\/ul><\/div>\n<\/p><\/div>\n<\/p><\/div>\n<div style='margin-top: 20px;'>\n<h4 style='font-size: 18px; border-bottom: 1px solid currentColor; padding-bottom: 5px; margin-top: 0; color: inherit; opacity: 0.8;'>Dimensiones<\/h4>\n<ul style='padding-left: 20px; margin: 0; font-size: 14px; list-style-type: disc; color: inherit;'>\n<li style='margin-bottom: 5px;'><strong>Di\u00e1metro sobre el Aislante:<\/strong> 12.954 mm | 0.51 in<\/li>\n<li style='margin-bottom: 5px;'><strong>Di\u00e1metro sobre la Cubierta:<\/strong> 15.875 mm | 0.625 in<\/li>\n<li style='margin-bottom: 5px;'><strong>Di\u00e1metro del Conductor Interno:<\/strong> 4.826 mm | 0.19 in<\/li>\n<li style='margin-bottom: 5px;'><strong>Di\u00e1metro del Conductor Externo:<\/strong> 13.97 mm | 0.55 in<\/li>\n<li style='margin-bottom: 5px;'><strong>Tama\u00f1o Nominal:<\/strong> 1\/2 in<\/li>\n<\/ul><\/div>\n<div style='margin-top: 20px;'>\n<h4 style='font-size: 18px; border-bottom: 1px solid currentColor; padding-bottom: 5px; margin-top: 0; color: inherit; opacity: 0.8;'>Especificaciones El\u00e9ctricas<\/h4>\n<ul style='padding-left: 20px; margin: 0; font-size: 14px; list-style-type: disc; color: inherit;'>\n<li style='margin-bottom: 5px;'><strong>Impedancia del Cable:<\/strong> 50 ohm \u00b11 ohm<\/li>\n<li style='margin-bottom: 5px;'><strong>Capacitancia:<\/strong> 75.8 pF\/m | 23.104 pF\/ft<\/li>\n<li style='margin-bottom: 5px;'><strong>Resistencia DC del Conductor Interno:<\/strong> 1.48 ohms\/km | 0.451 ohms\/kft<\/li>\n<li style='margin-bottom: 5px;'><strong>Resistencia DC del Conductor Externo:<\/strong> 2.69 ohms\/km | 0.82 ohms\/kft<\/li>\n<li style='margin-bottom: 5px;'><strong>Voltaje de Prueba DC:<\/strong> 4000 V<\/li>\n<li style='margin-bottom: 5px;'><strong>Inductancia:<\/strong> 0.19 \u00b5H\/m | 0.058 \u00b5H\/ft<\/li>\n<li style='margin-bottom: 5px;'><strong>Resistencia de Aislamiento:<\/strong> 100000 Mohms\u2022km<\/li>\n<li style='margin-bottom: 5px;'><strong>Voltaje de Prueba de Chispa de la Cubierta [rms]:<\/strong> 8000 V<\/li>\n<\/ul><\/div>\n<div style='margin-top: 20px;'>\n<h4 style='font-size: 18px; border-bottom: 1px solid currentColor; padding-bottom: 5px; margin-top: 0; color: inherit; opacity: 0.8;'>Banda de Frecuencia de Operaci\u00f3n<\/h4>\n<ul style='padding-left: 20px; margin: 0; font-size: 14px; list-style-type: disc; color: inherit;'>\n<li style='margin-bottom: 5px;'><strong>Frecuencia:<\/strong> 1 \u2013 8800 MHz<\/li>\n<li style='margin-bottom: 5px;'><strong>Potencia Pico:<\/strong> 40 kW<\/li>\n<li style='margin-bottom: 5px;'><strong>Velocidad:<\/strong> 88 %<\/li>\n<\/ul><\/div>\n<div style='margin-top: 20px;'>\n<h4 style='font-size: 18px; border-bottom: 1px solid currentColor; padding-bottom: 5px; margin-top: 0; color: inherit; opacity: 0.8;'>VSWR\/Return Loss<\/h4>\n<ul style='padding-left: 20px; margin: 0; font-size: 14px; list-style-type: disc; color: inherit;'>\n<li style='margin-bottom: 5px;'><strong>680\u2013800 MHz:<\/strong> VSWR 1.13&comma; Return Loss 24.3 dB<\/li>\n<li style='margin-bottom: 5px;'><strong>800\u2013960 MHz:<\/strong> VSWR 1.13&comma; Return Loss 24.3 dB<\/li>\n<li style='margin-bottom: 5px;'><strong>1700\u20132200 MHz:<\/strong> VSWR 1.13&comma; Return Loss 24.3 dB<\/li>\n<li style='margin-bottom: 5px;'><strong>2300\u20132700 MHz:<\/strong> VSWR 1.13&comma; Return Loss 24.3 dB<\/li>\n<li style='margin-bottom: 5px;'><strong>3400\u20133800 MHz:<\/strong> VSWR 1.26&comma; Return Loss 19 dB<\/li>\n<\/ul><\/div>\n<div style='margin-top: 20px;'>\n<h4 style='font-size: 18px; border-bottom: 1px solid currentColor; padding-bottom: 5px; margin-top: 0; color: inherit; opacity: 0.8;'>Atenuaci\u00f3n<\/h4>\n<ul style='padding-left: 20px; margin: 0; font-size: 14px; list-style-type: disc; color: inherit;'>\n<li style='margin-bottom: 5px;'><strong>1.0 MHz:<\/strong> 0.211 dB\/100 m | 0.064 dB\/100 ft | 36.11 kW<\/li>\n<li style='margin-bottom: 5px;'><strong>10.0 MHz:<\/strong> 0.672 dB\/100 m | 0.205 dB\/100 ft | 11.35 kW<\/li>\n<li style='margin-bottom: 5px;'><strong>1000.0 MHz:<\/strong> 7.284 dB\/100 m | 2.22 dB\/100 ft | 1.05 kW<\/li>\n<li style='margin-bottom: 5px;'><strong>3000.0 MHz:<\/strong> 13.407 dB\/100 m | 4.086 dB\/100 ft | 0.57 kW<\/li>\n<li style='margin-bottom: 5px;'><strong>6000.0 MHz:<\/strong> 20.055 dB\/100 m | 6.113 dB\/100 ft | 0.38 kW<\/li>\n<li style='margin-bottom: 5px;'><strong>8800.0 MHz:<\/strong> 25.244 dB\/100 m | 7.694 dB\/100 ft | 0.3 kW<\/li>\n<\/ul><\/div>\n<div style='margin-top: 20px;'>\n<h4 style='font-size: 18px; border-bottom: 1px solid currentColor; padding-bottom: 5px; margin-top: 0; color: inherit; opacity: 0.8;'>Materiales<\/h4>\n<ul style='padding-left: 20px; margin: 0; font-size: 14px; list-style-type: disc; color: inherit;'>\n<li style='margin-bottom: 5px;'><strong>Material del Aislante:<\/strong> Foam PE<\/li>\n<li style='margin-bottom: 5px;'><strong>Material de la Cubierta:<\/strong> PE<\/li>\n<li style='margin-bottom: 5px;'><strong>Material del Conductor Interno:<\/strong> Hilo de aluminio revestido de cobre<\/li>\n<li style='margin-bottom: 5px;'><strong>Material del Conductor Externo:<\/strong> Cobre corrugado<\/li>\n<\/ul><\/div>\n<div style='margin-top: 20px;'>\n<h4 style='font-size: 18px; border-bottom: 1px solid currentColor; padding-bottom: 5px; margin-top: 0; color: inherit; opacity: 0.8;'>Especificaciones Mec\u00e1nicas<\/h4>\n<ul style='padding-left: 20px; margin: 0; font-size: 14px; list-style-type: disc; color: inherit;'>\n<li style='margin-bottom: 5px;'><strong>Radio M\u00ednimo de Curvatura&comma; M\u00faltiples Doblados:<\/strong> 127 mm | 5 in<\/li>\n<li style='margin-bottom: 5px;'><strong>Radio M\u00ednimo de Curvatura&comma; Doblado Simple:<\/strong> 50.8 mm | 2 in<\/li>\n<li style='margin-bottom: 5px;'><strong>N\u00famero de Doblados&comma; M\u00ednimo:<\/strong> 15<\/li>\n<li style='margin-bottom: 5px;'><strong>N\u00famero de Doblados&comma; T\u00edpico:<\/strong> 50<\/li>\n<li style='margin-bottom: 5px;'><strong>Resistencia a la Tensi\u00f3n:<\/strong> 113 kg | 249.122 lb<\/li>\n<li style='margin-bottom: 5px;'><strong>Momento de Flexi\u00f3n:<\/strong> 3.8 N-m | 33.633 in lb<\/li>\n<li style='margin-bottom: 5px;'><strong>Resistencia al Aplastamiento de Placa de Presi\u00f3n:<\/strong> 2 kg\/mm | 111.995 lb\/in<\/li>\n<\/ul><\/div>\n<div style='margin-top: 20px;'>\n<h4 style='font-size: 18px; border-bottom: 1px solid currentColor; padding-bottom: 5px; margin-top: 0; color: inherit; opacity: 0.8;'>Especificaciones Ambientales<\/h4>\n<ul style='padding-left: 20px; margin: 0; font-size: 14px; list-style-type: disc; color: inherit;'>\n<li style='margin-bottom: 5px;'><strong>Temperatura de Instalaci\u00f3n:<\/strong> -40 \u00b0C a +60 \u00b0C [-40 \u00b0F a +140 \u00b0F]<\/li>\n<li style='margin-bottom: 5px;'><strong>Temperatura de Operaci\u00f3n:<\/strong> -55 \u00b0C a +85 \u00b0C [-67 \u00b0F a +185 \u00b0F]<\/li>\n<li style='margin-bottom: 5px;'><strong>Temperatura de Almacenamiento:<\/strong> -70 \u00b0C a +85 \u00b0C [-94 \u00b0F a +185 \u00b0F]<\/li>\n<\/ul><\/div>\n<div style='margin-top: 20px;'>\n<h4 style='font-size: 18px; border-bottom: 1px solid currentColor; padding-bottom: 5px; margin-top: 0; color: inherit; opacity: 0.8;'>Cumplimiento y Certificaciones<\/h4>\n<ul style='padding-left: 20px; margin: 0; font-size: 14px; list-style-type: disc; color: inherit;'>\n<li style='margin-bottom: 5px;'><strong>Cumplimiento de CENELEC EN 50575:<\/strong> Declaraci\u00f3n de Rendimiento [DoP] disponible<\/li>\n<li style='margin-bottom: 5px;'><strong>CHINA-ROHS:<\/strong> Bajo valor de concentraci\u00f3n m\u00e1xima<\/li>\n<li style='margin-bottom: 5px;'><strong>ISO 9001:2015:<\/strong> Dise\u00f1ado&comma; fabricado y\/o distribuido bajo este sistema de gesti\u00f3n de calidad<\/li>\n<\/ul><\/div>\n<div style='margin-top: 20px;'>\n<h4 style='font-size: 18px; border-bottom: 1px solid currentColor; padding-bottom: 5px; margin-top: 0; color: inherit; opacity: 0.8;'>Enlaces \u00datiles<\/h4>\n<ul style='padding-left: 20px; margin: 0; font-size: 14px; list-style-type: disc; color: inherit;'>\n<li style='margin-bottom: 5px;'><a href='https:\/\/www.syscom.mx\/producto\/ldf4-50a-andrew-\/-commscope-21517.html' style='color: inherit; text-decoration: underline;'>M\u00e1s detalles sobre el producto LDF4-50A<\/a><\/li>\n<li style='margin-bottom: 5px;'><a href='https:\/\/www.commscope.com\/' style='color: inherit; text-decoration: underline;'>Informaci\u00f3n m\u00e1s actualizada en CommScope<\/a><\/li>\n<\/ul><\/div>\n<div style='margin-top: 20px; text-align: center;'>\n<p style='margin: 0; font-size: 14px; color: inherit;'> \u00a1Descubre el rendimiento superior del Cable Coaxial HELIAX\u00ae LDF4-50A y potencia tus proyectos de telecomunicaciones con CommScope! <\/p>\n<\/p><\/div>\n<\/p><\/div>\n<\/p><\/div>\n<\/p><\/div>\n","protected":false},"excerpt":{"rendered":"<p>Cable Coaxial Heliax de 1\/2, Cobre Corrugado, Blindado, 50 Ohms<\/p>\n","protected":false},"featured_media":62764,"comment_status":"open","ping_status":"closed","template":"","meta":[],"product_brand":[],"product_cat":[1558],"product_tag":[1330,138,1559],"class_list":{"0":"post-62765","1":"product","2":"type-product","3":"status-publish","4":"has-post-thumbnail","6":"product_cat-coaxiales","7":"product_tag-andrew-commscope","8":"product_tag-cables","9":"product_tag-coaxiales","11":"first","12":"instock","13":"sale","14":"shipping-taxable","15":"purchasable","16":"product-type-simple"},"_links":{"self":[{"href":"https:\/\/soydeaqui.ddns.net\/pachuca\/index.php\/wp-json\/wp\/v2\/product\/62765","targetHints":{"allow":["GET"]}}],"collection":[{"href":"https:\/\/soydeaqui.ddns.net\/pachuca\/index.php\/wp-json\/wp\/v2\/product"}],"about":[{"href":"https:\/\/soydeaqui.ddns.net\/pachuca\/index.php\/wp-json\/wp\/v2\/types\/product"}],"replies":[{"embeddable":true,"href":"https:\/\/soydeaqui.ddns.net\/pachuca\/index.php\/wp-json\/wp\/v2\/comments?post=62765"}],"wp:featuredmedia":[{"embeddable":true,"href":"https:\/\/soydeaqui.ddns.net\/pachuca\/index.php\/wp-json\/wp\/v2\/media\/62764"}],"wp:attachment":[{"href":"https:\/\/soydeaqui.ddns.net\/pachuca\/index.php\/wp-json\/wp\/v2\/media?parent=62765"}],"wp:term":[{"taxonomy":"product_brand","embeddable":true,"href":"https:\/\/soydeaqui.ddns.net\/pachuca\/index.php\/wp-json\/wp\/v2\/product_brand?post=62765"},{"taxonomy":"product_cat","embeddable":true,"href":"https:\/\/soydeaqui.ddns.net\/pachuca\/index.php\/wp-json\/wp\/v2\/product_cat?post=62765"},{"taxonomy":"product_tag","embeddable":true,"href":"https:\/\/soydeaqui.ddns.net\/pachuca\/index.php\/wp-json\/wp\/v2\/product_tag?post=62765"}],"curies":[{"name":"wp","href":"https:\/\/api.w.org\/{rel}","templated":true}]}}