{"id":62678,"date":"2026-03-19T06:49:55","date_gmt":"2026-03-19T06:49:55","guid":{"rendered":"https:\/\/soydeaqui.ddns.net\/pachuca\/index.php\/producto\/arnes-syscom-p-73-8302-dplx-rp4p\/"},"modified":"2026-03-19T06:49:56","modified_gmt":"2026-03-19T06:49:56","slug":"arnes-syscom-p-73-8302-dplx-rp4p","status":"publish","type":"product","link":"https:\/\/soydeaqui.ddns.net\/pachuca\/index.php\/producto\/arnes-syscom-p-73-8302-dplx-rp4p\/","title":{"rendered":"Arn\u00e9s SYSCOM P\/73-8302 DPLX\/RP4P"},"content":{"rendered":"<div style='width: 100%; max-width: 1200px; margin: 0 auto; font-family: sans-serif; line-height: 1.6; color: inherit; background-color: transparent;'> <!-- Secci\u00f3n de descripci\u00f3n general --> <\/p>\n<div style='margin-bottom: 30px;'>\n<h3 style='font-size: 22px; border-bottom: 2px solid currentColor; padding-bottom: 5px; margin-top: 0; color: inherit; opacity: 0.8;'>Descripci\u00f3n<\/h3>\n<p style='font-size: 15px; color: inherit; margin-top: 10px; margin-bottom: 10px;'>Arn\u00e9s interface SYSCOM para la interconexi\u00f3n entre los radios m\u00f3viles Kenwood TK-7302H o TK-8302H con sistemas duplex como RP4-PLUS y EDM-3.<\/p>\n<\/p><\/div>\n<p> <!-- Secci\u00f3n de conexiones --> <\/p>\n<div style='display: flex; flex-wrap: wrap; gap: 30px; margin-bottom: 30px;'>\n<div style='flex: 1 1 300px; min-width: 280px;'>\n<h3 style='font-size: 22px; border-bottom: 2px solid currentColor; padding-bottom: 5px; margin-top: 0; color: inherit; opacity: 0.8;'>Conector DB15MHD (1) &#8211; RX<\/h3>\n<ul style='padding-left: 20px; font-size: 15px; color: inherit;'>\n<li style='margin-bottom: 5px;'><strong>1. Rojo:<\/strong> +VCC (1 y 2)<\/li>\n<li style='margin-bottom: 5px;'><strong>15 al chasis. Negro:<\/strong> Tierra (9 al 15) (Malla)<\/li>\n<li style='margin-bottom: 5px;'><strong>10. Naranja:<\/strong> COR (6)<\/li>\n<li style='margin-bottom: 5px; '> <strong>4. Verde:<\/strong> Audio AFO (8)<\/li>\n<\/ul><\/div>\n<div style='flex: 1 1 300px; min-width: 280px;'>\n<h3 style='font-size: 22px; border-bottom: 2px solid currentColor; padding-bottom: 5px; margin-top: 0; color: inherit; opacity: 0.8;'>Conector DB15MHD (2) &#8211; TX<\/h3>\n<ul style='padding-left: 20px; font-size: 15px; color: inherit;'>\n<li style='margin-bottom: 5px;'><strong>15 al chasis. Negro:<\/strong> Tierra (9 al 15) (Malla)<\/li>\n<li style='margin-bottom: 5px;'><strong>9. Blanco:<\/strong> PTT (7)<\/li>\n<li style='margin-bottom: 5px;'><strong>5. Azul:<\/strong> Audio TX (MIC) (5)<\/li>\n<\/ul><\/div>\n<\/p><\/div>\n<p> <!-- Secci\u00f3n de aplicaciones --> <\/p>\n<div style='margin-bottom: 30px;'>\n<h3 style='font-size: 22px; border-bottom: 2px solid currentColor; padding-bottom: 5px; margin-top: 0; color: inherit; opacity: 0.8;'>Aplicaciones<\/h3>\n<ul style='padding-left: 20px; font-size: 15px; color: inherit;'>\n<li style='margin-bottom: 5px;'>Interconexi\u00f3n entre radios m\u00f3viles Kenwood TK-7302H o TK-8302H<\/li>\n<li style='margin-bottom: 5px;'>Compatibilidad con sistemas duplex RP4-PLUS y EDM-3<\/li>\n<\/ul><\/div>\n<p> <!-- Separador --> <\/p>\n<hr style='border: 0; border-top: 1px solid rgba(150&comma; 150&comma; 150&comma; 0.3); margin: 30px 0;'> <!-- Informaci\u00f3n de contacto --> <\/p>\n<div style='margin-top: 30px;'>\n<p style='font-size: 14px; color: inherit; margin: 5px 0;'><strong>EQUIPOS PROFESIONALES DE COMUNICACI\u00d3N S.A. DE C.V<\/strong><\/p>\n<p style='font-size: 14px; color: inherit; margin: 5px 0;'>Calle M\u00e9ndez y 20 # 2001&comma; Colonia Pacifico<\/p>\n<p style='font-size: 14px; color: inherit; margin: 5px 0;'>C.P. 31030&comma; Chihuahua&comma; Chih&comma; M\u00e9xico<\/p>\n<p style='font-size: 14px; color: inherit; margin: 5px 0;'>Tel. (614) 4120126<\/p>\n<p style='font-size: 14px; color: inherit; margin: 5px 0;'>R.F.C.: EPC051025IN0<\/p>\n<\/p><\/div>\n<\/p><\/div>\n","protected":false},"excerpt":{"rendered":"<p>Arn\u00e9s SYSCOM P\/73-8302 DPLX\/RP4P<\/p>\n","protected":false},"featured_media":62677,"comment_status":"open","ping_status":"closed","template":"","meta":[],"product_brand":[],"product_cat":[1835],"product_tag":[1546,1419,181],"class_list":{"0":"post-62678","1":"product","2":"type-product","3":"status-publish","4":"has-post-thumbnail","6":"product_cat-controladores-aplicaciones-y-soluciones","7":"product_tag-aplicaciones-y-soluciones","8":"product_tag-controladores","9":"product_tag-epcom-industrial","11":"first","12":"outofstock","13":"sale","14":"shipping-taxable","15":"purchasable","16":"product-type-simple"},"_links":{"self":[{"href":"https:\/\/soydeaqui.ddns.net\/pachuca\/index.php\/wp-json\/wp\/v2\/product\/62678","targetHints":{"allow":["GET"]}}],"collection":[{"href":"https:\/\/soydeaqui.ddns.net\/pachuca\/index.php\/wp-json\/wp\/v2\/product"}],"about":[{"href":"https:\/\/soydeaqui.ddns.net\/pachuca\/index.php\/wp-json\/wp\/v2\/types\/product"}],"replies":[{"embeddable":true,"href":"https:\/\/soydeaqui.ddns.net\/pachuca\/index.php\/wp-json\/wp\/v2\/comments?post=62678"}],"wp:featuredmedia":[{"embeddable":true,"href":"https:\/\/soydeaqui.ddns.net\/pachuca\/index.php\/wp-json\/wp\/v2\/media\/62677"}],"wp:attachment":[{"href":"https:\/\/soydeaqui.ddns.net\/pachuca\/index.php\/wp-json\/wp\/v2\/media?parent=62678"}],"wp:term":[{"taxonomy":"product_brand","embeddable":true,"href":"https:\/\/soydeaqui.ddns.net\/pachuca\/index.php\/wp-json\/wp\/v2\/product_brand?post=62678"},{"taxonomy":"product_cat","embeddable":true,"href":"https:\/\/soydeaqui.ddns.net\/pachuca\/index.php\/wp-json\/wp\/v2\/product_cat?post=62678"},{"taxonomy":"product_tag","embeddable":true,"href":"https:\/\/soydeaqui.ddns.net\/pachuca\/index.php\/wp-json\/wp\/v2\/product_tag?post=62678"}],"curies":[{"name":"wp","href":"https:\/\/api.w.org\/{rel}","templated":true}]}}