{"id":62602,"date":"2026-03-19T06:47:33","date_gmt":"2026-03-19T06:47:33","guid":{"rendered":"https:\/\/soydeaqui.ddns.net\/pachuca\/index.php\/producto\/amplificador-de-ciclo-continuo-430-450-mhz-1-5-watt-de-entrada-15-60-watt-de-salida-n-hembras\/"},"modified":"2026-03-19T06:47:34","modified_gmt":"2026-03-19T06:47:34","slug":"amplificador-de-ciclo-continuo-430-450-mhz-1-5-watt-de-entrada-15-60-watt-de-salida-n-hembras","status":"publish","type":"product","link":"https:\/\/soydeaqui.ddns.net\/pachuca\/index.php\/producto\/amplificador-de-ciclo-continuo-430-450-mhz-1-5-watt-de-entrada-15-60-watt-de-salida-n-hembras\/","title":{"rendered":"Amplificador de Ciclo Continuo, 430-450 MHz, 1-5 Watt de Entrada \/15-60 Watt de Salida, N Hembras."},"content":{"rendered":"<div style='width: 100%; max-width: 1200px; margin: 0 auto; font-family: sans-serif; line-height: 1.6; color: inherit; background-color: transparent;'> <!-- Secci\u00f3n de caracter\u00edsticas principales --> <\/p>\n<div style='display: flex; flex-wrap: wrap; gap: 30px; margin-bottom: 30px;'>\n<div style='flex: 1 1 300px; min-width: 280px;'>\n<h3 style='font-size: 22px; border-bottom: 2px solid currentColor; padding-bottom: 5px; margin-top: 0; color: inherit; opacity: 0.8;'>Caracter\u00edsticas Principales<\/h3>\n<ul style='padding-left: 20px; font-size: 15px; color: inherit;'>\n<li style='margin-bottom: 5px;'>Potencia de salida 15-60 Watts para UHF<\/li>\n<li style='margin-bottom: 5px;'>Rango de frecuencia 430-450 MHz preciso<\/li>\n<li style='margin-bottom: 5px;'>Voltaje flexible 13.8 VCC a 240 VCA<\/li>\n<li style='margin-bottom: 5px;'>Impedancia RF uniforme de 50 Ohm<\/li>\n<li style='margin-bottom: 5px;'>Operaci\u00f3n en temperatura -30\u00b0C a +50\u00b0C<\/li>\n<\/ul><\/div>\n<\/p><\/div>\n<p> <!-- Secci\u00f3n de especificaciones t\u00e9cnicas --> <\/p>\n<div style='display: flex; flex-wrap: wrap; gap: 20px; margin-bottom: 30px;'>\n<div style='flex: 1 1 250px; border: 1px solid rgba(150&comma; 150&comma; 150&comma; 0.4); border-radius: 8px; overflow: hidden; display: flex; flex-direction: column;'>\n<div style='padding: 15px; border-bottom: 1px solid rgba(150&comma; 150&comma; 150&comma; 0.2); font-weight: bold; font-size: 18px; color: inherit;'>Especificaciones T\u00e9cnicas<\/div>\n<div style='padding: 15px; color: inherit;'>\n<ul style='padding-left: 20px; margin: 0; font-size: 14px; list-style-type: disc;'>\n<li style='margin-bottom: 5px;'><strong>Potencia de Entrada:<\/strong> 1-5 Watts<\/li>\n<li style='margin-bottom: 5px;'><strong>Potencia de Salida:<\/strong> 15-60 Watts<\/li>\n<li style='margin-bottom: 5px;'><strong>Rango de Frecuencia:<\/strong> 430-450 MHz<\/li>\n<li style='margin-bottom: 5px;'><strong>Voltaje de Alimentaci\u00f3n:<\/strong> 13.8 VCC&comma; 120 or 240 VCA (24 VCC or 48 VCC disponible)<\/li>\n<li style='margin-bottom: 5px;'><strong>Consumo de Corriente:<\/strong> 10 Amps<\/li>\n<li style='margin-bottom: 5px;'><strong>Atenuaci\u00f3n de Arm\u00f3nicos:<\/strong> Excede las especificaciones de la FCC<\/li>\n<li style='margin-bottom: 5px;'><strong>Tipo de Conectores de RF:<\/strong> N Hembra<\/li>\n<li style='margin-bottom: 5px;'><strong>Impedancia:<\/strong> 50 Ohm<\/li>\n<li style='margin-bottom: 5px;'><strong>Temperatura de Operaci\u00f3n:<\/strong> -30\u00ba C a +50\u00ba C<\/li>\n<li style='margin-bottom: 5px;'><strong>Ciclo de Operaci\u00f3n:<\/strong> 100% Ciclo de Servicio<\/li>\n<\/ul><\/div>\n<\/p><\/div>\n<p> <!-- Secci\u00f3n de dimensiones y peso --> <\/p>\n<div style='flex: 1 1 250px; border: 1px solid rgba(150&comma; 150&comma; 150&comma; 0.4); border-radius: 8px; overflow: hidden; display: flex; flex-direction: column;'>\n<div style='padding: 15px; border-bottom: 1px solid rgba(150&comma; 150&comma; 150&comma; 0.2); font-weight: bold; font-size: 18px; color: inherit;'>Dimensiones y Peso<\/div>\n<div style='padding: 15px; color: inherit;'>\n<ul style='padding-left: 20px; margin: 0; font-size: 14px; list-style-type: disc;'>\n<li style='margin-bottom: 5px;'><strong>Peso:<\/strong> 3.2 Kg (Est\u00e1ndar)&comma; 6.35 Kg (Con fuente de alimentaci\u00f3n)<\/li>\n<li style='margin-bottom: 5px;'><strong>Dimensiones:<\/strong> 483mm (Ancho) x 178mm (Alto) x 76mm (Fondo) sin ventilador&comma; o x 127mm (Fondo) con ventilador&comma; o 203mm (Fondo) con fuente de alimentaci\u00f3n<\/li>\n<\/ul><\/div>\n<\/p><\/div>\n<p> <!-- Secci\u00f3n de caracter\u00edsticas adicionales --> <\/p>\n<div style='flex: 1 1 250px; border: 1px solid rgba(150&comma; 150&comma; 150&comma; 0.4); border-radius: 8px; overflow: hidden; display: flex; flex-direction: column;'>\n<div style='padding: 15px; border-bottom: 1px solid rgba(150&comma; 150&comma; 150&comma; 0.2); font-weight: bold; font-size: 18px; color: inherit;'>Caracter\u00edsticas Adicionales<\/div>\n<div style='padding: 15px; color: inherit;'>\n<ul style='padding-left: 20px; margin: 0; font-size: 14px; list-style-type: disc;'>\n<li style='margin-bottom: 5px;'>Acepta todas las bandas desde 29.7 MHz a 960 MHz<\/li>\n<li style='margin-bottom: 5px;'>Operaci\u00f3n de ciclo continuo (100%)<\/li>\n<li style='margin-bottom: 5px;'>Operaci\u00f3n para repetidoras o estaciones base (con opci\u00f3n de rel\u00e9 de bypass de estado s\u00f3lido)<\/li>\n<li style='margin-bottom: 5px;'>Configuraci\u00f3n montable en rack de 19&#8242;<\/li>\n<li style='margin-bottom: 5px;'>Disponible con o sin fuente de alimentaci\u00f3n conmutada integrada<\/li>\n<li style='margin-bottom: 5px;'>Interruptor de circuito y encendido\/apagado en panel frontal<\/li>\n<li style='margin-bottom: 5px;'>Panel frontal plano permite cierre de puerta de gabinete<\/li>\n<li style='margin-bottom: 5px;'>Opci\u00f3n de provisi\u00f3n para respaldo de bater\u00eda<\/li>\n<li style='margin-bottom: 5px;'>Dise\u00f1o econ\u00f3mico<\/li>\n<\/ul><\/div>\n<\/p><\/div>\n<\/p><\/div>\n<p> <!-- Secci\u00f3n de aplicaciones --> <\/p>\n<div style='display: flex; flex-wrap: wrap; gap: 30px; margin-bottom: 30px;'>\n<div style='flex: 1 1 300px; min-width: 280px;'>\n<h3 style='font-size: 22px; border-bottom: 2px solid currentColor; padding-bottom: 5px; margin-top: 0; color: inherit; opacity: 0.8;'>Aplicaciones<\/h3>\n<ul style='padding-left: 20px; font-size: 15px; color: inherit;'>\n<li style='margin-bottom: 5px;'>Sistemas de comunicaci\u00f3n de radio UHF<\/li>\n<li style='margin-bottom: 5px;'>Estaciones base de radio<\/li>\n<li style='margin-bottom: 5px;'>Sistemas de repetici\u00f3n<\/li>\n<li style='margin-bottom: 5px;'>Comunicaciones industriales<\/li>\n<li style='margin-bottom: 5px;'>Sistemas de comunicaci\u00f3n cr\u00edticos<\/li>\n<\/ul><\/div>\n<\/p><\/div>\n<p> <!-- Separador --> <\/p>\n<hr style='border: 0; border-top: 1px solid rgba(150&comma; 150&comma; 150&comma; 0.3); margin: 30px 0;'> <\/div>\n","protected":false},"excerpt":{"rendered":"<p>Amplificador de Ciclo Continuo, 430-450 MHz, 1-5 Watt de Entrada \/15-60 Watt de Salida, N Hembras.<\/p>\n","protected":false},"featured_media":62601,"comment_status":"open","ping_status":"closed","template":"","meta":[],"product_brand":[],"product_cat":[1852],"product_tag":[1853,1660,1851],"class_list":{"0":"post-62602","1":"product","2":"type-product","3":"status-publish","4":"has-post-thumbnail","6":"product_cat-amplificadores-de-rf","7":"product_tag-amplificadores-de-rf","8":"product_tag-filtros-y-sistemas-en-rf","9":"product_tag-tpl-communications","11":"first","12":"instock","13":"sale","14":"shipping-taxable","15":"purchasable","16":"product-type-simple"},"_links":{"self":[{"href":"https:\/\/soydeaqui.ddns.net\/pachuca\/index.php\/wp-json\/wp\/v2\/product\/62602","targetHints":{"allow":["GET"]}}],"collection":[{"href":"https:\/\/soydeaqui.ddns.net\/pachuca\/index.php\/wp-json\/wp\/v2\/product"}],"about":[{"href":"https:\/\/soydeaqui.ddns.net\/pachuca\/index.php\/wp-json\/wp\/v2\/types\/product"}],"replies":[{"embeddable":true,"href":"https:\/\/soydeaqui.ddns.net\/pachuca\/index.php\/wp-json\/wp\/v2\/comments?post=62602"}],"wp:featuredmedia":[{"embeddable":true,"href":"https:\/\/soydeaqui.ddns.net\/pachuca\/index.php\/wp-json\/wp\/v2\/media\/62601"}],"wp:attachment":[{"href":"https:\/\/soydeaqui.ddns.net\/pachuca\/index.php\/wp-json\/wp\/v2\/media?parent=62602"}],"wp:term":[{"taxonomy":"product_brand","embeddable":true,"href":"https:\/\/soydeaqui.ddns.net\/pachuca\/index.php\/wp-json\/wp\/v2\/product_brand?post=62602"},{"taxonomy":"product_cat","embeddable":true,"href":"https:\/\/soydeaqui.ddns.net\/pachuca\/index.php\/wp-json\/wp\/v2\/product_cat?post=62602"},{"taxonomy":"product_tag","embeddable":true,"href":"https:\/\/soydeaqui.ddns.net\/pachuca\/index.php\/wp-json\/wp\/v2\/product_tag?post=62602"}],"curies":[{"name":"wp","href":"https:\/\/api.w.org\/{rel}","templated":true}]}}