{"id":62561,"date":"2026-03-19T06:46:06","date_gmt":"2026-03-19T06:46:06","guid":{"rendered":"https:\/\/soydeaqui.ddns.net\/pachuca\/index.php\/producto\/transistor-de-pot-rf-fet-canal-n-8-w-7-5-vcc\/"},"modified":"2026-03-19T06:46:07","modified_gmt":"2026-03-19T06:46:07","slug":"transistor-de-pot-rf-fet-canal-n-8-w-7-5-vcc","status":"publish","type":"product","link":"https:\/\/soydeaqui.ddns.net\/pachuca\/index.php\/producto\/transistor-de-pot-rf-fet-canal-n-8-w-7-5-vcc\/","title":{"rendered":"Transistor de Pot, RF, Fet, Canal N, 8 W, 7.5 Vcc"},"content":{"rendered":"<p style='text-align: center;'><img class='fr-fic fr-dii' src='data:image\/png;base64&comma;iVBORw0KGgoAAAANSUhEUgAAATcAAACECAYAAAD1C2xdAAAAAXNSR0IArs4c6QAAAARnQU1BAACxjwv8YQUAAAAJcEhZcwAADsMAAA7DAcdvqGQAABsvSURBVHhe7Z0HeBVFu8ffc0ISEjoktBCkC4oiFmz4oWBFxUfF67UgYgdFVLygVx8U9UNFQcXyqaifYu8F\/bBguRbsFUERBKVD6B1S9s5\/shv27JlNTnIOmkz+v+dZEvacnZ2Znfnv+77z7ibiKIQQQiwj6v4khBCroLgRQqyE4kYIsRKKGyHESkIXFEpKSgQfcb2BEFJdiUQieotG4+20OHHDfz1hI4SQmoAncPjpESd3FDZCSE3DM8r8xIgbhY0QUlMJClyMuFHYCCE1Gb+GUdwIIdYQKm6EEGILFDdCiJVQ3AghVkJxI4RYCcWNEGIlFDdCiJVQ3AghVkJxI4RYCcWNEGIlFDdCiJVQ3AghVkJxI4RYCcWNEGIlFDdCiJVQ3AghVkJxI4RYCcWNEGIlFDdCiJVQ3AghVkJxI4RYCcWNEGIlFDdCiJVQ3AghVkJxI4RYCcWNEGIlFDdCiJVQ3AghVkJxI4RYCcWNEGIlFDdCiJVQ3AghVkJxI4RYCcWNEGIlEUfh\/i5FRUXubwSUlJTIjh07dL\/g92SpU6eOZGZmSlpami53+\/bt4uv+ONLT0yUrK8v9nxkcj3JQXhiRSETq1asn0WjsvQzHom2FhYVSXFxcbl0SAefJyMjQbQwD58D5vHMmA\/oR\/RNslwfKx3lScf1wDlwPtA\/tNIG2bdmyJel2VRVTHVEnjA30Az7HZxiHNuO1j+JmABMBgrFw4UJ57LHH5LvvvpMNGzYkNUEw2Nq2bSsPPfSQNGvWTF5\/\/XW58847Zdu2be43YsFAPPbYY2XMmDF6EpvApdu4caNMmDBBpk2bZhQnlJOXlyePPvqoNG7cuGzQY8BjIr755pvyxhtvyNKlS3WbkyE7O1uuuuoqOemkk9w9O\/Em2bp16+TZZ5+V9957T9asWZPUmNt3333lnnvukbp167p7SoG4oF9nzZolTz31lPz888+yadMmY\/8kAvqwQYMGcsghh8gVV1yh+xH7gqBtAwcOlPXr17t7\/jpwXVHHo446Si655BJp2LChriOu8cSJE+WXX37RN50rr7xS9thjj9AxZQNl4q0ueBlK3Wv9piaFM3v2bGfAgAGOmjSYDSnZUNbUqVOdrVu36vPMnDnTyc\/PN34XmxqsTvPmzR01UeLqiE0JhbNq1SrnvPPOc9Td2FiGGtxO586dHTW59fe945RQO7fffrvTrl07\/R3TsZXdUM6JJ57orFy5Mq6uSjR1XUeOHOk0adJEt81URmU2ZbE5n376qb5e\/nOpyex8+OGHTt++fUP7paob2ti1a1dn7ty5Mef0tvfff99RomI89q\/clOg76malr\/W4ceOcW2+91Rk6dKgzfvx4fQ3wman+tmwejLn5wB3\/tddek8MOO0yUEIVaVZUFd9XTTz9d3\/m9u0qbNm3kiCOO0L+bUNdGlFCImjBGN2ft2rWiBqxMmTLF6JLizrzPPvvI22+\/LbvvvnuZxVZQUCCnnXaaXH\/99fLHH3+kxN0GrVu3ltGjR4sSL3dPKSh\/zpw5osRGW5ioN9qWDGjLsGHDpGfPnjEWiBrYMmnSJDn11FPlgw8+KNdVrwpoy++\/\/y7XXnutuyeWRx55RNTNy\/3f3wc8jZtuukk2b94sn332mbRs2VKPO\/x\/t912022oDVDcXOAePffcczJo0CBZvXp10hPQD4Tslltu0a6CB2Jg\/fr1i3Opgrz44otxrtuyZcvk7LPPlldeecXo1mEg9+7dW7u+cIU9li9fLsq6kunTp2shSBWI41x++eXaTfTjCdvxxx8vylJ19yYHhA1iDYHBeT3QDzfffLOe1HB3dxXoN9xwEKbws2LFCh0aSGW\/JoOyanWf5Obmavf0gAMO0OEJjG2ERWoDFDcFLKMffvhBT9BUD04EeBHzCA4oTNJevXrpu2p5IDbltyAXLFigLS\/lehktOkz4I488Up5\/\/nlp0aKFu1d0PO3iiy\/WImM6LhkOP\/xwLbZoqx+IDCzWxYsXp+xmgfbde++9Or7k5+WXX5YHH3zwL7Gc0JZgfPLjjz9OuaWYDKgfbi5jx46Vjz76SObNm6fHOG527dq1c79lN1xQUKALsHgAyybVYDLuueeeMVaGB4R0\/vz5OhAdBkSwe\/fuOlgP\/vzzT1m1alXotYKb1qVLFz35PVcUYNIjqLwrLIsOHTpo8YaF4AfWzW+\/\/ZZSMYWli\/7wu6O4frNnz9Zul2847zJgGcPl99dh0aJFevykys1PFqwiY+EAYwDXHOMF9UXdgzch2\/BCPxQ3F3TDrhiYGFzBSe8H56xoQuJ4T6gq+j6+521+cIy3pRp\/\/fzgXKnuU5zH1J+J9GOqMNXBa+dfVYeKCOun2gDFjRBiJRQ3F8RJsLqEVcRUAHegffv2OniLvCKTReMH3Q+X5scff3T3VA4sUiCQH4xB+cGq6zfffJMS9xDtwcooVt0aNWpUNpD8wD386quvdG6ZCcQCUWfTsZUF+Xk\/\/fST0d1G\/2PxAXVNFNT922+\/Neaqoe1oM1bTPWCxvfvuu6HuPhaT4EYHXUHMNcRPf\/31V3dPLPj+QQcdpHPqgsDd\/\/LLL0NX8\/Pz8\/U5U9G\/NRGKmwsGyKWXXqpXFlMBJgBWQhGTueuuu3QA1x+bCYLuh7iecsopemJVBsS5sDqIY8uLo2DyY8UyVcF2DB4IHBZgsLiB9vpB4BqJvGHtwXFY7UxF7AflPP7440ZxadWqlb6uiAkmCvoKqSRIWQmCeB+SYEeOHKn\/j2v3\/fffS\/\/+\/Y1zB\/103XXX6bSV4BhA32BlHgsRJlB3LCYFF5wgpl9\/\/bWcfPLJoQsY48ePl3POOafWixsuUBlqgNS6DUmgSNpVk1Qn1ao7s6MmHQQ\/qS0ajTp9+vRx1CQxnte\/LVy40OnYsaOxnLBNDXpnypQpzrp164xl+jc1kZzbbrvN2XvvvZ3c3FwnOzs7Jcm7TZs2daZNm1aWmIxNWWvOnXfe6ajJbDwGfasEQSf2+utYlW3FihWOElljW9RNxlGik1D\/exvqdNFFFznK4osrDxv6btasWWXfx9gZNWpUaFtzcnIcJV4x58CmRMlZvHix\/tx0HLYLLrjAeG2xT90cQhOhkSSN8YRzBI+tLZsHY24K3A3hQsF9w5I53AWkL8BdxE+4PvgcVh421YFlAeTywB0ESbTIOSvPeoNFBSvvxhtvrDAgDcsQrg4eO0LKR0XPnnogNQCrslidRfuw6rpkyRLdPvxE2\/EdtA8\/Ex0LsFqefPLJshw+rBgOGDBAWzRBUPcDDzxQWyQV5fclwjvvvKNTTUwWIqxJ5L1ddtll+ryJAGsNLidWeIPXAddP3Rx0WoW3co1Hm\/bbbz+dFGu6bnh8DknWwcRm9C+szeHDhxuPQ\/mffPKJXmUPjhtcv6OPPlpfPxOwmPHIWSr6t6biWW4UtxDQF95Ex4YkTYidJw7I7sczi5jM5eU34flRPElgSgXxgFBiQuEJBjwrGgYmqbLwdD4XRCKZAYxzot6eoOG8aB8mDdqHDXWaO3duXMKqH8QXMeHhpmIoQbjOOOMM4zFYvVMWpJ7UybpMONfgwYPlpZdeMrqk6Ke33npL\/0wUJL7CxTe5pBDLcePGaRcTIH6Jdh933HFGgcL1fuCBB+TMM8+Mc79xkznmmGN0OMJEt27ddNnKMnb3lIJzws0+99xzjSEGjA\/caPB8a3k3U9vxxlbtXCtOAHRQ\/fr1dVwLExeP+sAiwYPTSMrFIMJA69Gjh3uEGQzyiiwHTHpkkpeXXInvIDiOpygOPvjgpO\/MKA9lIECOAH+nTp3042CYOLAgJ0+erNuH3\/HdMNBP3ucQSSQXmxYS0AewMiEeqZh4eEoDTwSYbsioD6xlxK0SBeXcfffdoXFCXB\/\/CwHw\/WeeecYobADCtP\/++8cJG24qeEoAHkIY6COTRY664ZqECVvz5s212JZ3vWoT7IUqgMkJNwxWywknnODujQcTHwM8kcEGoUHQPwwM3FdffTU0ITiVYKJgpRHnhOVR3vkg+t6CAlac8WyuyWVHmRAcrORVJPaJgEfIMMlN4gJhwKNtnvuYCLDMv\/jiC6MVjuvYtWtXycnJ0f\/HOeGSog5h4KkNtDUILGW4jWHWMFa9zz\/\/fONro+At4JlZExhjuPmizanoXxuoleKGwYk7LwZyVTdYKZgQL7zwgltqPMgQh4uRiKWC+iDOEgZcVlginsldEXBhTPWuzAZXFY9xoa0mIMh47Apigj79\/PPPQ5\/ywITDqiUmt+lc5W1wO4MiZnrm1gPWElYZEz0X2gn3NiwkAAv+ggsuKBMcnBexVMRiTeB7sICDq8gAKSaw+sNAXM\/0SiWcEw\/Bhz03izEGd5RW205qXcwNzUXMA7EhU6wmURCXwTvS8EiTKX8ME+z+++83PnMZBHVCrAt5TXBZgmDgIpcKApeIuKFdyGtDfLCqwPrCA+KwxEyuGiYRrEhMclh4GDt40whc9qAQAYgbrJJrrrlGi3RlrAuIJ6xaT1wgtnClYT2ZQH+jL5EOkUjfwwJDO1FesO7o7z59+uhwgJdzhv7AQgYWNExgwQcxs2B+HfoUcTa4\/6YbBvoEz80OGTIkzlrGeEN70N9BcBy8CLy\/LtGbn82U9YG6mGWoSWH9ptwB5+abb05JukfYpjrXOemkkxxlCRjrENzUZHEmT54curzfpUsXR4me8djgpqwVR7kvOkXCVFYqNtQTaSBKQMvep4Z+HTx4sPH7yWxK2J0ePXro97ThPMrSchYsWJDyd7WZNiXgOj1oxowZZf2L8y9ZskSnDJmOQd8MHz48NI3jkksuMR6HDX26bNkyYxqHckdDU0cwltWNJe6Y2rp51CobFndOZHbfd999SVlt5eFZDXjjriluYgLxF1h56nq4e2LB21UTjbMhmI\/0hzCXKVlgJcACw7vL\/C437paISeHzVAKrDUmzngWG8hGs39VxR1imWEzCO+iQ7uEBNxZvEg572y6uOSwvU7wPLjvefBzGP\/7xD+3KBvsQVjEsd9MqLkDf4FVWJJZaJW54mwZSERArSzUYkBjYyG7H63cwMRKd6EjBCHuBICYZAsyJTGYINlysMHcpWSBkcCnhoiGHy18nTDDkiPnfWZcKsJoLt9APhAOTeVe4YLhmaGfnzp3liSee0EF6fxwL7iTaHwaeSEG8L3jtcWNF6lDY2MP3kULjibgfiFrYK65QN6yi44kYEkutETfc\/RAjKy9oX1UwGRB\/QvoEJkQwP6k8EPRG\/C8smI3VSKRp+CdYGBDJESNG7BKrFIJy4YUX6hVFJA+bJiFWKPF4UqIWa0WgX7EoY3rnHXLOEHxPpF8qA6xSPB6GGwQsZs8yBbCsEdCHSIWBGKvpOV9cX4hi2LVBG3HDMAk2vA289NMEbjC4+aW6H2yg1iwo4I6JjPVUWm2YxAgaY1Ij2I+BVtlBBjcSz4ciadYEUk3OOuusCq0UuEtY8UNgPMy9rSywJiDUcMtgwcAaxWQvzyLF5MVLALCKjHfkmayNRMFqLF6wiRSSIGgjAvtYNZ0xY4Z2E6vablwztA0vD0V\/Y+HA1E60Dbl1YaudOAYhD5PVjrw85AyGrXYeeuihOpwQvM5oE\/5IEdxSU4oN+ghvea7MywFsx+vDWiNuGBhoX1UnQBiYGNj8d\/jKgPqgXqaBC1BuIu4XyoGQJCMmJjBJvfaVJ2p+0BbUI6xNlQFtL69vvb5L9rom0k6cwxtHYcCiRTlBvOPC6oljTNYwwHFh1xV1RR+ZzllbqXXiRgipHXjiRrknhFgJxY0QYiV0Sy3B2VEoRRs2SXEKXkgZzciQ9GaNEQiSYpS5eYs4VYyfRdLSJC2rrhRtqtyLOE3ouBge9dq+XZziYp3BmgxR5b5E1FaC8ioZs0NULpKervsJP0n1gTE3y9j25xKZdfowKVof\/nqihIhEJatdnnR78h5Z+tDTsva9T2RHwRolJlUbG9HMTGl1\/umy5IEp7p6qAyHKG3aOLH3wKSnZkeyf0YtI4z4HStG6DbLpp1+wWuDuT5w0JbQNDthbOtx6jaQ3aaSKTGzBhexaKG4WAStm9X8+lF\/PvUpZIclN+qiysvIuPkt2rCiQgtffk5ItVbcEYbXVbZ8vmXktZN3\/fenurSKw2jIzpPVFZ8riSf92dyaBKq\/N8HNl6cPPlPZZFcQNoI2tLjxDOo4bLZEMWnDVAS4oWETJ5q1S8NJbSQsbqNOgnmTktZSC195NStgAJnuLs06WzbN+c\/dUnUhaVFlJPWTTj8rKShYlbGkN6uufDm7oVRQ2gBsLrFv8JNULipsFbP1zsaz75Gv3fy6wdOpmSt3d2sRsmUq4sB+fB4GApLfMlZXPvSElW82vOQI4PqNVc4mkl94hw4imp2u3r3BV4JnIaFQy27SKrVvbPElrWF\/XwQRc0qZHHSYbvo7\/K2GROmm6PjHlqS2jRY4+LkgkGpEmfQ\/R1qRTEi9s0ey6kqH6oe5ueWVlZbZpqQQx\/hVGwHQO8vdDt7SGA8tj+RMvybyr\/ymO79EeTPhmJ\/STtqOHxQhVWnaWLJ38jKx4+jUp2bbd3VtKWr1saXH2ybLyhTelaK35wfCossZQbt6lg2XWaUOlcI35r+Vjwmd37aitoqDlVrddG9nj6UmqvkVlCxUod9PMX2XBmIlSWBB47RMsrfr1pPnA\/rLs3\/Hvz4PodHtioqTnNNPtgwWLRQLE0uaPvjXOokXd8q++SBbd8VCcxVWncQNpOWigNO1\/hHaDPdCHc0fcKFvn\/eHu2UnLwQOl011j9EIM+fthzM0SipS4\/DJkpKx9\/zN3TymInXV99A5ZPXW6rP\/82zLXq+kxfaTFoFNk5oDzYwVMCQhEBwKycMLDajbHWzRYFYTF03bkRZLVuZ380O8M2bpgkdGtgxXW4Zb\/kfnX3SHFG2NfO97qvNOlwX57yaK7HikT5PTcptJpwhiZf+1tsn6Gqq8PCF\/TYw+X7YuWysbvZ7l7d4K2IqCf0bqFdLrjOllwwwS9wFK8abMUoo3+tiirLb1pE8k5+RhZ9shzcXXPV23L7tROFk96TIo98VffgUDCCg1atBFlhe419TFp1LtXqNVJ\/loYc7OEzbPnyqbghIdLqiZ8vT06y6o335cdywtkx4pV2j2E1bL6jelxVhu+30wJyJbfFpiFTVmCTfocpFcrZw++Ulk8JUrg2hsnNNxVnBsrpRAYPwjAtzhjgCx56CktVtuXrtD1K964RVuBW38P\/FUnJUZpDRtI3tBByv1e4u6MBYKDcrI67iYbv52pBHC2FrfC1cqqDLQF1lWbEefJNoiygSb9DpVti5ZoIYclC4sR4mYSNn1DaJ8vDQ\/qSWGrhvCK1GDg1q396HMpWh\/7RhGIS+6px8nqtz+Sxof1knw1mfMvP0\/a3XilNDvxSFn22PNx4pbVoa0+ZvviZe6enUDYGvU+QPJGDNGuGY6FiMCagoAFgSjkX3G+bPk18EdQlBhkK9FDzA2LIE369ZZm\/ftK7sDjpfPdN8iS+x5XghQbn0MuGkQXlhPaGwYWL3KV1bn2g890Xp4Rdf46TRtrlxNiaGLeFWPVSZUAK+u21bmnaVHt\/vLDUr\/nnu43dgKrLfeU4\/QNg1Q\/KG41mKJ162Xt9E\/j4kYQnJwTj5LVymrLbNtarwxGMjNk\/Sdf6Vw4HScLupIlJbL8yVe0aPnBxMUqZdtRQ+X3UeOUUA7RQlSnSUNprAQPQhZPRFlly0pz2\/zniYjkDDhK1rz7sWR37SQNe+2j3dwO\/xylXeF1H38pTlFg1VEJEuJyc68cG+fe+snIbSZ1lCsMSxZtMYI1FFWfP2+5V7bgezF1K12AgbgvnjhZ\/rhhoiwYM0EWjv+XbJ2\/UHYsW+l+cScQfdwQIHKk+sGYWw1m9ZvTZc7F18ZabmqSYkV0z+fuk+\/7\/rd+cqEi4CpikWDzz3Ni3UI1aRv02EM6jBslc4b+r3b1PEGAC4hzzB50hbLQfC\/ahHW2e0ep172LFLz0H3dnKRCBfWe8Kj\/\/11AtfigL7vBerz8qm777WRaMvSvO9avTuKG0GzNCL5iEipYC+W\/pOU1l8d2PSnFICgtEv83lQ2T5lJd1Hp+faFamdH34diXajdw9QAlevSxZ+ezr2tqNEV70zb7dpeeHz+s2k+oDFxRqOLDW5l19S3xQXE00BOczmudosUqEdOWq5ZzaX1Y8\/WpMbhtEr36PbjomFnTjsJIIi27zzDkxT0UgptX0+L6y8ZsfSwXMh3fMhhnfxjzOpRN9W7eUTT\/MinUpIdStmktWlw6yTrnf5QGh2bZwqRSuMr8vDWAlNe+ywcoae9DdsxOIbKMDe8Yk4kLMtv7+hy43po8VWOTocOtoaX3x2e4eUl2guNVwEIP6bdh1svL5qe6eALAmAhMyjIZqUiMnbNUb77l7fJRXjuEz5JshWx8u7I5gSgcIK8+wP6rEqOWgU6Tg5WnlipamgvYi4J\/Vqb1uJ9xfIygjSEiZacqi2++rqToHjlQvuFpaw4HlUG\/vbqUJuSbKmeh+sPiA+NdG5RYaKa8cw2f1u+8uDXrtI3U7hbwZNqw8w348LYH0lMI15j+MEkMF7a3TpLF0uG10+U84oIzgZgCxtoa9D9CJx6T6QnGrqSgro9WQ06T5wONDM+cTAS6plBRLYUEFllECwNJq3O9Q\/Sxpl0k3ST0ldIhNVQl1XLqysrRlakhNSRS4m0jVQHxwy+x5UrTB\/LcqKkNEud6tBp1qtvRItYFuaU2mpESnZeBVR4VrsQLq7q8EmPyIrelYV4ilkiiwaDJbt9C5YYhXFW\/ZIoUr11TtDR5KOOD6oZxg2krCqDKQ3IsV3UhmuhbwYNpMVYCLm5nfWsfwSPWDMTebcC9hVbTJMz6S1DVNaVnqH79BowquUr3K\/ql63coMK18jU9bOssJJdYPiRgixEi4oEEKshuJGCLESihshxEooboQQK6G4EUKshOJGCLESihshxEooboQQK6G4EUKshOJGCLESihshxEooboQQK6G4EUKshOJGCLESihshxEooboQQK6G4EUKshOJGCLESihshxEooboQQK6G4EUKshOJGCLESihshxEooboQQK6G4EUKshOJGCLESihshxEooboQQK6G4EUKshOJGCLESihshxEooboQQK4kRt0gk4v5GCCE1D7+GUdwIIdYQKm7RaJQCRwipkUC7oGEecTE3ChwhpKYRFDYQcRTu7zGUlJQIPgr5mBBC\/nYgaiZhA6HiRgghNZl4uSOEEAuguBFCrITiRgixEoobIcRKKG6EEAsR+X8vnzVheNsT3gAAAABJRU5ErkJggg==' alt='' \/><\/p>\n<p style='text-align: left;'><span style='font-family: helvetica&comma; arial&comma; sans-serif;'>El Transistor <strong>MRF1517T1<\/strong> est\u00e1 dise\u00f1ado para aplicaciones comerciales e industriales de banda ancha en frecuencias de hasta 520 MHz. La alta ganancia y el rendimiento de banda ancha de este dispositivo lo hacen ideal para aplicaciones de amplificador de fuente com\u00fan de gran se\u00f1al en equipos FM port\u00e1tiles de 7&comma;5 voltios<\/span><\/p>\n<p style='text-align: left;'><span style='font-family: helvetica&comma; arial&comma; sans-serif;'>Rendimiento especificado @ 520 MHz&comma;7.5 Volts.<\/span><\/p>\n<ul>\n<li style='text-align: left;'><span style='font-family: helvetica&comma; arial&comma; sans-serif;'>Potencia de salida 8 Watts.<\/span><\/li>\n<li style='text-align: left;'><span style='font-family: helvetica&comma; arial&comma; sans-serif;'> Ganancia de potencia 11dB.<\/span><\/li>\n<li style='text-align: left;'><span style='font-family: helvetica&comma; arial&comma; sans-serif;'>Eficiencia- 55%. <\/span><\/li>\n<li style='text-align: left;'><span style='font-family: helvetica&comma; arial&comma; sans-serif;'><span style='font-family: helvetica&comma; arial&comma; sans-serif;'>Caracterizado con par\u00e1metros de impedancia de se\u00f1al grande equivalente en serie.<\/span><\/span><\/li>\n<li style='text-align: left;'><span style='font-family: helvetica&comma; arial&comma; sans-serif;'><span style='font-family: helvetica&comma; arial&comma; sans-serif;'>Excelente estabilidad t\u00e9rmica.<\/span><\/span><\/li>\n<li style='text-align: left;'><span style='font-family: helvetica&comma; arial&comma; sans-serif;'><span style='font-family: helvetica&comma; arial&comma; sans-serif;'>Capaz de manejar 20:1 VSWR&comma; @ 9&comma;5 Vcc&comma; 520 MHz&comma; 2 dB de sobremodulaci\u00f3n.<\/span><\/span><\/li>\n<li style='text-align: left;'><span style='font-family: helvetica&comma; arial&comma; sans-serif;'><span style='font-family: helvetica&comma; arial&comma; sans-serif;'>Envase de pl\u00e1stico de montaje superficial de potencia RF.<\/span><\/span><\/li>\n<\/ul>\n<p style='text-align: center;'><span style='font-family: helvetica&comma; arial&comma; sans-serif;'><img class='fr-fic fr-dii' src='data:image\/png;base64&comma;iVBORw0KGgoAAAANSUhEUgAAANQAAAE7CAYAAAClu6\/7AAAAAXNSR0IArs4c6QAAAARnQU1BAACxjwv8YQUAAAAJcEhZcwAADsMAAA7DAcdvqGQAACNDSURBVHhe7d0HeFzVgS\/wv8qMuqxuWV22LLlj2XLHFrYx7hhcMN2AwUt4j5eEDdmFTYCX8DabEEIe6S95LBAIxR0XcK9y75atZlmSJdnqvc2ozJ5zfB1YvhhpxLFkzfx\/3zef5LlX2Izu\/556z3GxCSAiLVyNr0SkAQNFpBEDRaQRA0WkEQNFpBEDRaQRA0WkEQNFpBEDRaQRA0WkEQNFpBEDRaQRA0WkEQNFpBEDRaQRA0WkEQNFpBEDRaQRA0WkEQNFpBEDRaQRA0WkEQNFpBEDRaQRA0WkEQNFpBEDRaQR1zanLpKXSQvKL+WguLwG1dbr7yoeoYiIHICYyAB4OfktmoGiLuoQr2qc+vRD7Dudj0tWb\/Tr5wF3tKPJ0g8RcYORnDICw4fHIdgEuLlc\/ylnwyofdZG877ahOi8TGWeykHmlHq5+vvDxM8FyJQ3b33sHv\/n9Ruy9aoGl3Xnv0QwUdUMQwmMm4L6nn8YzTz+Pn\/zoUSyfGYqWgrP468cnUdNkVeWZM2KgqBtc4ebuAW8\/P\/j5+SMwbgyGJ8ZgmFcVak6m41JrKxqMM50NA0Xfnkd\/BAUHIsKvBe1VJShp7EBLu3HMyTBQpIEHTCZ3eHq2w2ZrRnOzDe0MFNG3o7oiXJy0e8\/AQJEWsmOvzdUNLt5eMIlQOeuFxUDRt9daiJJrFbhc6g230BjE9nODt7txzMkwUGQ\/mw1tba1obGpEU30lLp\/cjxPnLqHAFoaBY0ci2sfktDMmGCiyX0c9akqzcXTXHuzeuRObN6Xh7DUbfIclY+bURAR7mOCkBRSnHlFXyaHaShz83a\/w2b6zOF51\/V3J5B2FuHGpuGt2KhaNj4K3eM9ZuyYYKLJDBywN9Wi2WGH9ylQIFxd3uJs94OHpAS+zm9OGSWKgyG5FRcXIys5BcfFV1NbVIbx\/GBITEzEwPg5+fr7GWc6JgaIukZdJY2MTzpw9h+MnTiIjIwtVVdfrfV5eXggP74+kpESkjE3G8GFDYTKZ1DFnw0BRl1hENU8Gad36jcgvuAIvT08EBwehn78\/SsvKcfXaVVH1c8X4cWPx7Kqn1TFXV+fr82KgqFPyEqmqqsarP3kdFy9mYlzKWCxftgRjxoxWx\/Py8rFn337s2LEbxVev4s03\/gPDhg2Bj7fsnnAu7DanTlmtVpSUliEzMxujRo7AvLmzMWLEcOMoEB0dhdRpUzFl8kRYRUl2+MhRVFZ+pRvQiTBQ1CmLCFRlZYWo9lkQHBSkqnNm85dtJHd3d0RGDEB8fBzaOzpQKsJnaWkxjjoXBoo6ZTaZEBgQoNpEZeXlqKmpNY58qaGhEdXVNep7kwiYixO2nyQGijrl6emJyMgIxMbE4EphES5cuKi6zOvq6tAhSiQZpHTx3sWMTPj6+mDo0CT4O2n3udtrgvE90U3d6LrKyspGaVkZWkSVztpqhYeHB06dPouDaYdxOS8P4f3749lVKxESEnL9B5wMe\/moS+Rl0tzcgg\/\/9jG279yNQlFSyaqdu8kdra2tMJnMavzpweVLMS5ljAqaM2KgyC5FxcWq61yOSR05elwFa\/QdI1Uv37hxYxETHSWqfb5OOQYlsQ1FdomKjMSkieMxPXUaEgcnqB6+McnJuCt1KkYMHwZ\/f3+nDZPEQJHd\/Pz8EBExQLWX3NxcERkVgeCQYOOoc2OgiDRioIg0YqCINGKgiDRioIg0YqCINGKgiDRioIg0YqCINGKgiDRioIg0YqCINGKgiDRioIg0YqCINGKgiDRioIg0YqCINGKgiDRioIg0YqCINGKgiDRioIg0YqCINGKgiDRioIg0YqCINGKgiDRioIg0YqCINGKgiDRioIg04pagGskd0Wvr6pCefhEVFRXqPUfda7a8vAJHjx0XrxNYuvg+DB8+VO1m2FvkZWxpaUFoWCgGDRqIiAEDjCM9i4HSoL6+Xl1gV6+VqL1ncy7loq62Th0zmXrvIruVWlosKBc3Dfn\/PTA+DgEB\/YwjvUNexXLzbPnviI2NweCEBMSJr7FxsfD38+2xsDNQ3SQ\/NqvVisKiYmRn5yA75xLy8wtw7nw6fLy90a9fP3h6ehpnO56m5iaUXCtFRWWluoCDg4J6vYSyikA1iJtbi8UCXx8fDElKxJgxyUhIGIjoqKgeCT0DZSf5cck7YWNTkyqR1qxZj2Oi6lNdU6N2P09MHIwJ41IwcuQIhIeHGT\/lePLzr2Dd+o3YvWcfvvPs05g29U74iZKgt3S0d4jfQS1ycnJw8tQZXLhwEVXV1fASN7VRo0Zi1t0zkDI2GWazB7y8POHi4mL8pF4MlJ0aGhqRkZmFz7\/YhoNph9V7CYMGiQtqMmbOmA53UcUzm80wm0wOvRt6fsEVcTNZh7XrP8OLP\/g+Zs2c3quBkmQbtq2tTdQcREnV0ICCwiJ88OFHyMrMhslsQpK42U2ZPAkL5s+Ft7eX8VN6MVB2qK9vwJ69+7Fl6xe4UlioqhSp4s6cMHgQwkJDEBbmuCXS18nq7WpROq9Ztx4\/fPEFVQL4+\/kZR3ufDFdTU7MIfoGoQZxQr\/wrV9DP3x9Ll9yH1Gl33pLfl9trgvE93UR7ezvKystFqbQDWz\/fhtKyMkycMB5zZ8\/ChAnjEBMTDR9RZ3cmNaJ6dfFiJi5mZGLKlEkYNDD+turRlFU6WVMICwtFqLjZBQYFin+fWXUgyU6jsvIK0eZzQ1BgIEyiNqELx6E6IdtLMkw7d+7GetFmuCbaTeNSxuDRh5dj0qQJvd67RZ2LiorEXalT8cCyJZg3d7YquTZv\/hzrN2zCufMXYLFYVNtYBwbqG8iSSfZiHTp0BH\/68zuqV2\/hgnl47JGHEB8f16u9WmQfLy8v0dYdiPnz5mLJ4vvUeFWaaAN\/9PGnolpYqH7XOjBQ30COs+zatQe\/fvt3qnfo+f\/5Hax4\/GFER0cZZ1BfI3v4ZKfEyidXYNiwITh+\/CTe+vVvVPtYBwbqJuQHvHPXXnyyep2o9rWJhuwiDBs6RHWNs2Tqu2TbSvbwyS70e2bNRFJSouq1\/WT1WhQVFxtndR8DdRMnTp7CgYNpaG5uxr0L5+HuGdMREhJsHKW+LjAwAOPHp2DunFmIj4vBrt17ceDAIRRfvWqc0T0M1NfI7ta6ujrsP3AQRYVFGDliOB5avky1mRx55oMzioyIwJ1TJmPG9LvU71zeQGXPpZxx0V0M1NfIXj3Z85OVlSPuYoHqA2cHhOMKCgrEpEkTRRVwDK5dK8X59AsoKy0zjtqPgfqapqYmvP\/XD1FdXYPU1KmYN\/ce4wg5IjlWFRMThSdWPIaAwH7Yt+8Atn6x3ThqPwbqK2SIjh0\/idzLeZg0cbyakye7W8lxqQFgkwkx0ZG4c\/IkeHt749y588jLy1fTmOzFQH2FnAGxc+ceNSYxevQoUdWLNY6QI5OhkrM8UlLGqkFgOV1p\/4E0WCxW44yuY6AMctJrbu5lnDp9BgPj4xEXGwu\/22huGt168rku+SiKDNLho8fUQ6KyTW0PBspQcOUKTp85h+aWFsyZPQvhA\/obR8hZyNnyMlSy96+0pAwZWVmob7BvwJeBMlSUV6CoqAgeopEq208hwRxzckZy9kRKyhiUlpYiMyMbDXbOoGCgDAVXCnH16jWMHZusqnqO\/CwT3Vx4\/\/7quSnZOXEpN5clVHdUVlWpWeQdHTY1kKtzOj\/1LXLwXs6ikE8RlJSUqpky9mCgBPnBycelfUUdevDgBPXULTkvOVQSHt5fPfMlh1JaRLu6qxgoQX5ospfP19cHCQmDYOrDsyJkl78cnJaPnchJvXwg235+vr7qUQ9Z3bucl6c+y65ioITCoiLVRSo7JEKCg\/p0+0k+crJ+4yasevZ51QaQz3CRfWRNRS62I2+stbX1aGxsMo50joES2tva1Z1dDvD19c4IWdKWlpahvLxcvSwMlN3kIG9oaChc3VxRV1uLJgbKPrJTQgoKClJf+7I2Uc2Tq\/7Iqp4coJTLa5F93MRNVYZK3mDlzHN7piAxUEJZWTlaxYfG9SHo62SHhLW166U8AyXID0025K3dmLtFjkeWTG6iuidVVFSirq5efd8VDJQg203yQ8StWUyU+hj5SIdcWlpeF22ibd1uR7WZgRJk754cGZcfJJHqnFIllAu8vbzUen5dxUAJbm5ucBcv+ZXoq+ST2vZcFwwUkUYMFJFGDBSRRtx9Q3j1tddx4WIGpk6dgu8+\/5zxbu\/JybmE8opKDB2apHaLsGf2RmZmNjZ8thlr163HzJnTER8XpzaA062mVm4WkKG2BH35pRdvu903vi25nv3yh1aoTRAefugBzJieahz5ZgyUcDsFSj4usGnzVrWc1ex7ZmFcyli7epluBEqu2S13nVAr3d6CzhbZndzY2Kim5bz26r+pDdfs+Xfe7robKFb5bjNNIlCX8wpw+vRZ5ObmdmvlHUmWanIspX9YqHoUQfcrKjICQ4ckqQstJjraocL0bbCEEm6nEkrOK\/zzX97FwYNpWLb0fixdshg+Pl2vst0ooTZv2YpXf\/yyKuE4pcp+LKGIbgMMFJFGDBSRRgwUkUYMFJFGDBSRRgwUkUYMFJFGDBSRRgwUkUYMFJFGDJSDkpNjAwICYDJz44OexEA5mJCQYEycMA7Lli5GdFSkWoCGeg4D5WBkoCZPnohHH3kQYWGhapER6jkMlAOSu5oHiuqePU\/6kh78xIk0YqCINGKgiDRioIg0YqCINGKgiDRioIg0YqCINGKgiDRioIg0YqCINGKgHIzcbOBS7mXs2Lkb10pKYW1tNY5QT2CgHExVdY3aaOCzTVtQXFzMne17GAPlYOrr6pF7OQ+nz5xFtQhXd3fvoO5hoIg0YqCINGKgiDRioIg0YqCcWEdHBywWC7iJpT4MlBOyWlvR2NiE8vIKXMrNQ1VVNVo5XqUFA+WE0tMvYM3a9fjFL9\/Cd7\/3A7zy2uvIzr5kHKVvg4FyAjdmT6xbvxH\/\/OJLePOtt7F23QacOHlKbZJdU1uD1jaWUDowUA6qra1dhCgXmzZvxX+++wHee\/8DFajde\/bh7LnzyMsvQLWo6kkuLi7qK317DJSDkW0h2dFgtVpw+PAxfPTxavzne3\/F+g2bcObs+b+3lWRHRId4ya\/19Q24cCEDR44et+t19NhxNSOjoqKSMzIMLuIDdfounldFG+LCxQxMnToF333+OePd3iGrYH\/+y7s4eDANy5bej6VLFsPHx9s42jl5oX+6eh2279hpvPPNZOlkNpsRFBgIDw8P493OqUB2dCAgMAArn3wc48enwN\/Pzzja95WVl2P5QyswaGA8Hn7oAcyYnmoc+WYsoRyMh4cZXl6exp++dLNqnXzf29sL8fFxGD58aJdf0dFRqlTKyc5BfUOD8V8jBsrBmM0e8PbyUiFZ\/sAS3H\/fQrV5wIAB4cYZ\/51crlmugT5\/\/hw8+cRjXX7J0jN59CiZSFVS0XUMlINxEwFxc3eHyWTCHaNGYv68OarK8vhjD+PB5cswaeJ4DBSlkZ+vrzpfllBeIoCxMdEYkpTY5ZesCoWGhsLNjZfQV\/HTcFA3gjIkKUnU\/+\/CA8uWYOVTK9TXhQvmYfpd0zB69B2IjY1BeHh\/u9pPdHMMlJOQO3IMEMGZdfcMPPP0k3j5pR\/ihz\/4Ppbcvwgz7kpFcHCQcSZ9GwyUk5I9h0OHJGLxYhGo6akICQ42jtC3wUA5KVkllO0sH29veHp6ci8pTfgpEmnEQBFpxEARacRAEWnEQBFpxEARacRAORh3kzs8PT3ULIl+\/fxhEn+mnsNAORhfXx9ER0UiMSEBg8XLx8fHOEI9gYFyMKEhIZg3dzZe\/+mrqoSinsVAORg3NzdV3QsMDODsh17AT5xIIwaKSCMGikgjBopIIwaKSCMGikgjBopIIwaKSCMGikgjBsrB3NhpY8fO3bhWUgor933qUQyUg6mqrsHp02fx2aYtKC4uhtViNY5QT2CgHEx9XT1yL+epXTGqRbi4K0bPYqCINGKgiDRioIg0YqCINGKgiDTqRqBssHW0wdpYh9rqalRVVqGquha1DRa0dohjxllEzsj+QHVY0VpXgNNr38abr76E7373n\/HCy7\/Az949jOwaK1q4mR05MfsCZatDac5hbPjVL\/HHTVm45hmDwckjMDS8FZUH\/4o3\/2MN9mdeQ80\/KKZujOBv\/Xybeu0\/kIacnFy1AzmRo7ArUJaSHOQe24PNR\/JRFzcVE6bPwvw5szFn6hikxtYj89g27D1zBbnl\/326S07OJWzavBXvvf8BVq9Zp14ff7IGH32yWr1\/5uy5v2\/3T9SX2RGoVlRfzkDWyQvIbB+EMfcuxIwpYzB2+AiMGjMRs+dORnKCGdYmC+rqr4dDbmZcV1eHvfsOiOB8jlOnz6qRe1dXN9Huqlaj+Z9\/sR3bt+9EaVkZQ6VRW1u7qBHk4uSp0zhy9Lj217nz6SgvL0d7O+v4X+ViE4zvO1GOU6vfw5oPDmK\/+zy89oeHkRLqg36yk6KtGa0NJci6UIo630hERYUhLsQLFosFx0+cwm9\/90e1vNXdM6cjJWUMgoKCUFBwRf2y5byzahEuuf\/ruJSx4lig8ff1nJ\/89Ge4mJGJKVMm4fn\/8azxbu+orKzCO+++j0OHjqid1pcuWax2G+yqzMxsbPhsMz76+FO1Rp\/cVM3FxTiokbxq5A2wvKICr\/z4JbXVqL+fn3G07ysTN4vlD61Qm3PLTb\/lLo9dYUegsrD7\/\/0NH36UjUt3PIrfvzoTCb6iFLJY0Wxtg62jHW2tHegw+8DPxxO+nu4qKP\/y0o\/F3eyC2uJ\/1dNPwmw2q\/Xi2trbUV1VjV279+LXb\/9ObdG\/YMFcxERHG39fz\/nL\/38Xefn5uOOOUXhg6WLj3d5RWVmNzVu2qmqyjkAFhwTDw8NsHNXHIn7vlRWVDNTX2BGoDOz4gwjUx7nIG7cCf\/pRKgbWpGHbrqPYdPyqcY4QeRfuuXsC5k2KRmN5BR5\/4hn4+fni0UcexL0L5xsnXSerf8eOn8DP33hLhS9EXADeXl7G0Z5TWFiEpuZm+Pv7YUB4uPFu77C2WlFWWo5AUVI\/8fijuGfWDLVwZVfdCNSGjZuw4vGHMWL4MPH567\/Q5aMhe8TNcPfe\/XjpX3\/AQBnsCNRl7H\/nA3z8UTrSE5bj\/\/77PAxpzUH6uWwcz7kKS1MRjq49hLyI+7Ds8QVYde8QtBj\/qICAfuLieASL7l1g\/Le+JOvjr7z2U\/V9VGSkWpu7p8mLsK6+Xu2ELj\/A20FcbKy6AcXFxcDdvesL\/t8IlCzlXv3xy6oaLT9\/3fLzC7B6zXqsWbceP3zxBQbKYEegKnF27ftY99Fe7HSdjpd\/tRKTBvghyE0cai9H7dX9eOOJ3+NA4FwsNALVKtoDzz3\/PZSKO+6SxYvw6MMPqiWCb2hoaFQPwr3+7z\/HhPEpoo01AxERA4yjPUf2PuaLNt3IEcOx+P5Fxru9KzAgAElJg40\/dR0DpUd3AyUal113Ne0D2zvfW2CbOO0p2+t7i2w5NW229o52W1vdZVvRgV\/ZnkydZhu\/5A3bGxszbLXi\/Pr6etvbv\/2Dbc78+2zPPve\/bF9s22GrrKy01dbW2SoqKm1ph47YXvvf\/8d257S7bb\/9\/Z9sVwoLr\/9FPexHr\/zEdv+SB22\/+vVvjHf6royMLNvPfv6mbcq0mbbtO3bZqqtrjCN65eXl237xxlu28ZOm2das22CrraszjjiG0rIy210z59qeXPmsbcfOPca7nbNrHCosbiAGj0iCT1MBNr\/3Bc7llqC+tR7Xcs5j8zsbkN3YjCbjXElu1z9\/3hwMSUrCxYuZ+MUv38L3X\/hXiJCpkkt2WBxIO4RRd4zE\/YsWImJAz5dOkhx0lk+61tbWGu8QXScf0mxo6PrkA7sC5RYyFEkT5+C5++PhX7QNH\/\/6dfzwhR\/hld9uwpaySESEusHX0zhZkF3lkaIK9+DypaqXb9hQ0a6ytmD\/gYOqGij3MVq4YB6ee\/YZhIaGqPN7i7u7G0zuJuNPRNc1NDagpaXF+FPn7Jt6ZA5AUNxopN67DE8tn4E7xwzF4PjBGJE8GXMeeASPPPE0Vi2djMlJIfAQp7u4uMDDwwOjRg7H3Dn34IFli7F82RIsEe2UFY89jMcefQjzxPvDhw1V4yW9Re6jJHvS5EA0kex9lu17m61DNonkSKtxpHP2BUpw8wlB8IhZWL7iCTz9zFNY9cxK\/NPKR7Dq0flY9MBKPHnfl4G6QV6s8fFxmHrnFNXo\/6dV4rwnHlMhGzw4wTir9\/j7+8PDbOb6C6R8GSgbzCYz3N263stqd6CucxF1JE94+\/iKi9EHPt7iL+3mf+l2IAeaXbg5GRk6RJBa21rVbBBZwzKbu1574lUk9BMllI9312cjkGOTT0BkZ18SJVWrmgrn6+trHOkcAyXIKp9s78nR\/7y8fFb9nJxNtKXlPEVZQslxvMTEro8HMlBCeHiYmh5VVVUl7kw5DJSTa2mxoLS0DB0d7YiNjUZYaKhxpHMMlBAeHo7AwEDUNzQgK0cW9X03UO4md3h6eqiOINl7aRJ\/JvvUN9QjN\/eyuiYCAgLsmlzMQAnywpMTSOV4g\/wg+3Kg5FxIOb6XmJCAweLl49PzcyP7Mvm7l09BXCksxNgxyQgOCjKOdA0DJchOCTkJtX\/\/\/up5pPY+PB4lH9mYN3c2Xv\/pq+pGQfbJz5fP6Z1BbW0dBg0cCF\/RFLAHAyXIbvNhQ5LUM1nXSkpw4sQpNeWkL5KzTWR1T05Clv9fZJ\/8KwU4n35BzZyRE7aD7XzglZ+4ISwsTA0yy4tRPvQoH8kn5yLndMoSqrS0VPXsDYgIV+NQ9mCgDPKpWPm0cJL4IOVj+bItJUfLyXlk5+QiKytblfLTU6fB084wSQyUQZZMsbExatxBPjUr69FyWxjO73N8coqRHHfavmOnqu5FRUXh7rtnqKcl7MVAfYUcixo2bKh6nT+fLtpSJ1FbV2ccJUcle\/aycy6phXrkjJmxY5MREhzUrTYoA\/UVsoiPiY5SM+BlsS9XbDp+\/KRxlBxVU1OzWieyorwSkyZOwOx7Zna7Q4eB+gr5IcpSaty4sRgyJBEVFRXYvWcfF+J0YCUlpdi0ZSuOHj2OhISBmDhxvFrbpLsYqK+RJVN4\/\/6YPGkiwsP7IzMzC9u27cSVwiK1ziA5joqKShw5egxr126A2cOM1Gl3YujQJONo9zBQNyFLqdTUqQgSdekjR45hjyip5N2svb3dOIP6shZxczx67Dg2bNysgiWfzZNtJ3tnRnwdA3UTcvZE6rSpoj01G80tLdiy5QvxCzihFnakvi8t7TC2bN2G\/IICrWuaMFA3IdtTQYEBmDhhHJ566nH1AOK27Tvw6afrcOLkKeMs6mvk4O3adRvxyadrUVRcjAni96tzTRMG6hvIBSZlO0rWrRcunAe5AL9cYEaWVuyo6Fvk0tHyWTe1qu5nm1AswjRy5HBRMt2rdU0TBqoTMlRywul9ixaozQTkrPTMrCysW\/8Z0g4dQVZWDmpquPzY7aysrAynTp\/Gpi2fixrGWjVPMzl5NBbOn6dqIDq5vSYY39NNyKd5vTw9MXBgPKKiItFQ36BWvJVdrSUlJWqWhey8kOfJaoP86ujkTUSutXhj1xK5wqq9895uFTnzQQ7WNje3qIH53bv34m8ffYqdu3bDXZRE9y6Yp1aDlSWTbnYsxUxyGlJraxsKi4rUBNrPP9+uxqrkFP9RI0dg7pzZmDxp\/G1zYd1Kt\/NSzHIO5mVRvUtLO4TNW79QG1G4ubmLAA3BQw8uE7+rkWpjCB1tpq9joLpBjkeVlZWLql+2qEqcUY97yEem5brsshSLjYlGSEiwKrkcVXl5hep2lj2fcrFSuS68l5f9c990kwusyK2AMrNzUF1VhcbGJvUUweRJE9RQiJwJIxdduVWPtjBQ3SQ\/NvnLklvhnE9PR0ZGFsrERSZLLDlWJQcK5Vp\/jkquuyB3MCyvqES0uEjl81fut+COby9ZzXN1c1Vz8vz9+6lSSa4JmZiYgMiICOOsW4eB0kB2xcoLS1aD0i9cVHdIR9+Mu7mlWZXS8iVn6cvltuxZEPJWkb11Q5IGqwnOcpB2hCg57VlX79tioG6B6poah5+mVFRYjC1bP1eDo995dhWmTp3cK3t7fZ3cBqg327AM1C0gOy8c\/WOVeySvWbteDZK++IPvq\/2T5cTi3ibbRr3Zy8pxqFtA\/lJlD5Ijv65fuOLyEdeui6uLarf8o\/N6+tXbQxYMFJFGDBSRRgwUkUYMFJFGDBSRRgwUkUYMFJFGDBSRRgwUkUYMFJFGDBSRRgwUkUYMFJFGDBSRRgwUkUYMFJFGDBSRRgwU2U0uQS0XprFarZBP+ltaLLBarNw+VWCgyG4XLmZgy9YvcPbceREuK9IOH8Hxk6e4farARVrILh\/+7RPs3XdALdJSVy8CJK4eTy8vREdFqiW7UsYmq6WZu7ODuiNgoKhLWlpasG\/\/QXzw4cdqXXO5fWbi4AS1ZJcsmfLyClBVVaVWzX388UfU1+7sot7XMVDUJVVV1XjxX\/4NxVevYlzKGCy6d4EojcaoY3JRz4OHDmHr1m1qTfGVT63A1CmT1Z5LzoZtKOqU7GyQJdTlvDzExcbg7hnT\/x4mSa7HN3rUKIwePUqteZ6TnYOGRsdeOfdmGCjqVENDA7JzctDW2oaoqCiE\/IOSx9vn+lriMnyVojSzWp1zMzoGijrl5u4OHx9ftaDl5ct5uFZSYhz5UnVVjdorSy6AKbeKMYmfcUYMFHVK7iISFhaqtuupqq5GdtYlFBUVG0evb5aQK6qD2aKqJ1dvjY2Jgbe3t3HUuXAHQ+qULHXkVjXVNbUoLSlFTXUNmkSILFarKrEyMrNx+MhR1SExaGAc5syZpcJnduDtfG6GvXzUJbJtVFFZhT\/+6S84dPiIKpXkHkxyTyy5nrjcMmb0HaPw3HdWqe50XZtA9zUMFHWZDFWhqOrJ\/a+yRPVO7qpeVl6uxpzGJI\/GHSJQcoBXbvTtDPsM\/yMMFNnF2tqKpsYm1Dc0qN4\/OZ9Ptpfkvkz+\/fxhdtKS6QYGikgj9vIRacRAEWnEQBFpxEARacRAEWnEXj6yW3tTNWorynClrA6WdvGGuxcCQsPRv38IApzzucK\/Y6DIPq1NqMg6gqP7dmHNgVw0drjA4h6C4ZNn4545MzBpkDfMcmd443Rnw0CRXdrSP8F7q\/dhdXoHoidOxpwkd2Tv3IrTOe7wSZ6Lp15ZjvGilPJw0kSxDUV2KcjJQH5hI7zCRmPe4lmYNHkGli+ciNHxbSgvTMex8y2wtjrvPZqBIrvU19WhudEKs4cvgqMGIDg4HAOTp2PWooW4f9ZYDPNzhclZ63sCA0V28QsIgq9nOxpLs3HiwFGcOH8ZeW2RGDRxPh68fzamDzTDw915E8Xnocgu\/q4NKCkvwbnzZ3H2wBGcz6tBrasnzF4+6OfjCQ9vE9zFbZqdEkRd0daC+sqruJKTjrPHDuHAiUxcqrCgxRaBpPEz8PALj2ByIODppHUfBors0AZrkwWW1ja0tVlgbahGWUUNqgvSsGPHGRwpCUHcsu\/g5\/fFI8iba0oQfQM5gnsN6Ts2Y\/3qfdh1sQn+sUkYMXYC7pwxHsmDguBTV45LOddQ39auznZGDBR1kazINOHqqT3YtXEjNuw+jZy6DrR1AB02V1HVcYGHmyu8PU3ocHFRZzsjBoq6yE28BiJxRCTiAkpQnXMEW06VoKikHFeOnkZ2wTVUB4diyIgEBLq7wzkrfGxDkV1saKs6h\/1r12Dt+gM43ugFbzno1NoEW\/BojLhrEZ5bmYpEb+cdi2KgyD7tjai6Vozigqu4VtukJsfa3M3w7tcf4ZFRGBQTCE8RJnabE9nB1tGOdqsFraINZXM1wWRyg0m0oZwdA0WkEW8pRBoxUEQaMVBEGjFQRBoxUEQaMVBEGjFQRBoxUEQaMVBEGjFQRBoxUEQaMVBEGjFQRBoxUEQaMVBEGjFQRBoxUEQaMVBEGjFQRBoxUETaAP8FZwfqRJSbCCoAAAAASUVORK5CYII=' alt='' \/><\/span><\/p>\n","protected":false},"excerpt":{"rendered":"<p>Transistor de Pot, RF, Fet, Canal N, 8 W, 7.5 Vcc<\/p>\n","protected":false},"featured_media":62560,"comment_status":"open","ping_status":"closed","template":"","meta":[],"product_brand":[],"product_cat":[1501],"product_tag":[1502,751,547],"class_list":{"0":"post-62561","1":"product","2":"type-product","3":"status-publish","4":"has-post-thumbnail","6":"product_cat-miscelaneo","7":"product_tag-miscelaneo","8":"product_tag-refacciones","9":"product_tag-syscom-parts","11":"first","12":"instock","13":"sale","14":"shipping-taxable","15":"purchasable","16":"product-type-simple"},"_links":{"self":[{"href":"https:\/\/soydeaqui.ddns.net\/pachuca\/index.php\/wp-json\/wp\/v2\/product\/62561","targetHints":{"allow":["GET"]}}],"collection":[{"href":"https:\/\/soydeaqui.ddns.net\/pachuca\/index.php\/wp-json\/wp\/v2\/product"}],"about":[{"href":"https:\/\/soydeaqui.ddns.net\/pachuca\/index.php\/wp-json\/wp\/v2\/types\/product"}],"replies":[{"embeddable":true,"href":"https:\/\/soydeaqui.ddns.net\/pachuca\/index.php\/wp-json\/wp\/v2\/comments?post=62561"}],"wp:featuredmedia":[{"embeddable":true,"href":"https:\/\/soydeaqui.ddns.net\/pachuca\/index.php\/wp-json\/wp\/v2\/media\/62560"}],"wp:attachment":[{"href":"https:\/\/soydeaqui.ddns.net\/pachuca\/index.php\/wp-json\/wp\/v2\/media?parent=62561"}],"wp:term":[{"taxonomy":"product_brand","embeddable":true,"href":"https:\/\/soydeaqui.ddns.net\/pachuca\/index.php\/wp-json\/wp\/v2\/product_brand?post=62561"},{"taxonomy":"product_cat","embeddable":true,"href":"https:\/\/soydeaqui.ddns.net\/pachuca\/index.php\/wp-json\/wp\/v2\/product_cat?post=62561"},{"taxonomy":"product_tag","embeddable":true,"href":"https:\/\/soydeaqui.ddns.net\/pachuca\/index.php\/wp-json\/wp\/v2\/product_tag?post=62561"}],"curies":[{"name":"wp","href":"https:\/\/api.w.org\/{rel}","templated":true}]}}