{"id":62488,"date":"2026-03-19T06:43:49","date_gmt":"2026-03-19T06:43:49","guid":{"rendered":"https:\/\/soydeaqui.ddns.net\/pachuca\/index.php\/producto\/radio-alert-440-490-mhz-50w\/"},"modified":"2026-03-19T06:43:50","modified_gmt":"2026-03-19T06:43:50","slug":"radio-alert-440-490-mhz-50w","status":"publish","type":"product","link":"https:\/\/soydeaqui.ddns.net\/pachuca\/index.php\/producto\/radio-alert-440-490-mhz-50w\/","title":{"rendered":"Radio Alert 440-490 MHz, 50W."},"content":{"rendered":"<div style='width: 100%; max-width: 1200px; margin: 0 auto; font-family: sans-serif; line-height: 1.6; color: inherit; background-color: transparent;'>\n<div style='display: flex; flex-wrap: wrap; gap: 30px; margin-bottom: 30px;'>\n<div style='flex: 1 1 300px; min-width: 280px;'>\n<h3 style='font-size: 22px; border-bottom: 2px solid currentColor; padding-bottom: 5px; margin-top: 0; color: inherit; opacity: 0.8;'>Descripci\u00f3n<\/h3>\n<p style='font-size: 15px; color: inherit; margin-top: 0;'> Pr\u00e1ctico y econ\u00f3mico sistema de alarma por radio con voz grabada ideal para sistemas dom\u00e9sticos&comma; comerciales&comma; rurales e industriales. <\/p>\n<p style='font-size: 15px; color: inherit;'> Bajo cualquier condici\u00f3n anormal&comma; el equipo env\u00eda una se\u00f1al con voz pregrabada anunciando la situaci\u00f3n de alarma v\u00eda radio. Se incluye una bater\u00eda y un cargador que puede estar conectado permanentemente. Es ideal para aquellos usuarios que ya tienen un sistema de radiocomunicaci\u00f3n. <\/p>\n<\/p><\/div>\n<\/p><\/div>\n<div style='display: flex; flex-wrap: wrap; gap: 30px; margin-bottom: 30px;'>\n<div style='flex: 1 1 300px; min-width: 280px;'>\n<h3 style='font-size: 22px; border-bottom: 2px solid currentColor; padding-bottom: 5px; margin-top: 0; color: inherit; opacity: 0.8;'>Funcionamiento<\/h3>\n<ul style='padding-left: 20px; font-size: 15px; color: inherit;'>\n<li style='margin-bottom: 5px;'>El mensaje pregrabado&comma; con duraci\u00f3n de hasta 10 segundos&comma; es repetido cada 60 segundos hasta que sea restablecido de su condici\u00f3n de alarma.<\/li>\n<li style='margin-bottom: 5px;'>Al transmitir espera que el canal est\u00e9 desocupado.<\/li>\n<li style='margin-bottom: 5px;'>Inmune a fallas de energ\u00eda ya que la bater\u00eda interna le da autonom\u00eda por varias horas.<\/li>\n<li style='margin-bottom: 5px;'>Este equipo funciona en forma directa&comma; o a trav\u00e9s de repetidores&comma; propios o comunitarios.<\/li>\n<\/ul><\/div>\n<\/p><\/div>\n<div style='display: flex; flex-wrap: wrap; gap: 20px; margin-bottom: 30px;'>\n<div style='flex: 1 1 250px; border: 1px solid rgba(150&comma; 150&comma; 150&comma; 0.4); border-radius: 8px; overflow: hidden; display: flex; flex-direction: column;'>\n<div style='padding: 15px; border-bottom: 1px solid rgba(150&comma; 150&comma; 150&comma; 0.2); font-weight: bold; font-size: 18px; color: inherit;'>Caracter\u00edsticas Principales<\/div>\n<div style='padding: 15px; color: inherit;'>\n<ul style='padding-left: 20px; margin: 0; font-size: 14px; list-style-type: disc;'>\n<li style='margin-bottom: 5px;'>Controle (y escuche) uno o varios RADIO ALERT desde cualquier radio equipado con botonera (DTMF).<\/li>\n<li style='margin-bottom: 5px;'>Tambi\u00e9n puede ser activado por cualquier se\u00f1al on-off o cualquier pulso.<\/li>\n<\/ul><\/div>\n<\/p><\/div>\n<div style='flex: 1 1 250px; border: 1px solid rgba(150&comma; 150&comma; 150&comma; 0.4); border-radius: 8px; overflow: hidden; display: flex; flex-direction: column;'>\n<div style='padding: 15px; border-bottom: 1px solid rgba(150&comma; 150&comma; 150&comma; 0.2); font-weight: bold; font-size: 18px; color: inherit;'>Observaciones<\/div>\n<div style='padding: 15px; color: inherit;'>\n<ul style='padding-left: 20px; margin: 0; font-size: 14px; list-style-type: disc;'>\n<li style='margin-bottom: 5px;'>Nota: el Radio Alert no incluye sistema de antena. Preferimos que usted elija el cable y antena que requiera la protecci\u00f3n y el \u00e1rea geogr\u00e1fica.<\/li>\n<li style='margin-bottom: 5px;'>Si usted necesita mayor potencia ll\u00e1menos.<\/li>\n<li style='margin-bottom: 5px;'>Instale la antena de su preferencia&comma; desde una peque\u00f1a antena dentro del edificio&comma; hasta una gran antena direccional en lo alto de una torre.<\/li>\n<\/ul><\/div>\n<\/p><\/div>\n<\/p><\/div>\n<div style='display: flex; flex-wrap: wrap; gap: 30px; margin-bottom: 30px;'>\n<div style='flex: 1 1 300px; min-width: 280px;'>\n<h3 style='font-size: 22px; border-bottom: 2px solid currentColor; padding-bottom: 5px; margin-top: 0; color: inherit; opacity: 0.8;'>Aplicaciones<\/h3>\n<ul style='padding-left: 20px; font-size: 15px; color: inherit;'>\n<li style='margin-bottom: 5px;'><strong>Procesos industriales:<\/strong> Instale varios Radio Alert en puntos estrat\u00e9gicos y el personal de mantenimiento escuchar\u00e1 en sus radios oportunamente mensajes hablados de paros de motores&comma; compuertas&comma; fugas&comma; humo&comma; temperatura&comma; etc.<\/li>\n<li style='margin-bottom: 5px;'><strong>Vigilancia:<\/strong> Protecci\u00f3n y seguridad de comercios&comma; bodegas&comma; etc.<\/li>\n<li style='margin-bottom: 5px;'><strong>Telecomunicaciones:<\/strong> Protecci\u00f3n de estaciones repetidoras.<\/li>\n<li style='margin-bottom: 5px;'><strong>Residencial:<\/strong> Respaldo a sistemas telef\u00f3nicos. Tambi\u00e9n \u00e1reas residenciales&comma; donde los vigilantes est\u00e1n equipados con radio.<\/li>\n<\/ul><\/div>\n<\/p><\/div>\n<hr style='border: 0; border-top: 1px solid rgba(150&comma; 150&comma; 150&comma; 0.3); margin: 30px 0;'> <\/div>\n","protected":false},"excerpt":{"rendered":"<p>Radio Alert 440-490 MHz, 50W.<\/p>\n","protected":false},"featured_media":62487,"comment_status":"open","ping_status":"closed","template":"","meta":[],"product_brand":[],"product_cat":[1545],"product_tag":[1546,63,1547],"class_list":{"0":"post-62488","1":"product","2":"type-product","3":"status-publish","4":"has-post-thumbnail","6":"product_cat-voceo-monitoreo-remoto","7":"product_tag-aplicaciones-y-soluciones","8":"product_tag-syscom","9":"product_tag-voceo-monitoreo-remoto","11":"first","12":"outofstock","13":"sale","14":"shipping-taxable","15":"purchasable","16":"product-type-simple"},"_links":{"self":[{"href":"https:\/\/soydeaqui.ddns.net\/pachuca\/index.php\/wp-json\/wp\/v2\/product\/62488","targetHints":{"allow":["GET"]}}],"collection":[{"href":"https:\/\/soydeaqui.ddns.net\/pachuca\/index.php\/wp-json\/wp\/v2\/product"}],"about":[{"href":"https:\/\/soydeaqui.ddns.net\/pachuca\/index.php\/wp-json\/wp\/v2\/types\/product"}],"replies":[{"embeddable":true,"href":"https:\/\/soydeaqui.ddns.net\/pachuca\/index.php\/wp-json\/wp\/v2\/comments?post=62488"}],"wp:featuredmedia":[{"embeddable":true,"href":"https:\/\/soydeaqui.ddns.net\/pachuca\/index.php\/wp-json\/wp\/v2\/media\/62487"}],"wp:attachment":[{"href":"https:\/\/soydeaqui.ddns.net\/pachuca\/index.php\/wp-json\/wp\/v2\/media?parent=62488"}],"wp:term":[{"taxonomy":"product_brand","embeddable":true,"href":"https:\/\/soydeaqui.ddns.net\/pachuca\/index.php\/wp-json\/wp\/v2\/product_brand?post=62488"},{"taxonomy":"product_cat","embeddable":true,"href":"https:\/\/soydeaqui.ddns.net\/pachuca\/index.php\/wp-json\/wp\/v2\/product_cat?post=62488"},{"taxonomy":"product_tag","embeddable":true,"href":"https:\/\/soydeaqui.ddns.net\/pachuca\/index.php\/wp-json\/wp\/v2\/product_tag?post=62488"}],"curies":[{"name":"wp","href":"https:\/\/api.w.org\/{rel}","templated":true}]}}