{"id":62380,"date":"2026-03-19T06:39:35","date_gmt":"2026-03-19T06:39:35","guid":{"rendered":"https:\/\/soydeaqui.ddns.net\/pachuca\/index.php\/producto\/cable-coaxial-rg-broadcast-rg58usys-20-awg-blindaje-de-malla-trenzada-de-cobre-estaado-cusn-96-aislante-de-polietileno-slido\/"},"modified":"2026-03-19T06:39:36","modified_gmt":"2026-03-19T06:39:36","slug":"cable-coaxial-rg-broadcast-rg58usys-20-awg-blindaje-de-malla-trenzada-de-cobre-estaado-cusn-96-aislante-de-polietileno-slido","status":"publish","type":"product","link":"https:\/\/soydeaqui.ddns.net\/pachuca\/index.php\/producto\/cable-coaxial-rg-broadcast-rg58usys-20-awg-blindaje-de-malla-trenzada-de-cobre-estaado-cusn-96-aislante-de-polietileno-slido\/","title":{"rendered":"Cable Coaxial RG Broadcast RG58USYS, 20 AWG, Blindaje de Malla Trenzada de Cobre Esta?ado (CuSn) 96%, Aislante de Polietileno S?lido"},"content":{"rendered":"<div style='width: 100%; max-width: 1200px; margin: 0 auto; font-family: sans-serif; line-height: 1.6; color: inherit; background-color: transparent;'>\n<div style='display: flex; flex-wrap: wrap; gap: 30px; margin-bottom: 30px;'>\n<div style='flex: 1 1 300px; min-width: 280px;'>\n<h3 style='font-size: 22px; border-bottom: 2px solid currentColor; padding-bottom: 5px; margin-top: 0; color: inherit; opacity: 0.8;'>DESCRIPCION<\/h3>\n<p style='font-size: 15px; color: inherit;'>Conductor central de Cobre ( Cu )&comma; aislamiento de polietileno (PE)&comma; blindaje electromagn\u00e9tico contra interferencias&comma; formado por una malla trenzada de cobre esta\u00f1ado ( CuSn )&comma; cubierta exterior de policloruro de vinilo ( PVC ) retardante a la flama.<\/p>\n<\/p><\/div>\n<\/p><\/div>\n<div style='display: flex; flex-wrap: wrap; gap: 30px; margin-bottom: 30px;'>\n<div style='flex: 1 1 300px; min-width: 280px;'>\n<h3 style='font-size: 22px; border-bottom: 2px solid currentColor; padding-bottom: 5px; margin-top: 0; color: inherit; opacity: 0.8;'>APLICACI\u00d3N<\/h3>\n<p style='font-size: 15px; color: inherit;'>Los cables Viakon\u00ae Coaxial RG58 ( S\u00f3lido ) son usados en aplicaciones de radio&comma; para la conexi\u00f3n entre el equipo emisor y antena. Tambien se utiliza en redes computacionales ( Ethernet 10 BASE2 ).<\/p>\n<\/p><\/div>\n<\/p><\/div>\n<div style='display: flex; flex-wrap: wrap; gap: 30px; margin-bottom: 30px;'>\n<div style='flex: 1 1 300px; min-width: 280px;'>\n<h3 style='font-size: 22px; border-bottom: 2px solid currentColor; padding-bottom: 5px; margin-top: 0; color: inherit; opacity: 0.8;'>CARACTERISTICAS ESPECIALES<\/h3>\n<p style='font-size: 15px; color: inherit;'>Aislamiento SFS ( Skin- Foam- Skin )<\/p>\n<p style='font-size: 15px; color: inherit;'>Consiste en aplicar tres capas de diel\u00e9ctrico sobre el conductor central en una sola operaci\u00f3n de fabricaci\u00f3n:<\/p>\n<ul style='padding-left: 20px; font-size: 15px; color: inherit;'>\n<li style='margin-bottom: 5px;'>La primer Capa ( Skin ) est\u00e1 formada por una capa delgada de polietileno s\u00f3lido.<\/li>\n<li style='margin-bottom: 5px;'>La segunda capa ( Foam ) est\u00e1 formada por polietileno espumado a trav\u00e9s de inyecci\u00f3n de nitr\u00f3geno aplicada sobre la primer capa.<\/li>\n<li style='margin-bottom: 5px;'>La tercer capa ( Skin ) est\u00e1 formada por una capa delgada de polietileno s\u00f3lido aplicada sobre la segunda capa.<\/li>\n<\/ul><\/div>\n<\/p><\/div>\n<div style='display: flex; flex-wrap: wrap; gap: 20px; margin-bottom: 30px;'>\n<div style='flex: 1 1 250px; border: 1px solid rgba(150&comma; 150&comma; 150&comma; 0.4); border-radius: 8px; overflow: hidden; display: flex; flex-direction: column;'>\n<div style='padding: 15px; border-bottom: 1px solid rgba(150&comma; 150&comma; 150&comma; 0.2); font-weight: bold; font-size: 18px; color: inherit;'>Conductor<\/div>\n<div style='padding: 15px; color: inherit;'>\n<ul style='padding-left: 20px; margin: 0; font-size: 14px; list-style-type: disc;'>\n<li style='margin-bottom: 5px;'><strong>N\u00famero de conductores:<\/strong> 1<\/li>\n<li style='margin-bottom: 5px;'><strong>Material:<\/strong> Acero revestido de Cobre ( CCS )<\/li>\n<li style='margin-bottom: 5px;'><strong>Calibre:<\/strong> 20 AWG<\/li>\n<li style='margin-bottom: 5px;'><strong>Di\u00e1metro externo nominal:<\/strong> 0.032&#8242;<\/li>\n<\/ul><\/div>\n<\/p><\/div>\n<div style='flex: 1 1 250px; border: 1px solid rgba(150&comma; 150&comma; 150&comma; 0.4); border-radius: 8px; overflow: hidden; display: flex; flex-direction: column;'>\n<div style='padding: 15px; border-bottom: 1px solid rgba(150&comma; 150&comma; 150&comma; 0.2); font-weight: bold; font-size: 18px; color: inherit;'>Aislamiento<\/div>\n<div style='padding: 15px; color: inherit;'>\n<ul style='padding-left: 20px; margin: 0; font-size: 14px; list-style-type: disc;'>\n<li style='margin-bottom: 5px;'><strong>Material:<\/strong> Polietileno ( PE )<\/li>\n<li style='margin-bottom: 5px;'><strong>Diametro externo Nominal:<\/strong> 0.198 &#8216;<\/li>\n<li style='margin-bottom: 5px;'><strong>Color:<\/strong> Negro.<\/li>\n<\/ul><\/div>\n<\/p><\/div>\n<\/p><\/div>\n<div style='display: flex; flex-wrap: wrap; gap: 20px; margin-bottom: 30px;'>\n<div style='flex: 1 1 250px; border: 1px solid rgba(150&comma; 150&comma; 150&comma; 0.4); border-radius: 8px; overflow: hidden; display: flex; flex-direction: column;'>\n<div style='padding: 15px; border-bottom: 1px solid rgba(150&comma; 150&comma; 150&comma; 0.2); font-weight: bold; font-size: 18px; color: inherit;'>Especificaciones<\/div>\n<div style='padding: 15px; color: inherit;'>\n<ul style='padding-left: 20px; margin: 0; font-size: 14px; list-style-type: disc;'>\n<li style='margin-bottom: 5px;'>UL 444<\/li>\n<\/ul><\/div>\n<\/p><\/div>\n<div style='flex: 1 1 250px; border: 1px solid rgba(150&comma; 150&comma; 150&comma; 0.4); border-radius: 8px; overflow: hidden; display: flex; flex-direction: column;'>\n<div style='padding: 15px; border-bottom: 1px solid rgba(150&comma; 150&comma; 150&comma; 0.2); font-weight: bold; font-size: 18px; color: inherit;'>Aplicaci\u00f3n<\/div>\n<div style='padding: 15px; color: inherit;'>\n<ul style='padding-left: 20px; margin: 0; font-size: 14px; list-style-type: disc;'>\n<li style='margin-bottom: 5px;'>Cable para comunicaciones<\/li>\n<li style='margin-bottom: 5px;'>NEC Articulo 820<\/li>\n<li style='margin-bottom: 5px;'>Antena Comunitaria de TV y sistemas de distribuci\u00f3n de radio.<\/li>\n<\/ul><\/div>\n<\/p><\/div>\n<\/p><\/div>\n<div style='display: flex; flex-wrap: wrap; gap: 30px; margin-bottom: 30px;'>\n<div style='flex: 1 1 300px; min-width: 280px;'>\n<p style='font-size: 15px; color: inherit;'><strong>*Precio por metro.<\/strong><\/p>\n<\/p><\/div>\n<\/p><\/div>\n<hr style='border: 0; border-top: 1px solid rgba(150&comma; 150&comma; 150&comma; 0.3); margin: 30px 0;'> <\/div>\n","protected":false},"excerpt":{"rendered":"<p>Cable Coaxial RG Broadcast RG58USYS, 20 AWG, Blindaje de Malla Trenzada de Cobre Esta?ado (CuSn) 96%, Aislante de Polietileno S?lido<\/p>\n","protected":false},"featured_media":62379,"comment_status":"open","ping_status":"closed","template":"","meta":[],"product_brand":[],"product_cat":[1558],"product_tag":[138,1559,242],"class_list":{"0":"post-62380","1":"product","2":"type-product","3":"status-publish","4":"has-post-thumbnail","6":"product_cat-coaxiales","7":"product_tag-cables","8":"product_tag-coaxiales","9":"product_tag-viakon","11":"first","12":"instock","13":"sale","14":"shipping-taxable","15":"purchasable","16":"product-type-simple"},"_links":{"self":[{"href":"https:\/\/soydeaqui.ddns.net\/pachuca\/index.php\/wp-json\/wp\/v2\/product\/62380","targetHints":{"allow":["GET"]}}],"collection":[{"href":"https:\/\/soydeaqui.ddns.net\/pachuca\/index.php\/wp-json\/wp\/v2\/product"}],"about":[{"href":"https:\/\/soydeaqui.ddns.net\/pachuca\/index.php\/wp-json\/wp\/v2\/types\/product"}],"replies":[{"embeddable":true,"href":"https:\/\/soydeaqui.ddns.net\/pachuca\/index.php\/wp-json\/wp\/v2\/comments?post=62380"}],"wp:featuredmedia":[{"embeddable":true,"href":"https:\/\/soydeaqui.ddns.net\/pachuca\/index.php\/wp-json\/wp\/v2\/media\/62379"}],"wp:attachment":[{"href":"https:\/\/soydeaqui.ddns.net\/pachuca\/index.php\/wp-json\/wp\/v2\/media?parent=62380"}],"wp:term":[{"taxonomy":"product_brand","embeddable":true,"href":"https:\/\/soydeaqui.ddns.net\/pachuca\/index.php\/wp-json\/wp\/v2\/product_brand?post=62380"},{"taxonomy":"product_cat","embeddable":true,"href":"https:\/\/soydeaqui.ddns.net\/pachuca\/index.php\/wp-json\/wp\/v2\/product_cat?post=62380"},{"taxonomy":"product_tag","embeddable":true,"href":"https:\/\/soydeaqui.ddns.net\/pachuca\/index.php\/wp-json\/wp\/v2\/product_tag?post=62380"}],"curies":[{"name":"wp","href":"https:\/\/api.w.org\/{rel}","templated":true}]}}