{"id":621,"date":"2026-03-18T05:41:44","date_gmt":"2026-03-18T05:41:44","guid":{"rendered":"https:\/\/soydeaqui.ddns.net\/pachuca\/index.php\/producto\/accurance-ov-102-sistema-anti-seguimiento-con-tecnologia-avanzada-de-reconocimiento-de-humanos-y-capacidad-para-determinar-la-direccion-para-uso-en-multiples-aplicaciones-donde-se-necesita-proteg-2\/"},"modified":"2026-03-18T05:41:44","modified_gmt":"2026-03-18T05:41:44","slug":"accurance-ov-102-sistema-anti-seguimiento-con-tecnologia-avanzada-de-reconocimiento-de-humanos-y-capacidad-para-determinar-la-direccion-para-uso-en-multiples-aplicaciones-donde-se-necesita-proteg-2","status":"publish","type":"product","link":"https:\/\/soydeaqui.ddns.net\/pachuca\/index.php\/producto\/accurance-ov-102-sistema-anti-seguimiento-con-tecnologia-avanzada-de-reconocimiento-de-humanos-y-capacidad-para-determinar-la-direccion-para-uso-en-multiples-aplicaciones-donde-se-necesita-proteg-2\/","title":{"rendered":"Accurance OV-102   \/ sistema anti-seguimiento con tecnolog\u00eda avanzada de reconocimiento de humanos y capacidad para determinar la direcci\u00f3n, para uso en m\u00faltiples aplicaciones donde se necesita proteger el acceso a un \u00e1rea de s"},"content":{"rendered":"<div style='width: 100%; max-width: 1200px; margin: 0 auto; font-family: sans-serif; line-height: 1.6; color: inherit; background-color: transparent;'>\n<div style='margin-bottom: 30px;'>\n<h2 style='font-size: 24px; border-bottom: 2px solid currentColor; padding-bottom: 8px; margin-top: 0; margin-bottom: 15px; color: inherit; opacity: 0.8;'>Detalles del producto<\/h2>\n<p style='margin-bottom: 15px; color: inherit;'>Accurance OV-102 es un sistema anti-seguimiento con tecnolog\u00eda avanzada de reconocimiento de humanos y capacidad para determinar la direcci\u00f3n&comma; para uso en m\u00faltiples aplicaciones donde se necesita proteger el acceso a un \u00e1rea de seguridad.<\/p>\n<p style='margin-bottom: 15px; color: inherit;'>El sensor proporciona varios niveles de acci\u00f3n en caso de seguimiento&comma; incluyendo &#8216;alerta \/ impedimento de acceso&#8217;&comma; &#8216;impedimento de acceso \/ prevenci\u00f3n &#8216; y &#8216;prevenci\u00f3n&#8217;&comma; seg\u00fan los niveles de seguridad que los clientes exigen y la situaci\u00f3n. El sistema ofrece varias funciones avanzadas&comma; incluida la funci\u00f3n de acompa\u00f1amiento que permite la entrada de un visitante que no tiene las credenciales autorizadas necesarias para ingresar al \u00e1rea de seguridad.<\/p>\n<p style='margin-bottom: 15px; color: inherit;'>El sistema incluye una unidad de detecci\u00f3n OV-102S (E)<\/p>\n<p style='margin-bottom: 15px; color: inherit;'>Nota: Requiere modelo OV102CB (Control Box) para su funcionamiento.<\/p>\n<p style='margin-bottom: 15px; color: inherit;'><span style='background-color: #e74c3c; font-size: 14pt;'><strong>Todo proyecto debe ser evaluado y autorizado previamente por fabrica&comma; favor de compartir informaci\u00f3n del proyecto con ingeneir\u00eda de producto y OPTEX <\/strong><\/span><\/p>\n<\/p><\/div>\n<div style='margin-bottom: 30px;'>\n<h2 style='font-size: 24px; border-bottom: 2px solid currentColor; padding-bottom: 8px; margin-top: 0; margin-bottom: 15px; color: inherit; opacity: 0.8;'>Aplicaciones<\/h2>\n<p style='margin-bottom: 15px; color: inherit;'>Entrada de persona no autorizada detr\u00e1s de la persona autorizada: Genera salida de alarma cuando una persona no autorizada sigue a una persona autorizada y pasa la l\u00ednea de detecci\u00f3n A (l\u00ednea rosa) -> l\u00ednea de detecci\u00f3n B (l\u00ednea azul).<\/p>\n<div style='position: relative; width: 100%; max-width: 800px; margin: 15px auto;'> <img style='width: 100%; height: auto; border: 1px solid rgba(150&comma;150&comma;150&comma;0.3); border-radius: 8px;' src='https:\/\/s3-eu-west-1.amazonaws.com\/optex-europe\/uploads\/_1200xAUTO_fit_center-center_none\/optex-ov-102-tailgating-scenario.png' alt='Optex ov 102 tailgating scenario'> <\/div>\n<h3 style='font-size: 20px; margin-top: 25px; margin-bottom: 15px; color: inherit; opacity: 0.8;'>Entrada cruzada: Genera salida de alarma al detectar a una persona no autorizada accediendo cuando cuando sale una persona autorizada.<\/h3>\n<div style='position: relative; width: 100%; max-width: 800px; margin: 15px auto;'> <img style='width: 100%; height: auto; border: 1px solid rgba(150&comma;150&comma;150&comma;0.3); border-radius: 8px;' src='https:\/\/s3-eu-west-1.amazonaws.com\/optex-europe\/uploads\/_1200xAUTO_fit_center-center_none\/optex-ov-102-cross-entry-scenario.png' alt='Optex ov 102 cross entry scenario'> <\/div>\n<h3 style='font-size: 20px; margin-top: 25px; margin-bottom: 15px; color: inherit; opacity: 0.8;'>Detecci\u00f3n m\u00faltiple: Genere salida de alarma cuando detecta que hay varias personas en el \u00e1rea de detecci\u00f3n.<\/h3>\n<div style='position: relative; width: 100%; max-width: 800px; margin: 15px auto;'> <img style='width: 100%; height: auto; border: 1px solid rgba(150&comma;150&comma;150&comma;0.3); border-radius: 8px;' src='https:\/\/s3-eu-west-1.amazonaws.com\/optex-europe\/uploads\/_1200xAUTO_fit_center-center_none\/optex-ov-102-multiple-detection-scenario.png' alt='Optex ov 102 multiple detection scenario'> <\/div>\n<\/p><\/div>\n<div style='margin-bottom: 30px;'>\n<h2 style='font-size: 24px; border-bottom: 2px solid currentColor; padding-bottom: 8px; margin-top: 0; margin-bottom: 15px; color: inherit; opacity: 0.8;'>Caracter\u00edsticas<\/h2>\n<p style='margin-bottom: 15px; color: inherit;'>La serie OV-102 dispone de configuraciones de \u00e1rea altamente flexibles para adaptarse a todo tipo de espacios&comma; distintos tipos de puertas e iluminaci\u00f3n. Tiene adem\u00e1s una funci\u00f3n de &#8216;cancelaci\u00f3n de puerta&#8217;&comma; que permite dise\u00f1ar un sistema de seguridad sin restricciones.<\/p>\n<ul style='padding-left: 20px; margin-bottom: 15px; color: inherit;'>\n<li style='margin-bottom: 8px;'><strong>Funci\u00f3n de cancelaci\u00f3n de puerta: <\/strong>Ignora el movimiento de la puerta en el lado de instalaci\u00f3n de la unidad de detecci\u00f3n.<\/li>\n<li style='margin-bottom: 8px;'><strong>Posibilidad de instalar en puerta ya instalada<\/strong><\/li>\n<li style='margin-bottom: 8px;'><strong>Capacidad de ajuste del \u00e1rea de detecci\u00f3n: <\/strong>El \u00e1rea de detecci\u00f3n se puede ajustar despu\u00e9s de la instalaci\u00f3n de la unidad de detecci\u00f3n.<\/li>\n<li style='margin-bottom: 8px;'><strong>Capacidad de ajuste de la sensibilidad: <\/strong>La sensibilidad se puede ajustar despu\u00e9s de la instalaci\u00f3n<\/li>\n<\/ul>\n<div style='position: relative; width: 100%; max-width: 800px; margin: 15px auto;'> <img style='width: 100%; height: auto; border: 1px solid rgba(150&comma;150&comma;150&comma;0.3); border-radius: 8px;' src='https:\/\/s3-eu-west-1.amazonaws.com\/optex-europe\/sensor-downloads\/optex-ov-102-specifications-en.JPG' alt=''> <\/div>\n<\/p><\/div>\n<\/p><\/div>\n","protected":false},"excerpt":{"rendered":"<p>Accurance OV-102   \/ sistema anti-seguimiento con tecnolog\u00eda avanzada de reconocimiento de humanos y capacidad para determinar la direcci\u00f3n, para uso en m\u00faltiples aplicaciones donde se necesita proteger el acceso a un \u00e1rea de s<\/p>\n","protected":false},"featured_media":620,"comment_status":"open","ping_status":"closed","template":"","meta":[],"product_brand":[],"product_cat":[226],"product_tag":[106,104,227],"class_list":{"0":"post-621","1":"product","2":"type-product","3":"status-publish","4":"has-post-thumbnail","6":"product_cat-sensores-de-movimiento-para-exterior","7":"product_tag-optex","8":"product_tag-proteccion-perimetral","9":"product_tag-sensores-de-movimiento-para-exterior","11":"first","12":"outofstock","13":"sale","14":"shipping-taxable","15":"purchasable","16":"product-type-simple"},"_links":{"self":[{"href":"https:\/\/soydeaqui.ddns.net\/pachuca\/index.php\/wp-json\/wp\/v2\/product\/621","targetHints":{"allow":["GET"]}}],"collection":[{"href":"https:\/\/soydeaqui.ddns.net\/pachuca\/index.php\/wp-json\/wp\/v2\/product"}],"about":[{"href":"https:\/\/soydeaqui.ddns.net\/pachuca\/index.php\/wp-json\/wp\/v2\/types\/product"}],"replies":[{"embeddable":true,"href":"https:\/\/soydeaqui.ddns.net\/pachuca\/index.php\/wp-json\/wp\/v2\/comments?post=621"}],"wp:featuredmedia":[{"embeddable":true,"href":"https:\/\/soydeaqui.ddns.net\/pachuca\/index.php\/wp-json\/wp\/v2\/media\/620"}],"wp:attachment":[{"href":"https:\/\/soydeaqui.ddns.net\/pachuca\/index.php\/wp-json\/wp\/v2\/media?parent=621"}],"wp:term":[{"taxonomy":"product_brand","embeddable":true,"href":"https:\/\/soydeaqui.ddns.net\/pachuca\/index.php\/wp-json\/wp\/v2\/product_brand?post=621"},{"taxonomy":"product_cat","embeddable":true,"href":"https:\/\/soydeaqui.ddns.net\/pachuca\/index.php\/wp-json\/wp\/v2\/product_cat?post=621"},{"taxonomy":"product_tag","embeddable":true,"href":"https:\/\/soydeaqui.ddns.net\/pachuca\/index.php\/wp-json\/wp\/v2\/product_tag?post=621"}],"curies":[{"name":"wp","href":"https:\/\/api.w.org\/{rel}","templated":true}]}}