{"id":61778,"date":"2026-03-19T06:17:51","date_gmt":"2026-03-19T06:17:51","guid":{"rendered":"https:\/\/soydeaqui.ddns.net\/pachuca\/index.php\/producto\/cyrix-ct-12-24-v-120-a-combinador-inteligente-de-baterias-en-vehiculos-y-embarcaciones\/"},"modified":"2026-03-19T06:18:06","modified_gmt":"2026-03-19T06:18:06","slug":"cyrix-ct-12-24-v-120-a-combinador-inteligente-de-baterias-en-vehiculos-y-embarcaciones","status":"publish","type":"product","link":"https:\/\/soydeaqui.ddns.net\/pachuca\/index.php\/producto\/cyrix-ct-12-24-v-120-a-combinador-inteligente-de-baterias-en-vehiculos-y-embarcaciones\/","title":{"rendered":"Cyrix-CT 12\/24 V 120 A \/ Combinador Inteligente de Bater\u00edas en Veh\u00edculos y Embarcaciones"},"content":{"rendered":"<div style='width: 100%; max-width: 1200px; margin: 0 auto; font-family: sans-serif; line-height: 1.6; color: inherit; background-color: transparent;'>\n<div style='display: flex; flex-wrap: wrap; gap: 30px; margin-bottom: 30px;'>\n<div style='flex: 1 1 300px; min-width: 280px;'>\n<h3 style='font-size: 22px; border-bottom: 2px solid currentColor; padding-bottom: 5px; margin-top: 0; color: inherit; opacity: 0.8;'>Control Inteligente de la bater\u00eda<\/h3>\n<p style='font-size: 15px; color: inherit;'>Evita conmutaciones indeseadas mediante un software avanzado que analiza tendencias de tensi\u00f3n y solo invierte acciones si la tendencia cambia durante un periodo determinado.<\/p>\n<\/p><\/div>\n<div style='flex: 1 1 300px; min-width: 280px;'>\n<h3 style='font-size: 22px; border-bottom: 2px solid currentColor; padding-bottom: 5px; margin-top: 0; color: inherit; opacity: 0.8;'>Conexi\u00f3n de m\u00faltiples cables<\/h3>\n<ul style='padding-left: 20px; font-size: 15px; color: inherit;'>\n<li style='margin-bottom: 5px;'>Pernos largos para conectar m\u00e1s de un cable de alimentaci\u00f3n<\/li>\n<li style='margin-bottom: 5px;'>Tama\u00f1o de perno: 13mm (M6) para Cyrix 12\/24 &#8211; 120<\/li>\n<\/ul><\/div>\n<div style='flex: 1 1 300px; min-width: 280px;'>\n<h3 style='font-size: 22px; border-bottom: 2px solid currentColor; padding-bottom: 5px; margin-top: 0; color: inherit; opacity: 0.8;'>Protecci\u00f3n integrada<\/h3>\n<ul style='padding-left: 20px; font-size: 15px; color: inherit;'>\n<li style='margin-bottom: 5px;'>Protecci\u00f3n contra sobrecalentamiento<\/li>\n<li style='margin-bottom: 5px;'>Desactivaci\u00f3n autom\u00e1tica con temperatura de contacto excesiva<\/li>\n<li>Vuelve a activarse al enfriarse<\/li>\n<\/ul><\/div>\n<\/p><\/div>\n<div style='display: flex; flex-wrap: wrap; gap: 30px; margin-bottom: 30px;'>\n<div style='flex: 1 1 300px; min-width: 280px;'>\n<h3 style='font-size: 22px; border-bottom: 2px solid currentColor; padding-bottom: 5px; margin-top: 0; color: inherit; opacity: 0.8;'>Detecci\u00f3n autom\u00e1tica de tensi\u00f3n<\/h3>\n<ul style='padding-left: 20px; font-size: 15px; color: inherit;'>\n<li style='margin-bottom: 5px;'>Sistema 12\/24V autorregulado<\/li>\n<li style='margin-bottom: 5px;'>Detecci\u00f3n autom\u00e1tica de la tensi\u00f3n del sistema<\/li>\n<li>Sin p\u00e9rdida de tensi\u00f3n significativa<\/li>\n<\/ul><\/div>\n<div style='flex: 1 1 300px; min-width: 280px;'>\n<h3 style='font-size: 22px; border-bottom: 2px solid currentColor; padding-bottom: 5px; margin-top: 0; color: inherit; opacity: 0.8;'>Funcionamiento en sistemas de bater\u00edas<\/h3>\n<ul style='padding-left: 20px; font-size: 15px; color: inherit;'>\n<li style='margin-bottom: 5px;'>Prioridad a la bater\u00eda de arranque<\/li>\n<li style='margin-bottom: 5px;'>Carga en paralelo de otras bater\u00edas cuando la de arranque alcanza la tensi\u00f3n de conexi\u00f3n<\/li>\n<li style='margin-bottom: 5px;'>Sensor de tensi\u00f3n en ambas bater\u00edas<\/li>\n<li style='margin-bottom: 5px;'>Alimentaci\u00f3n bidireccional<\/li>\n<li>Desconexi\u00f3n autom\u00e1tica con tensi\u00f3n de bater\u00eda muy baja<\/li>\n<\/ul><\/div>\n<div style='flex: 1 1 300px; min-width: 280px;'>\n<h3 style='font-size: 22px; border-bottom: 2px solid currentColor; padding-bottom: 5px; margin-top: 0; color: inherit; opacity: 0.8;'>Funci\u00f3n StartAssist<\/h3>\n<ul style='padding-left: 20px; font-size: 15px; color: inherit;'>\n<li style='margin-bottom: 5px;'>Activaci\u00f3n mediante pulsador o interruptor<\/li>\n<li style='margin-bottom: 5px;'>Conexi\u00f3n manual en paralelo de bater\u00edas<\/li>\n<li>\u00datil en situaciones de emergencia con bater\u00eda de arranque descargada o da\u00f1ada<\/li>\n<\/ul><\/div>\n<\/p><\/div>\n<div style='display: flex; flex-wrap: wrap; gap: 30px; margin-bottom: 30px;'>\n<div style='flex: 1 1 300px; min-width: 280px;'>\n<h3 style='font-size: 22px; border-bottom: 2px solid currentColor; padding-bottom: 5px; margin-top: 0; color: inherit; opacity: 0.8;'>Ventajas frente a puentes de diodo<\/h3>\n<ul style='padding-left: 20px; font-size: 15px; color: inherit;'>\n<li style='margin-bottom: 5px;'>Sustituye a los puentes de diodo<\/li>\n<li style='margin-bottom: 5px;'>Pr\u00e1cticamente sin p\u00e9rdida de tensi\u00f3n<\/li>\n<li>No se requiere incrementar la tensi\u00f3n de salida de alternadores o cargadores<\/li>\n<\/ul><\/div>\n<\/p><\/div>\n<\/p><\/div>\n","protected":false},"excerpt":{"rendered":"<p>Cyrix-CT 12\/24 V 120 A \/ Combinador Inteligente de Bater\u00edas en Veh\u00edculos y Embarcaciones<\/p>\n","protected":false},"featured_media":61777,"comment_status":"open","ping_status":"closed","template":"","meta":[],"product_brand":[],"product_cat":[1171],"product_tag":[1173,1172,1174],"class_list":{"0":"post-61778","1":"product","2":"type-product","3":"status-publish","4":"has-post-thumbnail","6":"product_cat-fuentes-cargadores","7":"product_tag-fuentes-cargadores","8":"product_tag-soluciones-marinas","9":"product_tag-victron-energy","11":"first","12":"outofstock","13":"sale","14":"shipping-taxable","15":"purchasable","16":"product-type-simple"},"_links":{"self":[{"href":"https:\/\/soydeaqui.ddns.net\/pachuca\/index.php\/wp-json\/wp\/v2\/product\/61778","targetHints":{"allow":["GET"]}}],"collection":[{"href":"https:\/\/soydeaqui.ddns.net\/pachuca\/index.php\/wp-json\/wp\/v2\/product"}],"about":[{"href":"https:\/\/soydeaqui.ddns.net\/pachuca\/index.php\/wp-json\/wp\/v2\/types\/product"}],"replies":[{"embeddable":true,"href":"https:\/\/soydeaqui.ddns.net\/pachuca\/index.php\/wp-json\/wp\/v2\/comments?post=61778"}],"wp:featuredmedia":[{"embeddable":true,"href":"https:\/\/soydeaqui.ddns.net\/pachuca\/index.php\/wp-json\/wp\/v2\/media\/61777"}],"wp:attachment":[{"href":"https:\/\/soydeaqui.ddns.net\/pachuca\/index.php\/wp-json\/wp\/v2\/media?parent=61778"}],"wp:term":[{"taxonomy":"product_brand","embeddable":true,"href":"https:\/\/soydeaqui.ddns.net\/pachuca\/index.php\/wp-json\/wp\/v2\/product_brand?post=61778"},{"taxonomy":"product_cat","embeddable":true,"href":"https:\/\/soydeaqui.ddns.net\/pachuca\/index.php\/wp-json\/wp\/v2\/product_cat?post=61778"},{"taxonomy":"product_tag","embeddable":true,"href":"https:\/\/soydeaqui.ddns.net\/pachuca\/index.php\/wp-json\/wp\/v2\/product_tag?post=61778"}],"curies":[{"name":"wp","href":"https:\/\/api.w.org\/{rel}","templated":true}]}}