{"id":61715,"date":"2026-03-19T06:15:54","date_gmt":"2026-03-19T06:15:54","guid":{"rendered":"https:\/\/soydeaqui.ddns.net\/pachuca\/index.php\/producto\/gabinete-de-seguridad-de-lamina-galvanizada-para-almacenamiento-de-baterias-hasta-6-baterias-pl110d12\/"},"modified":"2026-03-19T06:16:05","modified_gmt":"2026-03-19T06:16:05","slug":"gabinete-de-seguridad-de-lamina-galvanizada-para-almacenamiento-de-baterias-hasta-6-baterias-pl110d12","status":"publish","type":"product","link":"https:\/\/soydeaqui.ddns.net\/pachuca\/index.php\/producto\/gabinete-de-seguridad-de-lamina-galvanizada-para-almacenamiento-de-baterias-hasta-6-baterias-pl110d12\/","title":{"rendered":"Gabinete de Seguridad de L\u00e1mina Galvanizada  para Almacenamiento de Bater\u00edas (Hasta 6 bater\u00edas PL110D12)."},"content":{"rendered":"<div style=\"width: 100%; max-width: 1200px; margin: 0 auto; font-family: sans-serif; line-height: 1.6; color: inherit; background-color: transparent;\">\n<div style=\"display: flex; flex-wrap: wrap; gap: 30px; margin-bottom: 30px;\">\n<div style=\"flex: 1 1 300px; min-width: 280px;\">\n<div style=\"margin-bottom: 30px;\"><a style=\"text-decoration: none;\" href=\"http:\/\/ftp3.syscom.mx\/usuarios\/dcarreon\/IMPRESOS\/EPCOMindustrialFAMILIA.pdf\" target=\"_new\"> <img decoding=\"async\" style=\"width: 100%; max-width: 400px; height: auto; border: 1px solid rgba(150&comma;150&comma;150&comma;0.3); border-radius: 8px;\" src=\"http:\/\/ftp3.syscom.mx\/usuarios\/dcarreon\/IMPRESOS\/LOGO_epcom%20industrial.jpg\" alt=\"Pasteles\" \/> <\/a><\/div>\n<h3 style=\"font-size: 22px; border-bottom: 2px solid currentColor; padding-bottom: 5px; margin-top: 0; color: inherit; opacity: 0.8;\">Caracter&iacute;sticas Funcionales<\/h3>\n<ul style=\"padding-left: 20px; font-size: 15px; color: inherit;\">\n<li style=\"margin-bottom: 5px;\">Gabinete para resguardo de bater&iacute;as (Hasta 6 PL110D12)<\/li>\n<li style=\"margin-bottom: 5px;\">Incluye Mesa interior para resguardo de equipo pesado<\/li>\n<li style=\"margin-bottom: 5px;\">El gabinete cierra con ayuda de dos candados (instalaci&oacute;n desde dentro del gabinete)<\/li>\n<\/ul>\n<h3 style=\"font-size: 22px; border-bottom: 2px solid currentColor; padding-bottom: 5px; margin-top: 30px; color: inherit; opacity: 0.8;\">Aplicaci&oacute;n<\/h3>\n<ul style=\"padding-left: 20px; font-size: 15px; color: inherit;\">\n<li style=\"margin-bottom: 5px;\">Equipo de radiocomunicaci&oacute;n como repetidoras y fuentes<\/li>\n<li style=\"margin-bottom: 5px;\">Aplicaciones solares para resguardo de banco de bater&iacute;as<\/li>\n<li style=\"margin-bottom: 5px;\">Resguardo de bienes como herramientas y componentes el&eacute;ctricos<\/li>\n<\/ul>\n<h3 style=\"font-size: 22px; border-bottom: 2px solid currentColor; padding-bottom: 5px; margin-top: 30px; color: inherit; opacity: 0.8;\">Caracter&iacute;sticas F&iacute;sicas<\/h3>\n<ul style=\"padding-left: 20px; font-size: 15px; color: inherit;\">\n<li style=\"margin-bottom: 5px;\"><strong>Aplicaci&oacute;n:<\/strong> Exterior<\/li>\n<li style=\"margin-bottom: 5px;\"><strong>Material:<\/strong> L&aacute;mina de acero Galvanizada con pintura electrost&aacute;tica<\/li>\n<li style=\"margin-bottom: 5px;\"><strong>Unidades Rack:<\/strong> N\/A<\/li>\n<li style=\"margin-bottom: 5px;\"><strong>Peso:<\/strong> 52 Kg<\/li>\n<li style=\"margin-bottom: 5px;\"><strong>Dimensiones exteriores:<\/strong> 775 x 755 x 558 mm (Ancho x Alto x Profundidad)<\/li>\n<\/ul>\n<h3 style=\"font-size: 22px; border-bottom: 2px solid currentColor; padding-bottom: 5px; margin-top: 30px; color: inherit; opacity: 0.8;\">Pintura<\/h3>\n<ul style=\"padding-left: 20px; font-size: 15px; color: inherit;\">\n<li style=\"margin-bottom: 5px;\"><strong>Color:<\/strong> Beige tonalidad semi-Brillante<\/li>\n<li style=\"margin-bottom: 5px;\">Aplicada por proceso electrost&aacute;tico horneado de 5 pasos: Desengrasado&comma; enjuague&comma; fosfato de Hierro&comma; enjuague y sellado<\/li>\n<li style=\"margin-bottom: 5px;\">Pintura Base Poliester<\/li>\n<\/ul>\n<h3 style=\"font-size: 22px; border-bottom: 2px solid currentColor; padding-bottom: 5px; margin-top: 30px; color: inherit; opacity: 0.8;\">Recomendaciones<\/h3>\n<ul style=\"padding-left: 20px; font-size: 15px; color: inherit;\">\n<li style=\"margin-bottom: 5px;\">Aseg&uacute;rese de que la instalaci&oacute;n sea realizada por un profesional capacitado<\/li>\n<li style=\"margin-bottom: 5px;\">Peri&oacute;dicamente revise que la torniller&iacute;a este correctamente ajustada<\/li>\n<li style=\"margin-bottom: 5px;\">Programe un plan de mantenimiento para eliminar exceso de polvo y suciedad en el equipo<\/li>\n<\/ul>\n<h3 style=\"font-size: 22px; border-bottom: 2px solid currentColor; padding-bottom: 5px; margin-top: 30px; color: inherit; opacity: 0.8;\">Instalaci&oacute;n de bater&iacute;as en gabinete<\/h3>\n<p style=\"margin-top: 20px; margin-bottom: 20px;\">(se retira puerta para f&aacute;cil visualizaci&oacute;n)<\/p>\n<p> <img decoding=\"async\" style=\"width: 100%; height: auto; border: 1px solid rgba(150&comma;150&comma;150&comma;0.3); border-radius: 8px;\" src=\"http:\/\/ftp3.syscom.mx\/usuarios\/dcarreon\/EPCOM%20INDUSTRIAL\/PRODUCTOS2\/SYG160\/SYG160%20(11).jpg\" alt=\"\" \/><\/div>\n<\/p><\/div>\n<\/p><\/div>\n","protected":false},"excerpt":{"rendered":"<p>Gabinete de Seguridad de L\u00e1mina Galvanizada  para Almacenamiento de Bater\u00edas (Hasta 6 bater\u00edas PL110D12).<\/p>\n","protected":false},"featured_media":61714,"comment_status":"open","ping_status":"closed","template":"","meta":[],"product_brand":[],"product_cat":[678],"product_tag":[181,679,605],"class_list":{"0":"post-61715","1":"product","2":"type-product","3":"status-publish","4":"has-post-thumbnail","6":"product_cat-gabinetes-uso-multiple","7":"product_tag-epcom-industrial","8":"product_tag-gabinetes-uso-multiple","9":"product_tag-racks-y-gabinetes","11":"first","12":"instock","13":"sale","14":"shipping-taxable","15":"purchasable","16":"product-type-simple"},"_links":{"self":[{"href":"https:\/\/soydeaqui.ddns.net\/pachuca\/index.php\/wp-json\/wp\/v2\/product\/61715","targetHints":{"allow":["GET"]}}],"collection":[{"href":"https:\/\/soydeaqui.ddns.net\/pachuca\/index.php\/wp-json\/wp\/v2\/product"}],"about":[{"href":"https:\/\/soydeaqui.ddns.net\/pachuca\/index.php\/wp-json\/wp\/v2\/types\/product"}],"replies":[{"embeddable":true,"href":"https:\/\/soydeaqui.ddns.net\/pachuca\/index.php\/wp-json\/wp\/v2\/comments?post=61715"}],"wp:featuredmedia":[{"embeddable":true,"href":"https:\/\/soydeaqui.ddns.net\/pachuca\/index.php\/wp-json\/wp\/v2\/media\/61714"}],"wp:attachment":[{"href":"https:\/\/soydeaqui.ddns.net\/pachuca\/index.php\/wp-json\/wp\/v2\/media?parent=61715"}],"wp:term":[{"taxonomy":"product_brand","embeddable":true,"href":"https:\/\/soydeaqui.ddns.net\/pachuca\/index.php\/wp-json\/wp\/v2\/product_brand?post=61715"},{"taxonomy":"product_cat","embeddable":true,"href":"https:\/\/soydeaqui.ddns.net\/pachuca\/index.php\/wp-json\/wp\/v2\/product_cat?post=61715"},{"taxonomy":"product_tag","embeddable":true,"href":"https:\/\/soydeaqui.ddns.net\/pachuca\/index.php\/wp-json\/wp\/v2\/product_tag?post=61715"}],"curies":[{"name":"wp","href":"https:\/\/api.w.org\/{rel}","templated":true}]}}