{"id":61658,"date":"2026-03-19T06:13:51","date_gmt":"2026-03-19T06:13:51","guid":{"rendered":"https:\/\/soydeaqui.ddns.net\/pachuca\/index.php\/producto\/smartphone-poc-de-alto-rendimiento-para-aplicaciones-ptt-de-mision-critica-ip68-resistente-al-agua\/"},"modified":"2026-03-19T06:14:04","modified_gmt":"2026-03-19T06:14:04","slug":"smartphone-poc-de-alto-rendimiento-para-aplicaciones-ptt-de-mision-critica-ip68-resistente-al-agua","status":"publish","type":"product","link":"https:\/\/soydeaqui.ddns.net\/pachuca\/index.php\/producto\/smartphone-poc-de-alto-rendimiento-para-aplicaciones-ptt-de-mision-critica-ip68-resistente-al-agua\/","title":{"rendered":"Smartphone PoC de alto rendimiento para aplicaciones PTT de misi\u00f3n cr\u00edtica IP68 resistente al agua"},"content":{"rendered":"<div style='width: 100%; max-width: 1200px; margin: 0 auto; font-family: sans-serif; line-height: 1.6; color: inherit;'>\n<div style='display: flex; flex-direction: column; align-items: center; text-align: center; margin-bottom: 30px;'>\n<h1 style='font-size: 36px; margin: 0; color: inherit;'><strong>RG750<\/strong><\/h1>\n<h2 style='font-size: 24px; margin: 10px 0 0 0; color: inherit; opacity: 0.8;'>Equipo INTELIGENTE DE ALTO RENDIMIENTO PARA <span style='color: #faaa27;'>MISSION CRITICAL PUSH-TO-TALK<\/span> (MCPTT)<\/h2>\n<\/p><\/div>\n<div style='margin-bottom: 30px;'>\n<p style='font-size: 15px; margin: 0 0 15px 0; color: inherit;'>El <strong>RG750<\/strong> es la soluci\u00f3n definitiva para quienes buscan un dispositivo confiable y robusto&comma; dise\u00f1ado espec\u00edficamente para entornos de comunicaci\u00f3n cr\u00edtica. Con caracter\u00edsticas excepcionales como un potente altavoz frontal de 105 dB&comma; bater\u00eda removible de larga duraci\u00f3n de 5000 mAh&comma; y soporte global para redes&comma; este radio destaca como la herramienta esencial para profesionales que dependen de la tecnolog\u00eda Push-to-Talk (MCPTT). Equipado con el potente procesador Qualcomm\u00ae Octa-Core&comma; el <strong>RG750<\/strong> garantiza un rendimiento ininterrumpido en situaciones donde la fiabilidad es crucial.<\/p>\n<\/p><\/div>\n<div style='display: flex; flex-wrap: wrap; gap: 15px; justify-content: center; margin-bottom: 30px;'> <img style='width: 57px; height: 57px; border: 1px solid rgba(150&comma;150&comma;150&comma;0.3); border-radius: 8px;' src='https:\/\/www.ruggear.com\/files\/common\/icons\/MCPTT_BLACK.svg' alt='MCPTT'> <img style='width: 57px; height: 57px; border: 1px solid rgba(150&comma;150&comma;150&comma;0.3); border-radius: 8px;' src='https:\/\/www.ruggear.com\/files\/common\/icons\/GLOBAL_NETWORK_SUPPORT_BLACK.svg' alt='Compatible con la red mundial LTE'> <img style='width: 57px; height: 57px; border: 1px solid rgba(150&comma;150&comma;150&comma;0.3); border-radius: 8px;' src='https:\/\/www.ruggear.com\/files\/common\/icons\/CPU.svg' alt='Procesador Qualcomm\u00ae'> <img style='width: 57px; height: 57px; border: 1px solid rgba(150&comma;150&comma;150&comma;0.3); border-radius: 8px;' src='https:\/\/www.ruggear.com\/files\/common\/icons\/WiFi.svg' alt='Wi-Fi\u00ae roaming'> <\/div>\n<div style='margin-bottom: 30px;'>\n<h3 style='font-size: 22px; border-bottom: 2px solid currentColor; padding-bottom: 5px; margin-top: 0; margin-bottom: 20px; color: inherit; opacity: 0.8;'>CARACTER\u00cdSTICAS<\/h3>\n<\/p><\/div>\n<div style='display: flex; flex-wrap: wrap; gap: 30px; margin-bottom: 30px;'>\n<div style='flex: 1 1 300px; min-width: 280px;'>\n<div style='display: flex; align-items: center; gap: 15px; margin-bottom: 15px;'> <img style='width: 96px; height: 96px; border: 1px solid rgba(150&comma;150&comma;150&comma;0.3); border-radius: 8px;' src='https:\/\/www.ruggear.com\/files\/common\/icons\/MCPTT_BLACK.svg' alt='MCPTT'> <\/p>\n<h4 style='font-size: 18px; margin: 0; color: inherit;'>MCPTT<\/h4>\n<\/p><\/div>\n<p style='font-size: 14px; margin: 0; color: inherit;'>El RG750 ha sido dise\u00f1ado espec\u00edficamente para PTT de misi\u00f3n cr\u00edtica. Gracias a su bot\u00f3n lateral y un selector de canal espec\u00edfico&comma; este tel\u00e9fono facilita la comunicaci\u00f3n. Adem\u00e1s&comma; sus potentes altavoces frontales hacen que la comunicaci\u00f3n sea posible a\u00fan en los entornos m\u00e1s ruidosos.<\/p>\n<\/p><\/div>\n<div style='flex: 1 1 300px; min-width: 280px;'>\n<div style='display: flex; align-items: center; gap: 15px; margin-bottom: 15px;'> <img style='width: 96px; height: 96px; border: 1px solid rgba(150&comma;150&comma;150&comma;0.3); border-radius: 8px;' src='https:\/\/www.ruggear.com\/files\/common\/icons\/CPU.svg' alt='CPU'> <\/p>\n<h4 style='font-size: 18px; margin: 0; color: inherit;'>Procesador Qualcomm\u00ae<\/h4>\n<\/p><\/div>\n<p style='font-size: 14px; margin: 0; color: inherit;'>El RG750 funciona con un procesador Qualcomm\u00ae QCM4290 Octa-Core de 2.0 GHz&comma; lo que hace m\u00e1s r\u00e1pido que su predecesor lo que garantiza una operaci\u00f3n r\u00e1pida y eficiente&comma; incluso cuando se ejecutan m\u00faltiples aplicaciones cr\u00edticas al mismo tiempo. Optimizado para Mission Critical Push-to-Talk (MCPTT)&comma; con botones dedicados y una perilla ajustable&comma; lo que permite acceso r\u00e1pido y sencillo a funciones cr\u00edticas de comunicaci\u00f3n. Adem\u00e1s&comma; cuenta con un conector de auriculares de 13 pines con orificio de tornillo&comma; proporcionando seguridad y fiabilidad en comunicaciones.<\/p>\n<\/p><\/div>\n<div style='flex: 1 1 300px; min-width: 280px;'>\n<div style='display: flex; align-items: center; gap: 15px; margin-bottom: 15px;'> <img style='width: 96px; height: 96px; border: 1px solid rgba(150&comma;150&comma;150&comma;0.3); border-radius: 8px;' src='https:\/\/www.ruggear.com\/files\/common\/icons\/GLOBAL_NETWORK_SUPPORT_BLACK.svg' alt='Compatible con la red mundial LTE'> <\/p>\n<h4 style='font-size: 18px; margin: 0; color: inherit;'>Compatible con la red mundial LTE<\/h4>\n<\/p><\/div>\n<p style='font-size: 14px; margin: 0; color: inherit;'>El RG750 cubre todas las bandas LTE para que pueda operar en todo el mundo. Esto simplificar\u00e1 el proceso de compra de la empresa porque ya no ser\u00e1 necesario pedir diferentes SKU\/dispositivos seg\u00fan la regi\u00f3n de operaci\u00f3n. Un dispositivo funcionar\u00e1 en cualquier lugar del mundo.<\/p>\n<\/p><\/div>\n<\/p><\/div>\n<hr style='border: 0; border-top: 1px solid rgba(150&comma; 150&comma; 150&comma; 0.3); margin: 30px 0;'>\n<div style='display: flex; flex-wrap: wrap; gap: 30px; margin-bottom: 30px;'>\n<div style='flex: 1 1 300px; min-width: 280px;'>\n<h4 style='font-size: 18px; margin-top: 0; margin-bottom: 15px; color: inherit;'>Especificaciones<\/h4>\n<div style='margin-bottom: 20px;'>\n<h5 style='font-size: 16px; margin: 0 0 10px 0; color: inherit; opacity: 0.9;'>Dise\u00f1o y Construcci\u00f3n:<\/h5>\n<ul style='padding-left: 20px; font-size: 14px; margin: 0 0 15px 0; color: inherit;'>\n<li style='margin-bottom: 5px;'><strong>Dimensiones:<\/strong> 136.5 x 66.5 x 24.5 mm<\/li>\n<li style='margin-bottom: 5px;'><strong>Peso:<\/strong> 284 g<\/li>\n<li style='margin-bottom: 5px;'><strong>Resistencia:<\/strong> Certificaciones IP68 y MIL-STD-810H para resistencia al agua&comma; polvo y ca\u00eddas.<\/li>\n<li style='margin-bottom: 5px;'><strong>Operaci\u00f3n:<\/strong> Funciona con manos mojadas y guantes.<\/li>\n<\/ul>\n<h5 style='font-size: 16px; margin: 0 0 10px 0; color: inherit; opacity: 0.9;'>Certificaciones:<\/h5>\n<ul style='padding-left: 20px; font-size: 14px; margin: 0 0 15px 0; color: inherit;'>\n<li style='margin-bottom: 5px;'>IP68 resistencia al agua&comma; polvo y ca\u00eddas.<\/li>\n<li style='margin-bottom: 5px;'>MIL-STD-810H<\/li>\n<\/ul><\/div>\n<div style='margin-bottom: 20px;'>\n<h5 style='font-size: 16px; margin: 0 0 10px 0; color: inherit; opacity: 0.9;'>Pantalla:<\/h5>\n<ul style='padding-left: 20px; font-size: 14px; margin: 0 0 15px 0; color: inherit;'>\n<li style='margin-bottom: 5px;'><strong>Tipo:<\/strong> IPS<\/li>\n<li style='margin-bottom: 5px;'><strong>Tama\u00f1o:<\/strong> 4.0 pulgadas<\/li>\n<li style='margin-bottom: 5px;'><strong>Resoluci\u00f3n:<\/strong> 640 x 1136 p\u00edxeles<\/li>\n<\/ul><\/div>\n<div style='margin-bottom: 20px;'>\n<h5 style='font-size: 16px; margin: 0 0 10px 0; color: inherit; opacity: 0.9;'>Rendimiento:<\/h5>\n<ul style='padding-left: 20px; font-size: 14px; margin: 0 0 15px 0; color: inherit;'>\n<li style='margin-bottom: 5px;'><strong>Procesador:<\/strong> Qualcomm\u00ae Octa-Core QCM4290&comma; 2.0 GHz<\/li>\n<li style='margin-bottom: 5px;'><strong>Memoria RAM:<\/strong> 4 GB<\/li>\n<li style='margin-bottom: 5px;'><strong>Almacenamiento Interno:<\/strong> 64 GB<\/li>\n<li style='margin-bottom: 5px;'><strong>Sistema Operativo:<\/strong> Android\u2122 12 con GMS<\/li>\n<\/ul><\/div>\n<div style='margin-bottom: 20px;'>\n<h5 style='font-size: 16px; margin: 0 0 10px 0; color: inherit; opacity: 0.9;'>Bater\u00eda:<\/h5>\n<ul style='padding-left: 20px; font-size: 14px; margin: 0 0 15px 0; color: inherit;'>\n<li style='margin-bottom: 5px;'><strong>Capacidad:<\/strong> 5000 mAh<\/li>\n<li style='margin-bottom: 5px;'><strong>Tipo:<\/strong> Removible<\/li>\n<li style='margin-bottom: 5px;'><strong>Conectividad de Carga:<\/strong> Puerto Type-C con soporte USB 3.0&comma; 2 pines pogo para cargador de escritorio<\/li>\n<\/ul><\/div>\n<div style='margin-bottom: 20px;'>\n<h5 style='font-size: 16px; margin: 0 0 10px 0; color: inherit; opacity: 0.9;'>Conectividad:<\/h5>\n<ul style='padding-left: 20px; font-size: 14px; margin: 0 0 15px 0; color: inherit;'>\n<li style='margin-bottom: 5px;'><strong>Redes Celulares:<\/strong>\n<ul style='padding-left: 20px; margin: 5px 0;'>\n<li style='margin-bottom: 3px;'>GSM: B2\/3\/5\/8<\/li>\n<li style='margin-bottom: 3px;'>WCDMA: B1\/2\/4\/5\/8<\/li>\n<li style='margin-bottom: 3px;'>TDD-LTE: 34\/38\/39\/40\/41(full)<\/li>\n<li style='margin-bottom: 3px;'>FDD-LTE: B1\/2\/3\/4\/5\/7\/8\/12\/13\/17\/20\/26\/28\/66<\/li>\n<\/ul>\n<\/li>\n<li style='margin-bottom: 5px;'><strong>Wi-Fi:<\/strong> 802.11 a\/b\/g\/n\/ac\/e\/k\/r\/v con roaming mejorado<\/li>\n<li style='margin-bottom: 5px;'><strong>GPS:<\/strong> A-GPS&comma; Glonass&comma; Galileo&comma; Beidou<\/li>\n<li style='margin-bottom: 5px;'><strong>NFC:<\/strong> S\u00ed<\/li>\n<li style='margin-bottom: 5px;'><strong>Bluetooth:<\/strong> Versi\u00f3n 5.0 con baja energ\u00eda<\/li>\n<li style='margin-bottom: 5px;'><strong>Tarjeta SIM:<\/strong> Dual Nano SIM<\/li>\n<\/ul><\/div>\n<div style='margin-bottom: 20px;'>\n<h5 style='font-size: 16px; margin: 0 0 10px 0; color: inherit; opacity: 0.9;'>C\u00e1mara:<\/h5>\n<ul style='padding-left: 20px; font-size: 14px; margin: 0 0 15px 0; color: inherit;'>\n<li style='margin-bottom: 5px;'><strong>Principal:<\/strong> 13 MP con autoenfoque por detecci\u00f3n de fase (PDAF)<\/li>\n<li style='margin-bottom: 5px;'><strong>Frontal:<\/strong> 5 MP con enfoque fijo (FF)<\/li>\n<li style='margin-bottom: 5px;'><strong>Flash:<\/strong> 4 LEDs<\/li>\n<\/ul><\/div>\n<div style='margin-bottom: 20px;'>\n<h5 style='font-size: 16px; margin: 0 0 10px 0; color: inherit; opacity: 0.9;'>Audio y Comunicaci\u00f3n:<\/h5>\n<ul style='padding-left: 20px; font-size: 14px; margin: 0 0 15px 0; color: inherit;'>\n<li style='margin-bottom: 5px;'><strong>Altavoz:<\/strong> Potente altavoz frontal de 105 dB<\/li>\n<li style='margin-bottom: 5px;'><strong>Interfaz de Audio:<\/strong> Conector de 13 pines con agujero de tornillo<\/li>\n<li style='margin-bottom: 5px;'><strong>Bot\u00f3n SOS:<\/strong> Integrado para emergencias<\/li>\n<\/ul><\/div>\n<div style='margin-bottom: 20px;'>\n<h5 style='font-size: 16px; margin: 0 0 10px 0; color: inherit; opacity: 0.9;'>Sensores:<\/h5>\n<ul style='padding-left: 20px; font-size: 14px; margin: 0 0 15px 0; color: inherit;'>\n<li style='margin-bottom: 5px;'>Aceler\u00f3metro<\/li>\n<li style='margin-bottom: 5px;'>Giroscopio<\/li>\n<li style='margin-bottom: 5px;'>Br\u00fajula<\/li>\n<li style='margin-bottom: 5px;'>Sensor de luz y proximidad<\/li>\n<\/ul><\/div>\n<div style='margin-bottom: 20px;'>\n<h5 style='font-size: 16px; margin: 0 0 10px 0; color: inherit; opacity: 0.9;'>Accesorios Incluidos<\/h5>\n<ul style='padding-left: 20px; font-size: 14px; margin: 0 0 15px 0; color: inherit;'>\n<li style='margin-bottom: 5px;'>Cargador USB Tipo C<\/li>\n<li style='margin-bottom: 5px;'>Bater\u00eda 5000 mAh<\/li>\n<\/ul><\/div>\n<div style='margin-bottom: 20px;'>\n<h5 style='font-size: 16px; margin: 0 0 10px 0; color: inherit; opacity: 0.9;'>ACCESORIOS Opcionales<\/h5>\n<ul style='padding-left: 20px; font-size: 14px; margin: 0 0 15px 0; color: inherit;'>\n<li style='margin-bottom: 5px;'>Cargador de escritorio modelo 25029600<\/li>\n<li style='margin-bottom: 5px;'>Micr\u00f3fono aud\u00edfono de tubo ac\u00fastico 13 pines modelo 25025700<\/li>\n<li style='margin-bottom: 5px;'>Micr\u00f3fono de solapa de 13 pines modelo 25031500<\/li>\n<li style='margin-bottom: 5px;'>Bluetooth RSM<\/li>\n<li style='margin-bottom: 5px;'>Clip para cintur\u00f3n modelo 25026802<\/li>\n<\/ul><\/div>\n<\/p><\/div>\n<\/p><\/div>\n<div style='margin-bottom: 30px;'>\n<p style='font-size: 14px; margin: 0 0 10px 0; color: #e67e23; font-weight: bold; color: inherit;'>Compatible con plataformas de comunicaci\u00f3n PoC NXRadio y TASSTA.<\/p>\n<p style='font-size: 14px; margin: 0 0 10px 0; color: #e67e23; font-weight: bold; color: inherit;'>Requiere licencias de servicio en plataforma.<\/p>\n<p style='font-size: 14px; margin: 0 0 10px 0; color: #e67e23; font-weight: bold; color: inherit;'>NXRadio: Licencia anual modelo NXRADIOTERMINAL.<\/p>\n<p style='font-size: 14px; margin: 0; color: #e67e23; font-weight: bold; color: inherit;'>TASSTA: Licencia anual modelo TFLEXSMART.<\/p>\n<\/p><\/div>\n<div style='display: flex; flex-wrap: wrap; gap: 15px; margin-top: 30px;'> <a href='https:\/\/www.ruggear.com\/es\/productos\/smartphones\/rg750.html#c1198' style='font-size: 14px; text-decoration: none; color: #333; font-weight: bold; border: 1px solid rgba(51&comma;51&comma;51&comma;0.8); padding: 8px 15px; border-radius: 4px;'>MCPTT<\/a> <a href='https:\/\/www.ruggear.com\/es\/productos\/smartphones\/rg750.html#c1199' style='font-size: 14px; text-decoration: none; color: #333; font-weight: bold; border: 1px solid rgba(51&comma;51&comma;51&comma;0.8); padding: 8px 15px; border-radius: 4px;'>Procesador Qualcomm\u00ae<\/a> <a href='https:\/\/www.ruggear.com\/es\/productos\/smartphones\/rg750.html#c1200' style='font-size: 14px; text-decoration: none; color: #333; font-weight: bold; border: 1px solid rgba(51&comma;51&comma;51&comma;0.8); padding: 8px 15px; border-radius: 4px;'>Compatible con la red mundial LTE<\/a> <\/div>\n<\/p><\/div>\n","protected":false},"excerpt":{"rendered":"<p>Smartphone PoC de alto rendimiento para aplicaciones PTT de misi\u00f3n cr\u00edtica IP68 resistente al agua<\/p>\n","protected":false},"featured_media":61657,"comment_status":"open","ping_status":"closed","template":"","meta":[],"product_brand":[],"product_cat":[1606],"product_tag":[1607,1508,1608],"class_list":{"0":"post-61658","1":"product","2":"type-product","3":"status-publish","4":"has-post-thumbnail","6":"product_cat-radios-4g","7":"product_tag-radios-4g","8":"product_tag-radios-lte","9":"product_tag-ruggear","11":"first","12":"instock","13":"sale","14":"shipping-taxable","15":"purchasable","16":"product-type-simple"},"_links":{"self":[{"href":"https:\/\/soydeaqui.ddns.net\/pachuca\/index.php\/wp-json\/wp\/v2\/product\/61658","targetHints":{"allow":["GET"]}}],"collection":[{"href":"https:\/\/soydeaqui.ddns.net\/pachuca\/index.php\/wp-json\/wp\/v2\/product"}],"about":[{"href":"https:\/\/soydeaqui.ddns.net\/pachuca\/index.php\/wp-json\/wp\/v2\/types\/product"}],"replies":[{"embeddable":true,"href":"https:\/\/soydeaqui.ddns.net\/pachuca\/index.php\/wp-json\/wp\/v2\/comments?post=61658"}],"wp:featuredmedia":[{"embeddable":true,"href":"https:\/\/soydeaqui.ddns.net\/pachuca\/index.php\/wp-json\/wp\/v2\/media\/61657"}],"wp:attachment":[{"href":"https:\/\/soydeaqui.ddns.net\/pachuca\/index.php\/wp-json\/wp\/v2\/media?parent=61658"}],"wp:term":[{"taxonomy":"product_brand","embeddable":true,"href":"https:\/\/soydeaqui.ddns.net\/pachuca\/index.php\/wp-json\/wp\/v2\/product_brand?post=61658"},{"taxonomy":"product_cat","embeddable":true,"href":"https:\/\/soydeaqui.ddns.net\/pachuca\/index.php\/wp-json\/wp\/v2\/product_cat?post=61658"},{"taxonomy":"product_tag","embeddable":true,"href":"https:\/\/soydeaqui.ddns.net\/pachuca\/index.php\/wp-json\/wp\/v2\/product_tag?post=61658"}],"curies":[{"name":"wp","href":"https:\/\/api.w.org\/{rel}","templated":true}]}}