{"id":61655,"date":"2026-03-19T06:13:46","date_gmt":"2026-03-19T06:13:46","guid":{"rendered":"https:\/\/soydeaqui.ddns.net\/pachuca\/index.php\/producto\/radio-rg360-incluye-1-ano-de-servicio-de-radio-tassta-avanzado-sim-1gb-yobi\/"},"modified":"2026-03-19T06:13:47","modified_gmt":"2026-03-19T06:13:47","slug":"radio-rg360-incluye-1-ano-de-servicio-de-radio-tassta-avanzado-sim-1gb-yobi","status":"publish","type":"product","link":"https:\/\/soydeaqui.ddns.net\/pachuca\/index.php\/producto\/radio-rg360-incluye-1-ano-de-servicio-de-radio-tassta-avanzado-sim-1gb-yobi\/","title":{"rendered":"Radio RG360 Incluye 1 a\u00f1o de Servicio de Radio TASSTA Avanzado + SIM 1GB YOBI"},"content":{"rendered":"<div style='width: 100%; max-width: 1200px; margin: 0 auto; font-family: sans-serif; line-height: 1.6; color: inherit; background-color: transparent;'>\n<div style='display: flex; flex-direction: column; align-items: center; margin-bottom: 30px;'> <span style='color: #e67e23; font-size: 24px; font-weight: bold; color: inherit;'>2 a\u00f1os de Garant\u00eda<\/span> <\/div>\n<div style='display: flex; flex-wrap: wrap; gap: 30px; margin-bottom: 30px;'>\n<div style='flex: 1 1 300px; min-width: 280px;'>\n<h3 style='font-size: 22px; border-bottom: 2px solid currentColor; padding-bottom: 5px; margin-top: 0; color: inherit; opacity: 0.8;'>Descripci\u00f3n General<\/h3>\n<p style='font-size: 15px; color: inherit; margin-bottom: 15px;'>RG360 ha sido dise\u00f1ado con un bot\u00f3n PTT grande a la izquierda para una comunicaci\u00f3n f\u00e1cil e instant\u00e1nea. El dispositivo est\u00e1 equipado con un sistema operativo propietario basado en Android Go que no incluye Play Store. Los usuarios se mantienen enfocados en sus actividades&comma; menos distracciones.<\/p>\n<p style='font-size: 15px; color: inherit; margin-bottom: 15px;'>Cuenta con la aplicaci\u00f3n de NXRadio instalada que le permitir\u00e1 realizar tareas clave de una forma m\u00e1s r\u00e1pida e inteligente.<\/p>\n<\/p><\/div>\n<\/p><\/div>\n<div style='display: flex; flex-wrap: wrap; gap: 30px; margin-bottom: 30px;'>\n<div style='flex: 1 1 300px; min-width: 280px;'>\n<h3 style='font-size: 22px; border-bottom: 2px solid currentColor; padding-bottom: 5px; margin-top: 0; color: inherit; opacity: 0.8;'>Caracter\u00edsticas Principales<\/h3>\n<ul style='padding-left: 20px; font-size: 15px; color: inherit;'>\n<li style='margin-bottom: 5px;'><strong>Listo para llamadas PTT<\/strong> con bot\u00f3n dedicado y NXRadio Integrado<\/li>\n<li style='margin-bottom: 5px;'><strong>Potente altavoz frontal de 105 dB<\/strong> para comunicaci\u00f3n clara en ambientes ruidosos<\/li>\n<li style='margin-bottom: 5px;'><strong>Bater\u00eda extra\u00edble de 3000 mAh<\/strong> para evitar interrupciones durante los turnos de trabajo<\/li>\n<\/ul><\/div>\n<div style='flex: 1 1 300px; min-width: 280px;'>\n<h3 style='font-size: 22px; border-bottom: 2px solid currentColor; padding-bottom: 5px; margin-top: 0; color: inherit; opacity: 0.8;'>Caracter\u00edsticas de Audio<\/h3>\n<ul style='padding-left: 20px; font-size: 15px; color: inherit;'>\n<li style='margin-bottom: 5px;'>Micr\u00f3fono dual con cancelaci\u00f3n de ruido<\/li>\n<li style='margin-bottom: 5px;'>Receptor de banda ancha HD<\/li>\n<li style='margin-bottom: 5px;'>Altavoz de 105 dB para mensajes claros en ambientes ruidosos<\/li>\n<\/ul><\/div>\n<div style='flex: 1 1 300px; min-width: 280px;'>\n<h3 style='font-size: 22px; border-bottom: 2px solid currentColor; padding-bottom: 5px; margin-top: 0; color: inherit; opacity: 0.8;'>Caracter\u00edsticas de Bater\u00eda<\/h3>\n<ul style='padding-left: 20px; font-size: 15px; color: inherit;'>\n<li style='margin-bottom: 5px;'>Bater\u00eda predeterminada de 3000 mAh<\/li>\n<li style='margin-bottom: 5px;'>Tecnolog\u00eda de ahorro de energ\u00eda<\/li>\n<li style='margin-bottom: 5px;'>Dise\u00f1ado para larga duraci\u00f3n de bater\u00eda<\/li>\n<li style='margin-bottom: 5px;'>Bater\u00eda reemplazable para evitar interrupciones<\/li>\n<\/ul><\/div>\n<\/p><\/div>\n<hr style='border: 0; border-top: 1px solid rgba(150&comma; 150&comma; 150&comma; 0.3); margin: 30px 0;'>\n<div style='display: flex; flex-wrap: wrap; gap: 20px; margin-bottom: 30px;'>\n<div style='flex: 1 1 250px; border: 1px solid rgba(150&comma; 150&comma; 150&comma; 0.4); border-radius: 8px; overflow: hidden; display: flex; flex-direction: column;'>\n<div style='padding: 15px; border-bottom: 1px solid rgba(150&comma; 150&comma; 150&comma; 0.2); font-weight: bold; font-size: 18px; color: inherit;'>Especificaciones T\u00e9cnicas<\/div>\n<div style='padding: 15px; color: inherit;'>\n<ul style='padding-left: 20px; margin: 0; font-size: 14px; list-style-type: disc;'>\n<li style='margin-bottom: 5px;'><strong>Sistema operativo:<\/strong> Android\u2122 10 Go (Sin Play Store)<\/li>\n<li style='margin-bottom: 5px;'><strong>Pantalla:<\/strong> 3&comma;0&#8221; IPS&comma; 480 x 854 p\u00edxeles<\/li>\n<li style='margin-bottom: 5px;'><strong>Almacenamiento:<\/strong> 8 GB + MicroSD hasta 128 GB<\/li>\n<li style='margin-bottom: 5px;'><strong>Memoria RAM:<\/strong> 1 GB<\/li>\n<li style='margin-bottom: 5px;'><strong>Bater\u00eda:<\/strong> Extra\u00edble de 3000 mAh<\/li>\n<li style='margin-bottom: 5px;'><strong>Color:<\/strong> Negro<\/li>\n<li style='margin-bottom: 5px;'><strong>Tama\u00f1o y peso:<\/strong> 118 x 58 x 25&comma;8 mm&comma; 197 g<\/li>\n<li style='margin-bottom: 5px;'><strong>CPU:<\/strong> MTK6739&comma; cuatro n\u00facleos a 1&comma;28 GHz<\/li>\n<\/ul><\/div>\n<\/p><\/div>\n<div style='flex: 1 1 250px; border: 1px solid rgba(150&comma; 150&comma; 150&comma; 0.4); border-radius: 8px; overflow: hidden; display: flex; flex-direction: column;'>\n<div style='padding: 15px; border-bottom: 1px solid rgba(150&comma; 150&comma; 150&comma; 0.2); font-weight: bold; font-size: 18px; color: inherit;'>Conectividad<\/div>\n<div style='padding: 15px; color: inherit;'>\n<ul style='padding-left: 20px; margin: 0; font-size: 14px; list-style-type: disc;'>\n<li style='margin-bottom: 5px;'><strong>Bandas Telefon\u00eda:<\/strong><\/li>\n<ul style='padding-left: 20px; margin: 0; font-size: 14px; list-style-type: circle;'>\n<li style='margin-bottom: 5px;'>GSM: B2\/3\/5\/8<\/li>\n<li style='margin-bottom: 5px;'>WCDMA: B1\/2\/4\/5\/8<\/li>\n<li style='margin-bottom: 5px;'>TDD-LTE: B38\/40\/41<\/li>\n<li style='margin-bottom: 5px;'>FDD-LTE: B1\/2\/3\/4\/5\/7\/8\/20\/28<\/li>\n<\/ul>\n<li style='margin-bottom: 5px;'><strong>WiFi:<\/strong> 802.11 a\/b\/g\/n 2.5 GHz y 5 GHz<\/li>\n<li style='margin-bottom: 5px;'><strong>Bluetooth:<\/strong> 4.2 BLE<\/li>\n<li style='margin-bottom: 5px;'><strong>GPS:<\/strong> GPS\/A-GPS\/Glonass<\/li>\n<li style='margin-bottom: 5px;'><strong>Tarjeta SIM:<\/strong> Dual Nano-SIM&comma; Micro SD&comma; eSIM (opcional)<\/li>\n<\/ul><\/div>\n<\/p><\/div>\n<div style='flex: 1 1 250px; border: 1px solid rgba(150&comma; 150&comma; 150&comma; 0.4); border-radius: 8px; overflow: hidden; display: flex; flex-direction: column;'>\n<div style='padding: 15px; border-bottom: 1px solid rgba(150&comma; 150&comma; 150&comma; 0.2); font-weight: bold; font-size: 18px; color: inherit;'>Certificaciones<\/div>\n<div style='padding: 15px; color: inherit;'>\n<ul style='padding-left: 20px; margin: 0; font-size: 14px; list-style-type: disc;'>\n<li style='margin-bottom: 5px;'>IP68&comma; Resistente al agua y polvo<\/li>\n<li style='margin-bottom: 5px;'>MIL-STD 810H<\/li>\n<\/ul><\/div>\n<\/p><\/div>\n<div style='flex: 1 1 250px; border: 1px solid rgba(150&comma; 150&comma; 150&comma; 0.4); border-radius: 8px; overflow: hidden; display: flex; flex-direction: column;'>\n<div style='padding: 15px; border-bottom: 1px solid rgba(150&comma; 150&comma; 150&comma; 0.2); font-weight: bold; font-size: 18px; color: inherit;'>Contenido del KIT<\/div>\n<div style='padding: 15px; color: inherit;'>\n<ul style='padding-left: 20px; margin: 0; font-size: 14px; list-style-type: disc;'>\n<li style='margin-bottom: 5px;'>Radio RG360<\/li>\n<li style='margin-bottom: 5px;'>Licencia anual TFLEXSMART (TASSTA Avanzada)<\/li>\n<li style='margin-bottom: 5px;'>SIM YOBI 1GB Mensual por 12 meses<\/li>\n<\/ul><\/div>\n<\/p><\/div>\n<\/p><\/div>\n<hr style='border: 0; border-top: 1px solid rgba(150&comma; 150&comma; 150&comma; 0.3); margin: 30px 0;'>\n<div style='display: flex; flex-wrap: wrap; gap: 30px; margin-bottom: 30px;'>\n<div style='flex: 1 1 300px; min-width: 280px;'>\n<h3 style='font-size: 22px; border-bottom: 2px solid currentColor; padding-bottom: 5px; margin-top: 0; color: inherit; opacity: 0.8;'>Accesorios Opcionales<\/h3>\n<ul style='padding-left: 20px; font-size: 15px; color: inherit;'>\n<li style='margin-bottom: 5px;'>Auriculares PTT de 3&comma;5 mm<\/li>\n<li style='margin-bottom: 5px;'>Cargador de escritorio<\/li>\n<li style='margin-bottom: 5px;'>Cargador de coche<\/li>\n<\/ul><\/div>\n<div style='flex: 1 1 300px; min-width: 280px;'>\n<h3 style='font-size: 22px; border-bottom: 2px solid currentColor; padding-bottom: 5px; margin-top: 0; color: inherit; opacity: 0.8;'>Conectividad Adicional<\/h3>\n<ul style='padding-left: 20px; font-size: 15px; color: inherit;'>\n<li style='margin-bottom: 5px;'>Puerto de carga USB-C<\/li>\n<li style='margin-bottom: 5px;'>Conector para auriculares PTT de 3&comma;5 mm<\/li>\n<\/ul><\/div>\n<\/p><\/div>\n<\/p><\/div>\n","protected":false},"excerpt":{"rendered":"<p>Radio RG360 Incluye 1 a\u00f1o de Servicio de Radio TASSTA Avanzado + SIM 1GB YOBI<\/p>\n","protected":false},"featured_media":61654,"comment_status":"open","ping_status":"closed","template":"","meta":[],"product_brand":[],"product_cat":[1606],"product_tag":[1607,1508,1510],"class_list":{"0":"post-61655","1":"product","2":"type-product","3":"status-publish","4":"has-post-thumbnail","6":"product_cat-radios-4g","7":"product_tag-radios-4g","8":"product_tag-radios-lte","9":"product_tag-tassta","11":"first","12":"outofstock","13":"sale","14":"shipping-taxable","15":"purchasable","16":"product-type-simple"},"_links":{"self":[{"href":"https:\/\/soydeaqui.ddns.net\/pachuca\/index.php\/wp-json\/wp\/v2\/product\/61655","targetHints":{"allow":["GET"]}}],"collection":[{"href":"https:\/\/soydeaqui.ddns.net\/pachuca\/index.php\/wp-json\/wp\/v2\/product"}],"about":[{"href":"https:\/\/soydeaqui.ddns.net\/pachuca\/index.php\/wp-json\/wp\/v2\/types\/product"}],"replies":[{"embeddable":true,"href":"https:\/\/soydeaqui.ddns.net\/pachuca\/index.php\/wp-json\/wp\/v2\/comments?post=61655"}],"wp:featuredmedia":[{"embeddable":true,"href":"https:\/\/soydeaqui.ddns.net\/pachuca\/index.php\/wp-json\/wp\/v2\/media\/61654"}],"wp:attachment":[{"href":"https:\/\/soydeaqui.ddns.net\/pachuca\/index.php\/wp-json\/wp\/v2\/media?parent=61655"}],"wp:term":[{"taxonomy":"product_brand","embeddable":true,"href":"https:\/\/soydeaqui.ddns.net\/pachuca\/index.php\/wp-json\/wp\/v2\/product_brand?post=61655"},{"taxonomy":"product_cat","embeddable":true,"href":"https:\/\/soydeaqui.ddns.net\/pachuca\/index.php\/wp-json\/wp\/v2\/product_cat?post=61655"},{"taxonomy":"product_tag","embeddable":true,"href":"https:\/\/soydeaqui.ddns.net\/pachuca\/index.php\/wp-json\/wp\/v2\/product_tag?post=61655"}],"curies":[{"name":"wp","href":"https:\/\/api.w.org\/{rel}","templated":true}]}}