{"id":61622,"date":"2026-03-19T06:12:41","date_gmt":"2026-03-19T06:12:41","guid":{"rendered":"https:\/\/soydeaqui.ddns.net\/pachuca\/index.php\/producto\/carrete-de-cable-coaxial-plenum-de-baja-perdida-wilson-400-50-ohm-de-impedancia-carrete-de-152-4-metros-500-pies\/"},"modified":"2026-03-19T06:12:42","modified_gmt":"2026-03-19T06:12:42","slug":"carrete-de-cable-coaxial-plenum-de-baja-perdida-wilson-400-50-ohm-de-impedancia-carrete-de-152-4-metros-500-pies","status":"publish","type":"product","link":"https:\/\/soydeaqui.ddns.net\/pachuca\/index.php\/producto\/carrete-de-cable-coaxial-plenum-de-baja-perdida-wilson-400-50-ohm-de-impedancia-carrete-de-152-4-metros-500-pies\/","title":{"rendered":"Carrete de Cable Coaxial PLENUM de Baja Perdida WILSON 400. 50 Ohm de Impedancia. Carrete de 152.4 Metros (500 Pies)"},"content":{"rendered":"<div style='width: 100%; max-width: 1200px; margin: 0 auto; font-family: sans-serif; line-height: 1.6; color: inherit; background-color: transparent;'> <!-- Secci\u00f3n de descripci\u00f3n principal --> <\/p>\n<div style='margin-bottom: 30px;'>\n<p style='font-size: 16px; color: inherit; margin: 10px 0;'>Carrete de cable coaxial Plenum de baja perdida WILSON 400. 50 Ohm de impedancia.<\/p>\n<p style='font-size: 16px; color: inherit; margin: 10px 0;'>152.4 m&comma; equivalente a 500 pies.<\/p>\n<p style='font-size: 16px; color: inherit; margin: 10px 0;'>Carrete de 500 pies de cable coaxial CMP\/FT6 con clasificaci\u00f3n UL&comma; de baja p\u00e9rdida para aplicaciones inal\u00e1mbricas&comma; cable Plenum WILSON 400 naranja.<\/p>\n<\/p><\/div>\n<p> <!-- Secci\u00f3n de caracter\u00edsticas --> <\/p>\n<div style='display: flex; flex-wrap: wrap; gap: 30px; margin-bottom: 30px;'>\n<div style='flex: 1 1 300px; min-width: 280px;'>\n<h3 style='font-size: 22px; border-bottom: 2px solid currentColor; padding-bottom: 5px; margin-top: 0; color: inherit; opacity: 0.8;'>Caracter\u00edsticas principales<\/h3>\n<ul style='padding-left: 20px; font-size: 15px; color: inherit;'>\n<li style='margin-bottom: 5px;'>Baja atenuaci\u00f3n<\/li>\n<li style='margin-bottom: 5px;'>Alta eficiencia de transferencia de se\u00f1al<\/li>\n<li style='margin-bottom: 5px;'>Cubierta de cable blanca retardante de llama y de baja emisi\u00f3n de humo<\/li>\n<\/ul><\/div>\n<\/p><\/div>\n<p> <!-- Separador --> <\/p>\n<hr style='border: 0; border-top: 1px solid rgba(150&comma; 150&comma; 150&comma; 0.3); margin: 30px 0;'> <\/div>\n","protected":false},"excerpt":{"rendered":"<p>Carrete de Cable Coaxial PLENUM de Baja Perdida WILSON 400. 50 Ohm de Impedancia. Carrete de 152.4 Metros (500 Pies)<\/p>\n","protected":false},"featured_media":61621,"comment_status":"open","ping_status":"closed","template":"","meta":[],"product_brand":[],"product_cat":[1558],"product_tag":[138,1559,1525],"class_list":{"0":"post-61622","1":"product","2":"type-product","3":"status-publish","4":"has-post-thumbnail","6":"product_cat-coaxiales","7":"product_tag-cables","8":"product_tag-coaxiales","9":"product_tag-wilsonpro-weboost","11":"first","12":"outofstock","13":"sale","14":"shipping-taxable","15":"purchasable","16":"product-type-simple"},"_links":{"self":[{"href":"https:\/\/soydeaqui.ddns.net\/pachuca\/index.php\/wp-json\/wp\/v2\/product\/61622","targetHints":{"allow":["GET"]}}],"collection":[{"href":"https:\/\/soydeaqui.ddns.net\/pachuca\/index.php\/wp-json\/wp\/v2\/product"}],"about":[{"href":"https:\/\/soydeaqui.ddns.net\/pachuca\/index.php\/wp-json\/wp\/v2\/types\/product"}],"replies":[{"embeddable":true,"href":"https:\/\/soydeaqui.ddns.net\/pachuca\/index.php\/wp-json\/wp\/v2\/comments?post=61622"}],"wp:featuredmedia":[{"embeddable":true,"href":"https:\/\/soydeaqui.ddns.net\/pachuca\/index.php\/wp-json\/wp\/v2\/media\/61621"}],"wp:attachment":[{"href":"https:\/\/soydeaqui.ddns.net\/pachuca\/index.php\/wp-json\/wp\/v2\/media?parent=61622"}],"wp:term":[{"taxonomy":"product_brand","embeddable":true,"href":"https:\/\/soydeaqui.ddns.net\/pachuca\/index.php\/wp-json\/wp\/v2\/product_brand?post=61622"},{"taxonomy":"product_cat","embeddable":true,"href":"https:\/\/soydeaqui.ddns.net\/pachuca\/index.php\/wp-json\/wp\/v2\/product_cat?post=61622"},{"taxonomy":"product_tag","embeddable":true,"href":"https:\/\/soydeaqui.ddns.net\/pachuca\/index.php\/wp-json\/wp\/v2\/product_tag?post=61622"}],"curies":[{"name":"wp","href":"https:\/\/api.w.org\/{rel}","templated":true}]}}