{"id":61559,"date":"2026-03-19T06:11:04","date_gmt":"2026-03-19T06:11:04","guid":{"rendered":"https:\/\/soydeaqui.ddns.net\/pachuca\/index.php\/producto\/gabinete-de-telecomunicaciones-proline-flotek-pc-600-mm-de-ancho-1000-mm-de-profundidad-42-ur-color-negro\/"},"modified":"2026-03-19T06:11:05","modified_gmt":"2026-03-19T06:11:05","slug":"gabinete-de-telecomunicaciones-proline-flotek-pc-600-mm-de-ancho-1000-mm-de-profundidad-42-ur-color-negro","status":"publish","type":"product","link":"https:\/\/soydeaqui.ddns.net\/pachuca\/index.php\/producto\/gabinete-de-telecomunicaciones-proline-flotek-pc-600-mm-de-ancho-1000-mm-de-profundidad-42-ur-color-negro\/","title":{"rendered":"Gabinete de Telecomunicaciones ProLine FloTek PC, 600 mm de Ancho, 1000 mm de Profundidad, 42 UR, Color Negro"},"content":{"rendered":"<div style='width: 100%; max-width: 1200px; margin: 0 auto; font-family: sans-serif; line-height: 1.6; color: inherit; background-color: transparent;'> <!-- Secci\u00f3n de descripci\u00f3n --> <\/p>\n<div style='margin-bottom: 30px;'>\n<p style='font-size: 15px; margin: 0 0 15px 0; color: inherit;'> Dise\u00f1ados m\u00e1s profundamente para albergar servidores y administrar cables de alimentaci\u00f3n&comma; los gabinetes ProLine FloTek dependen de un flujo de aire pasivo optimizado para la refrigeraci\u00f3n. Los gabinetes se pueden colocar en salas de datos en configuraciones de pasillo fr\u00edo\/caliente. <\/p>\n<\/p><\/div>\n<p> <!-- Secci\u00f3n de caracter\u00edsticas --> <\/p>\n<div style='margin-bottom: 30px;'>\n<h3 style='font-size: 22px; border-bottom: 2px solid currentColor; padding-bottom: 5px; margin-top: 0; color: inherit; opacity: 0.8;'>Caracter\u00edsticas principales<\/h3>\n<ul style='padding-left: 20px; font-size: 15px; color: inherit; list-style-type: disc;'>\n<li style='margin-bottom: 5px; color: inherit;'>Las puertas delanteras y traseras completamente perforadas y la parte superior completamente perforada permiten el m\u00e1ximo movimiento de aire alrededor del equipo; Cumple con los requisitos de espacio abierto del fabricante del servidor.<\/li>\n<li style='margin-bottom: 5px; color: inherit;'>La puerta de entrada r\u00edgida hecha de extrusiones de aluminio y acero perforado moldeado ofrece una apariencia y durabilidad muy atractivas.<\/li>\n<li style='margin-bottom: 5px; color: inherit;'>La manija giratoria con bot\u00f3n de bloqueo de tres puntos en la puerta delantera proporciona un acceso f\u00e1cil pero controlado; dos llaves incluidas<\/li>\n<li style='margin-bottom: 5px; color: inherit;'>Las puertas traseras est\u00e1n divididas para facilitar el acceso e incluyen una manija oscilante con bloqueo de perfil bajo y 3 puntos<\/li>\n<li style='margin-bottom: 5px; color: inherit;'>Dos juegos de rieles de rack con orificios cuadrados de 19 pulgadas soportan la parte delantera y trasera del equipo<\/li>\n<li style='margin-bottom: 5px; color: inherit;'>Los rieles del gabinete son infinitamente ajustables desde adelante hacia atr\u00e1s para flexibilidad de posicionamiento<\/li>\n<li style='margin-bottom: 5px; color: inherit;'>Parte inferior abierta con soportes integrales atornillados.<\/li>\n<\/ul><\/div>\n<p> <!-- Secci\u00f3n de especificaciones --> <\/p>\n<div style='margin-bottom: 30px;'>\n<h3 style='font-size: 22px; border-bottom: 2px solid currentColor; padding-bottom: 5px; margin-top: 0; color: inherit; opacity: 0.8;'>Especificaciones T\u00e9cnicas<\/h3>\n<ul style='padding-left: 20px; font-size: 15px; color: inherit; list-style-type: disc;'>\n<li style='margin-bottom: 5px; color: inherit;'><strong>Altura:<\/strong> 78.37 pulgadas \/ 1991 mm<\/li>\n<li style='margin-bottom: 5px; color: inherit;'><strong>Ancho:<\/strong> 23.94 pulgadas\/608 mm<\/li>\n<li style='margin-bottom: 5px; color: inherit;'><strong>Profundidad:<\/strong> 39.34 pulgadas\/999 mm<\/li>\n<li style='margin-bottom: 5px; color: inherit;'><strong>Material:<\/strong> acero<\/li>\n<li style='margin-bottom: 5px; color: inherit;'><strong>Unidades de bastidor:<\/strong> 42<\/li>\n<li style='margin-bottom: 5px; color: inherit;'><strong>Paneles laterales:<\/strong> Incluidos<\/li>\n<li style='margin-bottom: 5px; color: inherit;'><strong>\u00c1ngulo de bastidor adicional&comma; orificio cuadrado:<\/strong> PRA1920THL1<\/li>\n<li style='margin-bottom: 5px; color: inherit;'><strong>Color:<\/strong> Negro<\/li>\n<li style='margin-bottom: 5px; color: inherit;'><strong>C\u00f3digo de color:<\/strong> RAL 9005<\/li>\n<li style='margin-bottom: 5px; color: inherit;'><strong>Acabado:<\/strong> Recubierto en polvo<\/li>\n<li style='margin-bottom: 5px; color: inherit;'><strong>Espesor:<\/strong> calibre 16 \/ 1.52 mm<\/li>\n<li style='margin-bottom: 5px; color: inherit;'><strong>Peso:<\/strong> 331 lb (150.1 kg)<\/li>\n<\/ul><\/div>\n<\/p><\/div>\n","protected":false},"excerpt":{"rendered":"<p>Gabinete de Telecomunicaciones ProLine FloTek PC, 600 mm de Ancho, 1000 mm de Profundidad, 42 UR, Color Negro<\/p>\n","protected":false},"featured_media":61558,"comment_status":"open","ping_status":"closed","template":"","meta":[],"product_brand":[],"product_cat":[623],"product_tag":[698,624,605],"class_list":{"0":"post-61559","1":"product","2":"type-product","3":"status-publish","4":"has-post-thumbnail","6":"product_cat-racks-cerrados","7":"product_tag-hoffman","8":"product_tag-racks-cerrados","9":"product_tag-racks-y-gabinetes","11":"first","12":"instock","13":"sale","14":"shipping-taxable","15":"purchasable","16":"product-type-simple"},"_links":{"self":[{"href":"https:\/\/soydeaqui.ddns.net\/pachuca\/index.php\/wp-json\/wp\/v2\/product\/61559","targetHints":{"allow":["GET"]}}],"collection":[{"href":"https:\/\/soydeaqui.ddns.net\/pachuca\/index.php\/wp-json\/wp\/v2\/product"}],"about":[{"href":"https:\/\/soydeaqui.ddns.net\/pachuca\/index.php\/wp-json\/wp\/v2\/types\/product"}],"replies":[{"embeddable":true,"href":"https:\/\/soydeaqui.ddns.net\/pachuca\/index.php\/wp-json\/wp\/v2\/comments?post=61559"}],"wp:featuredmedia":[{"embeddable":true,"href":"https:\/\/soydeaqui.ddns.net\/pachuca\/index.php\/wp-json\/wp\/v2\/media\/61558"}],"wp:attachment":[{"href":"https:\/\/soydeaqui.ddns.net\/pachuca\/index.php\/wp-json\/wp\/v2\/media?parent=61559"}],"wp:term":[{"taxonomy":"product_brand","embeddable":true,"href":"https:\/\/soydeaqui.ddns.net\/pachuca\/index.php\/wp-json\/wp\/v2\/product_brand?post=61559"},{"taxonomy":"product_cat","embeddable":true,"href":"https:\/\/soydeaqui.ddns.net\/pachuca\/index.php\/wp-json\/wp\/v2\/product_cat?post=61559"},{"taxonomy":"product_tag","embeddable":true,"href":"https:\/\/soydeaqui.ddns.net\/pachuca\/index.php\/wp-json\/wp\/v2\/product_tag?post=61559"}],"curies":[{"name":"wp","href":"https:\/\/api.w.org\/{rel}","templated":true}]}}